-- http://www.phpmyadmin.net
-- 
-- 
-- Database: `sonido_interno`
-- 

-- --------------------------------------------------------

-- 
-- Table structure for table `jos_banner`
-- 

CREATE TABLE `jos_banner` (
  `bid` int(11) NOT NULL auto_increment,
  `cid` int(11) NOT NULL default '0',
  `type` varchar(10) NOT NULL default 'banner',
  `name` varchar(50) NOT NULL default '',
  `imptotal` int(11) NOT NULL default '0',
  `impmade` int(11) NOT NULL default '0',
  `clicks` int(11) NOT NULL default '0',
  `imageurl` varchar(100) NOT NULL default '',
  `clickurl` varchar(200) NOT NULL default '',
  `date` datetime default NULL,
  `showBanner` tinyint(1) NOT NULL default '0',
  `checked_out` tinyint(1) NOT NULL default '0',
  `checked_out_time` datetime NOT NULL default '0000-00-00 00:00:00',
  `editor` varchar(50) default NULL,
  `custombannercode` text,
  PRIMARY KEY  (`bid`),
  KEY `viewbanner` (`showBanner`)
) ENGINE=MyISAM DEFAULT CHARSET=latin1 AUTO_INCREMENT=1 ;

-- 
-- Dumping data for table `jos_banner`
-- 


-- --------------------------------------------------------

-- 
-- Table structure for table `jos_bannerclient`
-- 

CREATE TABLE `jos_bannerclient` (
  `cid` int(11) NOT NULL auto_increment,
  `name` varchar(60) NOT NULL default '',
  `contact` varchar(60) NOT NULL default '',
  `email` varchar(60) NOT NULL default '',
  `extrainfo` text NOT NULL,
  `checked_out` tinyint(1) NOT NULL default '0',
  `checked_out_time` time default NULL,
  `editor` varchar(50) default NULL,
  PRIMARY KEY  (`cid`)
) ENGINE=MyISAM DEFAULT CHARSET=latin1 AUTO_INCREMENT=1 ;

-- 
-- Dumping data for table `jos_bannerclient`
-- 


-- --------------------------------------------------------

-- 
-- Table structure for table `jos_bannerfinish`
-- 

CREATE TABLE `jos_bannerfinish` (
  `bid` int(11) NOT NULL auto_increment,
  `cid` int(11) NOT NULL default '0',
  `type` varchar(10) NOT NULL default '',
  `name` varchar(50) NOT NULL default '',
  `impressions` int(11) NOT NULL default '0',
  `clicks` int(11) NOT NULL default '0',
  `imageurl` varchar(50) NOT NULL default '',
  `datestart` datetime default NULL,
  `dateend` datetime default NULL,
  PRIMARY KEY  (`bid`)
) ENGINE=MyISAM DEFAULT CHARSET=latin1 AUTO_INCREMENT=1 ;

-- 
-- Dumping data for table `jos_bannerfinish`
-- 


-- --------------------------------------------------------

-- 
-- Table structure for table `jos_categories`
-- 

CREATE TABLE `jos_categories` (
  `id` int(11) NOT NULL auto_increment,
  `parent_id` int(11) NOT NULL default '0',
  `title` varchar(50) NOT NULL default '',
  `name` varchar(255) NOT NULL default '',
  `image` varchar(100) NOT NULL default '',
  `section` varchar(50) NOT NULL default '',
  `image_position` varchar(10) NOT NULL default '',
  `description` text NOT NULL,
  `published` tinyint(1) NOT NULL default '0',
  `checked_out` int(11) unsigned NOT NULL default '0',
  `checked_out_time` datetime NOT NULL default '0000-00-00 00:00:00',
  `editor` varchar(50) default NULL,
  `ordering` int(11) NOT NULL default '0',
  `access` tinyint(3) unsigned NOT NULL default '0',
  `count` int(11) NOT NULL default '0',
  `params` text NOT NULL,
  PRIMARY KEY  (`id`),
  KEY `cat_idx` (`section`,`published`,`access`),
  KEY `idx_section` (`section`),
  KEY `idx_access` (`access`),
  KEY `idx_checkout` (`checked_out`)
) ENGINE=MyISAM AUTO_INCREMENT=16 DEFAULT CHARSET=latin1 AUTO_INCREMENT=16 ;

-- 
-- Dumping data for table `jos_categories`
-- 

INSERT INTO `jos_categories` (`id`, `parent_id`, `title`, `name`, `image`, `section`, `image_position`, `description`, `published`, `checked_out`, `checked_out_time`, `editor`, `ordering`, `access`, `count`, `params`) VALUES (1, 0, 'Almacenes de Cadena', 'Almacenes de Cadena', '', '1', 'left', '', 1, 0, '0000-00-00 00:00:00', NULL, 4, 0, 0, 'imagefolders=*2*'),
(2, 0, 'Centros Comerciales', 'Centros Comerciales', '', '1', 'left', '', 1, 0, '0000-00-00 00:00:00', NULL, 3, 0, 0, 'imagefolders=*2*'),
(3, 0, 'Restaurantes', 'Restaurantes', '', '1', 'left', '', 1, 0, '0000-00-00 00:00:00', NULL, 2, 0, 0, 'imagefolders=*2*'),
(5, 0, 'Música Ambiental', 'Música Ambiental', '', '2', 'left', '', 1, 0, '0000-00-00 00:00:00', NULL, 4, 0, 0, 'imagefolders=*2*'),
(6, 0, 'Instalaciones de Sonido', 'Instalaciones de Sonido', '', '2', 'left', '', 1, 0, '0000-00-00 00:00:00', NULL, 3, 0, 0, 'imagefolders=*2*'),
(7, 0, 'Producción de Cuñas', 'Producción de Cuñas', '', '2', 'left', '', 1, 0, '0000-00-00 00:00:00', NULL, 2, 0, 0, 'imagefolders=*2*'),
(14, 0, 'Contacts', 'Contacts', '', 'com_contact_details', 'left', '', 1, 0, '0000-00-00 00:00:00', NULL, 1, 0, 0, ''),
(9, 0, 'Nuestra Vocación', 'Nuestra Vocación', '', '3', 'left', '', 1, 0, '0000-00-00 00:00:00', NULL, 3, 0, 0, 'imagefolders=*2*'),
(10, 0, 'Nuestra Ubicación', 'Nuestra Ubicación', '', '3', 'left', '', 1, 0, '0000-00-00 00:00:00', NULL, 2, 0, 0, 'imagefolders=*2*'),
(11, 0, 'Nuestro Perfil', 'Nuestro Perfil', '', '3', 'left', '', 1, 0, '0000-00-00 00:00:00', NULL, 1, 0, 0, 'imagefolders=*2*'),
(12, 0, 'Eventos', 'Eventos', '', '4', 'left', '', 1, 0, '0000-00-00 00:00:00', NULL, 1, 0, 0, 'imagefolders=*2*'),
(15, 0, 'Otros', 'Otros', '', '5', 'left', '', 1, 0, '0000-00-00 00:00:00', NULL, 1, 0, 0, 'imagefolders=*2*');

-- --------------------------------------------------------

-- 
-- Table structure for table `jos_components`
-- 

CREATE TABLE `jos_components` (
  `id` int(11) NOT NULL auto_increment,
  `name` varchar(50) NOT NULL default '',
  `link` varchar(255) NOT NULL default '',
  `menuid` int(11) unsigned NOT NULL default '0',
  `parent` int(11) unsigned NOT NULL default '0',
  `admin_menu_link` varchar(255) NOT NULL default '',
  `admin_menu_alt` varchar(255) NOT NULL default '',
  `option` varchar(50) NOT NULL default '',
  `ordering` int(11) NOT NULL default '0',
  `admin_menu_img` varchar(255) NOT NULL default '',
  `iscore` tinyint(4) NOT NULL default '0',
  `params` text NOT NULL,
  PRIMARY KEY  (`id`)
) ENGINE=MyISAM AUTO_INCREMENT=28 DEFAULT CHARSET=latin1 AUTO_INCREMENT=28 ;

-- 
-- Dumping data for table `jos_components`
-- 

INSERT INTO `jos_components` (`id`, `name`, `link`, `menuid`, `parent`, `admin_menu_link`, `admin_menu_alt`, `option`, `ordering`, `admin_menu_img`, `iscore`, `params`) VALUES (1, 'Banners', '', 0, 0, '', 'Banner Management', 'com_banners', 0, 'js/ThemeOffice/component.png', 0, ''),
(2, 'Manage Banners', '', 0, 1, 'option=com_banners', 'Active Banners', 'com_banners', 1, 'js/ThemeOffice/edit.png', 0, ''),
(3, 'Manage Clients', '', 0, 1, 'option=com_banners&task=listclients', 'Manage Clients', 'com_banners', 2, 'js/ThemeOffice/categories.png', 0, ''),
(4, 'Web Links', 'option=com_weblinks', 0, 0, '', 'Manage Weblinks', 'com_weblinks', 0, 'js/ThemeOffice/globe2.png', 0, ''),
(5, 'Web Link Items', '', 0, 4, 'option=com_weblinks', 'View existing weblinks', 'com_weblinks', 1, 'js/ThemeOffice/edit.png', 0, ''),
(6, 'Web Link Categories', '', 0, 4, 'option=categories&section=com_weblinks', 'Manage weblink categories', '', 2, 'js/ThemeOffice/categories.png', 0, ''),
(7, 'Contacts', 'option=com_contact', 0, 0, '', 'Edit contact details', 'com_contact', 0, 'js/ThemeOffice/user.png', 1, ''),
(8, 'Manage Contacts', '', 0, 7, 'option=com_contact', 'Edit contact details', 'com_contact', 0, 'js/ThemeOffice/edit.png', 1, ''),
(9, 'Contact Categories', '', 0, 7, 'option=categories&section=com_contact_details', 'Manage contact categories', '', 2, 'js/ThemeOffice/categories.png', 1, ''),
(10, 'Front Page', 'option=com_frontpage', 0, 0, '', 'Manage Front Page Items', 'com_frontpage', 0, 'js/ThemeOffice/component.png', 1, ''),
(11, 'Polls', 'option=com_poll', 0, 0, 'option=com_poll', 'Manage Polls', 'com_poll', 0, 'js/ThemeOffice/component.png', 0, ''),
(12, 'News Feeds', 'option=com_newsfeeds', 0, 0, '', 'News Feeds Management', 'com_newsfeeds', 0, 'js/ThemeOffice/component.png', 0, ''),
(13, 'Manage News Feeds', '', 0, 12, 'option=com_newsfeeds', 'Manage News Feeds', 'com_newsfeeds', 1, 'js/ThemeOffice/edit.png', 0, ''),
(14, 'Manage Categories', '', 0, 12, 'option=com_categories&section=com_newsfeeds', 'Manage Categories', '', 2, 'js/ThemeOffice/categories.png', 0, ''),
(15, 'Login', 'option=com_login', 0, 0, '', '', 'com_login', 0, '', 1, ''),
(16, 'Search', 'option=com_search', 0, 0, '', '', 'com_search', 0, '', 1, ''),
(17, 'Syndicate', '', 0, 0, 'option=com_syndicate&hidemainmenu=1', 'Manage Syndication Settings', 'com_syndicate', 0, 'js/ThemeOffice/component.png', 0, ''),
(18, 'Mass Mail', '', 0, 0, 'option=com_massmail&hidemainmenu=1', 'Send Mass Mail', 'com_massmail', 0, 'js/ThemeOffice/mass_email.png', 0, ''),
(19, 'WATicketSystem', 'option=com_waticketsystem', 0, 0, 'option=com_waticketsystem', 'WATicketSystem', 'com_waticketsystem', 0, '../components/com_waticketsystem/images/mdn_ticket1616.gif', 0, ''),
(20, 'Configure', '', 0, 19, 'option=com_waticketsystem&act=configure', 'Configure', 'com_waticketsystem', 0, 'js/ThemeOffice/config.png', 0, ''),
(21, 'CSS', '', 0, 19, 'option=com_waticketsystem&act=css', 'CSS', 'com_waticketsystem', 1, 'js/ThemeOffice/menus.png', 0, ''),
(22, 'User Manager', '', 0, 19, 'option=com_waticketsystem&act=user', 'User Manager', 'com_waticketsystem', 2, 'js/ThemeOffice/users.png', 0, ''),
(23, 'Rites Manager', '', 0, 19, 'option=com_waticketsystem&act=rites', 'Rites Manager', 'com_waticketsystem', 3, 'js/ThemeOffice/globe3.png', 0, ''),
(24, 'Category Manager', '', 0, 19, 'option=com_waticketsystem&act=category', 'Category Manager', 'com_waticketsystem', 4, 'js/ThemeOffice/add_section.png', 0, ''),
(25, 'Ticket Viewer', '', 0, 19, 'option=com_waticketsystem&act=ticket', 'Ticket Viewer', 'com_waticketsystem', 5, '../components/com_waticketsystem/images/mdn_ticket1616.gif', 0, ''),
(26, 'Database Maintenance', '', 0, 19, 'option=com_waticketsystem&act=database', 'Database Maintenance', 'com_waticketsystem', 6, 'js/ThemeOffice/sysinfo.png', 0, ''),
(27, 'About', '', 0, 19, 'option=com_waticketsystem&act=about', 'About', 'com_waticketsystem', 7, 'js/ThemeOffice/controlpanel.png', 0, '');

-- --------------------------------------------------------

-- 
-- Table structure for table `jos_contact_details`
-- 

CREATE TABLE `jos_contact_details` (
  `id` int(11) NOT NULL auto_increment,
  `name` varchar(100) NOT NULL default '',
  `con_position` varchar(50) default NULL,
  `address` text,
  `suburb` varchar(50) default NULL,
  `state` varchar(20) default NULL,
  `country` varchar(50) default NULL,
  `postcode` varchar(10) default NULL,
  `telephone` varchar(25) default NULL,
  `fax` varchar(25) default NULL,
  `misc` mediumtext,
  `image` varchar(100) default NULL,
  `imagepos` varchar(20) default NULL,
  `email_to` varchar(100) default NULL,
  `default_con` tinyint(1) unsigned NOT NULL default '0',
  `published` tinyint(1) unsigned NOT NULL default '0',
  `checked_out` int(11) unsigned NOT NULL default '0',
  `checked_out_time` datetime NOT NULL default '0000-00-00 00:00:00',
  `ordering` int(11) NOT NULL default '0',
  `params` text NOT NULL,
  `user_id` int(11) NOT NULL default '0',
  `catid` int(11) NOT NULL default '0',
  `access` tinyint(3) unsigned NOT NULL default '0',
  PRIMARY KEY  (`id`)
) ENGINE=MyISAM AUTO_INCREMENT=4 DEFAULT CHARSET=latin1 AUTO_INCREMENT=4 ;

-- 
-- Dumping data for table `jos_contact_details`
-- 

INSERT INTO `jos_contact_details` (`id`, `name`, `con_position`, `address`, `suburb`, `state`, `country`, `postcode`, `telephone`, `fax`, `misc`, `image`, `imagepos`, `email_to`, `default_con`, `published`, `checked_out`, `checked_out_time`, `ordering`, `params`, `user_id`, `catid`, `access`) VALUES (3, 'Contacto', '', '', '', '', '', '', '', '', 'Su opinión es muy importante para garantizar una verdadera experiencia con Sonido Interno, con gusto las atenderemos.<br/>\r\n<br/>\r\nHorario de Atención<br/>\r\nLunes a Viernes de 8 am a 6 pm<br/>\r\nSábados de 10 am a 3 pm', '', NULL, 'mensajes@sonidointerno.com', 0, 1, 0, '0000-00-00 00:00:00', 1, 'menu_image=-1\npageclass_sfx=\nprint=\nback_button=\nname=1\nposition=1\nemail=0\nstreet_address=1\nsuburb=1\nstate=1\ncountry=1\npostcode=1\ntelephone=1\nfax=1\nmisc=1\nimage=0\nvcard=0\nemail_description=0\nemail_description_text=\nemail_form=1\nemail_copy=0\ndrop_down=0\ncontact_icons=1\nicon_address=\nicon_email=\nicon_telephone=\nicon_fax=\nicon_misc=', 0, 14, 0);

-- --------------------------------------------------------

-- 
-- Table structure for table `jos_content`
-- 

CREATE TABLE `jos_content` (
  `id` int(11) unsigned NOT NULL auto_increment,
  `title` varchar(100) NOT NULL default '',
  `title_alias` varchar(100) NOT NULL default '',
  `introtext` mediumtext NOT NULL,
  `fulltext` mediumtext NOT NULL,
  `state` tinyint(3) NOT NULL default '0',
  `sectionid` int(11) unsigned NOT NULL default '0',
  `mask` int(11) unsigned NOT NULL default '0',
  `catid` int(11) unsigned NOT NULL default '0',
  `created` datetime NOT NULL default '0000-00-00 00:00:00',
  `created_by` int(11) unsigned NOT NULL default '0',
  `created_by_alias` varchar(100) NOT NULL default '',
  `modified` datetime NOT NULL default '0000-00-00 00:00:00',
  `modified_by` int(11) unsigned NOT NULL default '0',
  `checked_out` int(11) unsigned NOT NULL default '0',
  `checked_out_time` datetime NOT NULL default '0000-00-00 00:00:00',
  `publish_up` datetime NOT NULL default '0000-00-00 00:00:00',
  `publish_down` datetime NOT NULL default '0000-00-00 00:00:00',
  `images` text NOT NULL,
  `urls` text NOT NULL,
  `attribs` text NOT NULL,
  `version` int(11) unsigned NOT NULL default '1',
  `parentid` int(11) unsigned NOT NULL default '0',
  `ordering` int(11) NOT NULL default '0',
  `metakey` text NOT NULL,
  `metadesc` text NOT NULL,
  `access` int(11) unsigned NOT NULL default '0',
  `hits` int(11) unsigned NOT NULL default '0',
  PRIMARY KEY  (`id`),
  KEY `idx_section` (`sectionid`),
  KEY `idx_access` (`access`),
  KEY `idx_checkout` (`checked_out`),
  KEY `idx_state` (`state`),
  KEY `idx_catid` (`catid`),
  KEY `idx_mask` (`mask`)
) ENGINE=MyISAM AUTO_INCREMENT=54 DEFAULT CHARSET=latin1 AUTO_INCREMENT=54 ;

-- 
-- Dumping data for table `jos_content`
-- 

INSERT INTO `jos_content` (`id`, `title`, `title_alias`, `introtext`, `fulltext`, `state`, `sectionid`, `mask`, `catid`, `created`, `created_by`, `created_by_alias`, `modified`, `modified_by`, `checked_out`, `checked_out_time`, `publish_up`, `publish_down`, `images`, `urls`, `attribs`, `version`, `parentid`, `ordering`, `metakey`, `metadesc`, `access`, `hits`) VALUES (1, 'Juan Valdez', 'Juan Valdez', '<p align="justify">Somos la segunda cadena de tiendas de caf&eacute; m&aacute;s importante del mundo.&nbsp;</p><p align="justify">Podr&aacute; encontrarnos en centros comerciales, restaurantes y en los m&aacute;s importantes cadenas de supermercados del pa&iacute;s. </p><p align="justify">&nbsp;</p><p>&nbsp;</p>', '', 1, 1, 0, 3, '2007-12-17 14:22:52', 62, '', '2007-12-20 11:27:23', 62, 0, '0000-00-00 00:00:00', '2007-12-17 14:21:14', '0000-00-00 00:00:00', '', '', 'pageclass_sfx=\nback_button=\nitem_title=1\nlink_titles=\nintrotext=1\nsection=0\nsection_link=0\ncategory=0\ncategory_link=0\nrating=\nauthor=\ncreatedate=\nmodifydate=\npdf=\nprint=\nemail=\nkeyref=\ndocbook_type=', 2, 0, 3, '', '', 0, 7),
(2, 'Instalación de Sonido', 'Instalación de Sonido', '<p align="justify">INSTALACION DE EQUIPOS DE SONIDO</p><div align="justify"><ul><li>Contamos con lo &uacute;ltimo en tecnolog&iacute;a, para que su evento o reuni&oacute;n sean una gran experiencia.</li><li>M&aacute;s de 5 a&ntilde;os de experiencia en Colombia nos acreditan como una empresa lider, innovadora y poseedora de un gran potencial humano.</li><li> El sonido con el que trabajamos respeta el nivel de intensidad de sonido permitido por las autoridades ambientales.</li><li>Disponemos de la m&uacute;sica m&aacute;s suave, tranquila y relajante del mundo.</li></ul></div><p align="justify">&nbsp;</p><p align="justify">&nbsp;</p>', '', 0, 2, 0, 6, '2007-12-17 17:07:57', 62, '', '2007-12-20 10:11:07', 62, 0, '0000-00-00 00:00:00', '2007-12-17 17:03:26', '0000-00-00 00:00:00', '', '', 'pageclass_sfx=\nback_button=\nitem_title=1\nlink_titles=\nintrotext=1\nsection=0\nsection_link=0\ncategory=0\ncategory_link=0\nrating=\nauthor=\ncreatedate=\nmodifydate=\npdf=\nprint=\nemail=\nkeyref=\ndocbook_type=', 2, 0, 0, '', '', 0, 1),
(3, 'Música Ambiental', 'Música Ambiental', '<div align="justify">La m&uacute;sica ambiental es aquella que siendo necesaria pudiera</div><div align="justify">no ser usada sin que ello impida el normal desarrollo de una </div><div align="justify">actividad normal. &nbsp;</div><div align="justify">&nbsp;</div><div align="justify">Por ejemplo, esta m&uacute;sica es utilizada para ambientar o armonizar</div><div align="justify">un espacio general, como carros publicitarios, ferias, actividades en</div><div align="justify">lugares abiertos (ferias) o cerrados (centros comerciales, etc).&nbsp;</div>', '', -2, 2, 0, 5, '2007-12-17 17:40:54', 62, '', '2007-12-26 08:30:38', 62, 0, '0000-00-00 00:00:00', '2007-12-17 17:08:26', '0000-00-00 00:00:00', '', '', 'pageclass_sfx=\nback_button=\nitem_title=1\nlink_titles=\nintrotext=1\nsection=0\nsection_link=0\ncategory=0\ncategory_link=0\nrating=\nauthor=\ncreatedate=\nmodifydate=\npdf=\nprint=\nemail=\nkeyref=\ndocbook_type=', 2, 0, 0, '', '', 0, 0),
(4, 'Sonido Interno Es', 'Sonido Interno Es', '<div align="justify"><table border="0" width="100%" align="center"><tbody><tr><td align="center"><img src="images/sonidointerno/musica.jpg" alt=" " width="150" height="150" /></td><td align="center"><img src="images/sonidointerno/tecnologia.jpg" alt=" " width="150" height="150" /></td><td align="center"><img src="images/sonidointerno/servicio.jpg" alt=" " width="150" height="150" /></td><td align="center"><img src="images/sonidointerno/escucha-hombre-1.jpg" alt=" " width="150" height="150" /></td></tr><tr><td align="center"><img src="images/sonidointerno/musica.png" alt="M&uacute;sica" width="168" height="37" /></td><td align="center"><img src="images/sonidointerno/texto-tecnologia.png" alt="Tecnolog&iacute;a" width="168" height="37" /></td><td align="center"><img src="images/sonidointerno/texto-servicio.png" alt="Servicio" width="168" height="37" /></td><td align="center"><img src="images/sonidointerno/texto-audio.png" alt="Audio" width="168" height="37" /></td></tr></tbody></table><br /><table border="0" class="block"><tbody><tr><td class="left_top">&nbsp;</td><td class="head_back" style="color: #1790d7">Sonido Interno es<br /></td><td class="right_top">&nbsp;</td></tr><tr><td class="left">&nbsp;</td><td><p style="color: white"><span>Somos una empresa creada con el prop&oacute;sito de mejorar su entorno, su ambiente. Desde el a&ntilde;o 2000, venimos formando una serie de productos que ofrecen distintas posibilidades de&nbsp;mejorar su negocio.</span></p><p>&nbsp;</p><p class="MsoNormal"><span>Estamos enfocados en apoyar con servicio experiencias dentro de su h&aacute;bitat comercial. Nos define la atenci&oacute;n y&nbsp;entramos en el mercado para servir. Nuestra meta es hacer alcanzar a usted las suyas siendo el medio para expresarse.</span></p><p class="MsoNormal">&nbsp;</p><p class="MsoNormal"><span>Contamos con un equipo de trabajo especializado que diariamente est&aacute; en la b&uacute;squeda de nuevas soluciones para el movimiento del mundo contempor&aacute;neo.&nbsp; Y sobre todo soluciones para usted.</span></p></td><td class="right">&nbsp;</td></tr><tr><td class="left_bottom">&nbsp;</td><td class="bottom">&nbsp;</td><td class="right_bottom">&nbsp;</td></tr></tbody></table></div>', '', 1, 0, 0, 0, '2007-12-20 09:26:34', 63, '', '2008-05-09 22:19:19', 62, 0, '0000-00-00 00:00:00', '2007-12-20 08:57:37', '0000-00-00 00:00:00', '', '', 'menu_image=-1\nitem_title=0\npageclass_sfx=\nback_button=\nrating=\nauthor=\ncreatedate=\nmodifydate=\npdf=\nprint=\nemail=', 1, 0, 0, '', '', 0, 272),
(5, 'Centro Comercial Portal de la 80', 'Centro Comercial Portal de la 80', '<div align="justify">Uno de los centros comerciales m&aacute;s importantes del noroccidente de la capital. Ubicado cerca al Portal de la 80 (Transmilenio) ofrecemos diferentes alternativas de diversi&oacute;n a los visitantes.</div><div align="justify">&nbsp;</div><div align="justify">Respecto al sonido, le ofrecemos m&uacute;sica cl&aacute;sica, arm&oacute;nica, estimulante, rejalante: para que sus compras o ratos de distracci&oacute;n no se tornen aburridos.&nbsp;</div>', '', 1, 1, 0, 2, '2007-12-20 09:34:49', 62, '', '2007-12-20 11:58:33', 0, 0, '0000-00-00 00:00:00', '2007-12-20 09:32:20', '0000-00-00 00:00:00', '', '', 'pageclass_sfx=\nback_button=\nitem_title=1\nlink_titles=\nintrotext=1\nsection=0\nsection_link=0\ncategory=0\ncategory_link=0\nrating=\nauthor=\ncreatedate=\nmodifydate=\npdf=\nprint=\nemail=\nkeyref=\ndocbook_type=', 1, 0, 5, '', '', 0, 3),
(6, 'Música Ambiental mediante Web', 'Música Ambienta mediante Web', '<div align="justify">Con solo tener un dispositivo Wi - Fi podr&aacute; administrar la mejor m&uacute;sica ambiental para su negocio. </div>', '', 1, 4, 0, 12, '2007-12-20 09:40:25', 62, '', '0000-00-00 00:00:00', 0, 0, '0000-00-00 00:00:00', '2007-12-20 09:37:37', '0000-00-00 00:00:00', '', '', 'pageclass_sfx=\nback_button=\nitem_title=1\nlink_titles=\nintrotext=1\nsection=0\nsection_link=0\ncategory=0\ncategory_link=0\nrating=\nauthor=\ncreatedate=\nmodifydate=\npdf=\nprint=\nemail=\nkeyref=\ndocbook_type=', 1, 0, 8, '', '', 0, 4),
(7, 'Pueden los Bares disfrutar de la mejor Música ambiental', 'Pueden los Bares disfrutar lde a mejor Música ambiental', '<div align="justify">Sonido Interno ofrece tambi&eacute;n a peque&ntilde;os bares de la ciudad novedosos y econ&oacute;micos </div><div align="justify">dispositivos para que puedan disfrutar de la mejor m&uacute;sica ambiental del mundo.</div><div align="justify">&nbsp;</div><div align="justify">Conozca como acceder a este servicio.&nbsp;</div>', '', 1, 4, 0, 12, '2007-12-20 09:44:25', 62, '', '2007-12-20 09:45:20', 62, 0, '0000-00-00 00:00:00', '2007-12-20 09:41:59', '0000-00-00 00:00:00', '', '', 'pageclass_sfx=\nback_button=\nitem_title=1\nlink_titles=\nintrotext=1\nsection=0\nsection_link=0\ncategory=0\ncategory_link=0\nrating=\nauthor=\ncreatedate=\nmodifydate=\npdf=\nprint=\nemail=\nkeyref=\ndocbook_type=', 3, 0, 7, '', '', 0, 3),
(8, 'Misión', 'Misión', '<p align="justify">Nuestra misi&oacute;n es ofrecer la mejor tecnolog&iacute;a a nuestros clientes para que ellos puedan ofrecer un mejor servicio: </p><p align="justify">Offrecer la m&uacute;sica m&aacute;s linda, relajante, estimulante y arm&oacute;nica del mundo. </p>', '', -2, 3, 0, 11, '2007-12-20 09:58:40', 62, '', '2007-12-20 10:06:23', 62, 0, '0000-00-00 00:00:00', '2007-12-20 09:49:41', '0000-00-00 00:00:00', '', '', 'pageclass_sfx=\nback_button=\nitem_title=1\nlink_titles=\nintrotext=1\nsection=0\nsection_link=0\ncategory=0\ncategory_link=0\nrating=\nauthor=\ncreatedate=\nmodifydate=\npdf=\nprint=\nemail=\nkeyref=\ndocbook_type=', 2, 0, 0, '', '', 0, 0),
(9, 'Visión', 'Visión', '<div align="justify">Para el a&ntilde;o 2010 Sonido Interno pretende consolidarse como una empresa</div><div align="justify">l&iacute;der en el &aacute;rea de log&iacute;stica de sonido: ser parte integral de cada uno de </div><div align="justify">nuestros clientes: ofrecer siempre la mejor m&uacute;sica del mundo.&nbsp;</div>', '', -2, 3, 0, 11, '2007-12-20 10:05:31', 62, '', '0000-00-00 00:00:00', 0, 0, '0000-00-00 00:00:00', '2007-12-20 10:00:47', '0000-00-00 00:00:00', '', '', 'pageclass_sfx=\nback_button=\nitem_title=1\nlink_titles=\nintrotext=1\nsection=0\nsection_link=0\ncategory=0\ncategory_link=0\nrating=\nauthor=\ncreatedate=\nmodifydate=\npdf=\nprint=\nemail=\nkeyref=\ndocbook_type=', 1, 0, 0, '', '', 0, 0),
(10, 'Nuestra Ubicación', 'Nuestra Ubicación', '<div align="justify">Sonido Interno siempre le abre las puertas a su negocio.</div><div align="justify">&nbsp;</div><div align="justify">Puede ubicarnos en:</div><div align="justify">&nbsp;</div><div align="justify">&nbsp;&nbsp;&nbsp; &nbsp;&nbsp;&nbsp; Bogot&aacute; - Carrera 91 No. 8 - 12</div><div align="justify">&nbsp;&nbsp;&nbsp;&nbsp; &nbsp;&nbsp;&nbsp; &nbsp;&nbsp;&nbsp; &nbsp;&nbsp;&nbsp; &nbsp;&nbsp;&nbsp;  Tel. 57 + 1 + 342 23 23</div><div align="justify">&nbsp;&nbsp;&nbsp; &nbsp;&nbsp; &nbsp;&nbsp;&nbsp;  &nbsp;&nbsp;  &nbsp;&nbsp;  &nbsp;&nbsp;&nbsp; Contacto:&nbsp;</div><div align="justify">&nbsp;&nbsp;&nbsp; &nbsp;&nbsp; &nbsp;&nbsp;&nbsp;  &nbsp;&nbsp;  &nbsp;&nbsp;  &nbsp;&nbsp;&nbsp;  Correo Electr&oacute;nico: gfeprueba@gfenet.com</div><div align="justify">&nbsp;<div align="justify">&nbsp;&nbsp;&nbsp; &nbsp;&nbsp;&nbsp; Cali&nbsp;&nbsp;&nbsp;&nbsp; - Avenida 79 No. 23 - 312<br /></div><div align="justify">&nbsp;&nbsp;&nbsp;&nbsp; &nbsp;&nbsp;&nbsp; &nbsp;&nbsp;&nbsp; &nbsp;&nbsp;&nbsp; &nbsp;&nbsp;&nbsp;  Tel. 57 + 2 + 981221</div> <div align="justify">&nbsp;&nbsp;&nbsp; &nbsp;&nbsp; &nbsp;&nbsp;&nbsp;  &nbsp;&nbsp;  &nbsp;&nbsp;  &nbsp;&nbsp;&nbsp; Contacto:&nbsp;</div> <div align="justify">&nbsp;&nbsp;&nbsp; &nbsp;&nbsp; &nbsp;&nbsp;&nbsp;  &nbsp;&nbsp;  &nbsp;&nbsp;  &nbsp;&nbsp;&nbsp;  Correo Electr&oacute;nico: gfeprueba@gfenet.com</div> </div>', '', 1, 3, 0, 10, '2007-12-20 10:09:32', 62, '', '0000-00-00 00:00:00', 0, 0, '0000-00-00 00:00:00', '2007-12-20 10:07:03', '0000-00-00 00:00:00', '', '', 'pageclass_sfx=\nback_button=\nitem_title=1\nlink_titles=\nintrotext=1\nsection=0\nsection_link=0\ncategory=0\ncategory_link=0\nrating=\nauthor=\ncreatedate=\nmodifydate=\npdf=\nprint=\nemail=\nkeyref=\ndocbook_type=', 1, 0, 1, '', '', 0, 0),
(11, 'Altavoces', 'Altavoces', '<div align="justify">Los altavoces permiten distribuir el sonido por diferentes zonas de un </div><div align="justify">determinado lugar. Tenemos altavoces que reproducen sonido desde </div><div align="justify">2 DB hasta 40 DB.</div><div align="justify">&nbsp;</div><div align="justify">En Sonido Interno contamos con personas experimentadas que le</div><div align="justify">dar&aacute;n una mayor orientaci&oacute;n para que sus eventos sean muy </div><div align="justify">exitosos.</div><div align="justify">&nbsp;</div><div align="justify">Tenemos altavoces de &uacute;ltima generaci&oacute;n, como:</div><div align="justify">&nbsp;</div><div align="justify">&nbsp;&nbsp;&nbsp; - Zenith 3434 - 12.</div><div align="justify">&nbsp;&nbsp;&nbsp; - Crown ZX 2323 - V. 2.</div><div align="justify">&nbsp;&nbsp;&nbsp; - Samsumg 323XS3.</div><div align="justify">&nbsp;&nbsp;&nbsp; - Motorola 23 No. 2323 - 3SDFGF.&nbsp; </div>', '', 1, 2, 0, 6, '2007-12-20 10:14:24', 62, '', '0000-00-00 00:00:00', 0, 0, '0000-00-00 00:00:00', '2007-12-20 10:11:09', '0000-00-00 00:00:00', '', '', 'pageclass_sfx=\nback_button=\nitem_title=1\nlink_titles=\nintrotext=1\nsection=0\nsection_link=0\ncategory=0\ncategory_link=0\nrating=\nauthor=\ncreatedate=\nmodifydate=\npdf=\nprint=\nemail=\nkeyref=\ndocbook_type=', 1, 0, 6, '', '', 0, 2),
(12, 'Identificación de Servicios', 'Identificación de Servicios', '<div align="justify">Para nosotros, lo m&aacute;s importantes es brindarle a nuestros clientes</div><div align="justify">un mejor servicio: pero como cada cliente tiene diferentes gustos,</div><div align="justify">en Sonido Interno siempre prestamos una mayor prioridad a cada</div><div align="justify">cliente mediante citas telef&oacute;nicas, citas presenciales y reuniones</div><div align="justify">para ofrecer un cat&aacute;logo de productos, servicios y tarifas que sean</div><div align="justify">acordes a las necesidades de cada cliente.</div><div align="justify">&nbsp;</div><div align="justify">&nbsp;</div><div align="justify">&nbsp;</div>', '', -2, 2, 0, 6, '2007-12-20 10:36:49', 62, '', '0000-00-00 00:00:00', 0, 0, '0000-00-00 00:00:00', '2007-12-20 10:16:49', '0000-00-00 00:00:00', '', '', 'pageclass_sfx=\nback_button=\nitem_title=1\nlink_titles=\nintrotext=1\nsection=0\nsection_link=0\ncategory=0\ncategory_link=0\nrating=\nauthor=\ncreatedate=\nmodifydate=\npdf=\nprint=\nemail=\nkeyref=\ndocbook_type=', 1, 0, 0, '', '', 0, 1),
(13, 'Micrófonos', 'Micrófonos', '<div align="justify">La calidad de nuestro no solamente se puede apreciar en la m&uacute;sica</div><div align="justify">que se escucha en los centros comerciales o en los restaurantes.&nbsp;</div><div align="justify">&nbsp;</div><div align="justify">Dispositivos de sonido como los micr&oacute;fonos son tan indispensables </div><div align="justify">para el &eacute;xito de un evento, un anuncio o una cu&ntilde;a en cualquier&nbsp;</div><div align="justify">lugar.</div><div align="justify">&nbsp;</div><div align="justify">En Sonido Interno tenemos una amplia gama de micr&oacute;fono que</div><div align="justify">pueden adaptarse a sus especificacaiones, precios y eventos.</div><div align="justify">&nbsp;</div><div align="justify">Algunos micr&oacute;fonos son:</div><div align="justify">&nbsp;</div><div align="justify">&nbsp;&nbsp;&nbsp; - Aiwa 4545 - ERER.</div><div align="justify">&nbsp;&nbsp;&nbsp; - Motorola 334 - VCS.</div><div align="justify">&nbsp;&nbsp;&nbsp; - Kendo ER23.</div><div align="justify">&nbsp;&nbsp;&nbsp; - Sony SDSD - VAIO.&nbsp;</div>', '', 1, 2, 0, 6, '2007-12-20 10:58:47', 62, '', '0000-00-00 00:00:00', 0, 0, '0000-00-00 00:00:00', '2007-12-20 10:42:54', '0000-00-00 00:00:00', '', '', 'pageclass_sfx=\nback_button=\nitem_title=1\nlink_titles=\nintrotext=1\nsection=0\nsection_link=0\ncategory=0\ncategory_link=0\nrating=\nauthor=\ncreatedate=\nmodifydate=\npdf=\nprint=\nemail=\nkeyref=\ndocbook_type=', 1, 0, 4, '', '', 0, 1),
(14, 'Carrefour', 'Carrefour', '<div align="justify">Carrefour es una de las m&aacute;s grandes cadenas de almacenes a nivel mundial.</div><div align="justify">Sonido Interno les ofrece m&uacute;sica ambiental para que cada d&iacute;a miles de usuarios</div><div align="justify">puedan realizar tranquilamente sus compras.</div><div align="justify">&nbsp;</div><div align="justify">Tambi&eacute;n realizamos una gran instalaci&oacute;n de dispositivos de sonido en cada</div><div align="justify">almac&eacute;n que lo requiera, permitiendo de esta forma que cada evento, </div><div align="justify">lanzamiento o campa&ntilde;a sea exitosa.</div><div align="justify">&nbsp;</div><div align="justify">Para conocer mejor esta empresa consulte la p&aacute;gina Web:</div><div align="justify">&nbsp;&nbsp;&nbsp;&nbsp; http://www.carrefour.com.co <br /></div>', '', 1, 1, 0, 1, '2007-12-20 11:09:50', 62, '', '2007-12-20 11:27:28', 0, 0, '0000-00-00 00:00:00', '2007-12-20 11:03:13', '0000-00-00 00:00:00', '', '', 'pageclass_sfx=\nback_button=\nitem_title=1\nlink_titles=\nintrotext=1\nsection=0\nsection_link=0\ncategory=0\ncategory_link=0\nrating=\nauthor=\ncreatedate=\nmodifydate=\npdf=\nprint=\nemail=\nkeyref=\ndocbook_type=', 1, 0, 4, '', '', 0, 4),
(15, 'Almacenes éxito', 'Almacenes éxito', '<div align="justify">Una de las cadenas de almacenes m&aacute;s importantes del pa&iacute;s.&nbsp;</div><div align="justify">Con m&aacute;s de 80 a&ntilde;os de experiencia, esta cadena tiene como</div><div align="justify">prioridad ofrecer los mejores productos de consumo a un</div><div align="justify">menor precio.</div><div align="justify">&nbsp;</div><div align="justify">Sonido Interno tambi&eacute;n les ofrece una completa infraestructura</div><div align="justify">tecnol&oacute;gica y un excelente capital humano para ofrecer la mejor</div><div align="justify">log&iacute;stica sonora de cada evento.</div><div align="justify">&nbsp;</div><div align="justify">Conozca m&aacute;s de esta empresa en:</div><div align="justify">&nbsp;&nbsp;&nbsp; &nbsp;&nbsp; - http://www.almacenesexito.com.co <br /></div>', '', 1, 1, 0, 1, '2007-12-20 11:14:37', 62, '', '2007-12-20 11:27:25', 0, 0, '0000-00-00 00:00:00', '2007-12-20 11:11:00', '0000-00-00 00:00:00', '', '', 'pageclass_sfx=\nback_button=\nitem_title=1\nlink_titles=\nintrotext=1\nsection=0\nsection_link=0\ncategory=0\ncategory_link=0\nrating=\nauthor=\ncreatedate=\nmodifydate=\npdf=\nprint=\nemail=\nkeyref=\ndocbook_type=', 1, 0, 3, '', '', 0, 5),
(16, 'McDonalds', 'McDonalds', '<div align="justify">Una de las cadenas de comidas r&aacute;pidas m&aacute;s importantes del mundo,</div><div align="justify">con gran presencia en Colombia. Sus productos son novedosos e&nbsp;</div><div align="justify">innovadores: siempre buscan la calidad y un mejor servicio para sus</div><div align="justify">clientes.</div><div align="justify">&nbsp;</div><div align="justify">Para conocer m&aacute;s de esta coma&ntilde;&iacute;a consulte:</div><div align="justify">&nbsp;&nbsp;&nbsp;&nbsp; http://www.mcdonalds.com.co<br /></div>', '', 1, 1, 0, 3, '2007-12-20 11:26:51', 62, '', '2007-12-20 11:58:36', 0, 0, '0000-00-00 00:00:00', '2007-12-20 11:21:02', '0000-00-00 00:00:00', '', '', 'pageclass_sfx=\nback_button=\nitem_title=1\nlink_titles=\nintrotext=1\nsection=0\nsection_link=0\ncategory=0\ncategory_link=0\nrating=\nauthor=\ncreatedate=\nmodifydate=\npdf=\nprint=\nemail=\nkeyref=\ndocbook_type=', 1, 0, 2, '', '', 0, 11),
(17, 'Almacenes de Cadena', 'almacenes-cadena', '<table border="0" class="block"><tbody><tr><td class="left_top">&nbsp;</td><td class="head_back" style="color: #1790d7">Sonido Interno es<br /></td><td class="right_top">&nbsp;</td></tr> <tr><td class="left">&nbsp;</td><td> <ul> <li><div align="justify">&Eacute;xito</div></li> <li><div align="justify">Ley</div></li> <li><div align="justify">Pomona</div></li> <li><div align="justify">Colsubsidio</div></li> <li><div align="justify">Carulla</div></li> <li><div align="justify">Vivero</div></li> <li><div align="justify">Surtimax</div></li> <li><div align="justify">Frescampo</div></li> <li><div align="justify">Homemart</div></li> <li><div align="justify">Falabella</div></li> </ul> </td><td class="right">&nbsp;</td></tr><tr><td class="left_bottom">&nbsp;</td><td class="bottom">&nbsp;</td><td class="right_bottom">&nbsp;</td></tr></tbody></table>', '', 1, 1, 0, 1, '2007-12-20 11:34:48', 62, '', '2008-03-26 19:14:31', 62, 0, '0000-00-00 00:00:00', '2007-12-20 11:29:32', '0000-00-00 00:00:00', '', '', 'pageclass_sfx=\nback_button=\nitem_title=1\nlink_titles=\nintrotext=0\nsection=0\nsection_link=0\ncategory=0\ncategory_link=0\nrating=\nauthor=\ncreatedate=\nmodifydate=\npdf=\nprint=\nemail=\nkeyref=\ndocbook_type=', 5, 0, 2, '', '', 0, 12),
(18, 'Cuñas Radiales', 'Cuñas Radiales', '  <div align="left">  <p class="MsoNormal">var image = new Image(); var Images = new Array(&#39;play.gif&#39;,&#39;pause.gif&#39;); function change(target) { from = (document.images[target].src).lastIndexOf(&quot;/&quot;)+1; imageName = (document.images[target].src).substring(from,(document.images[target].src).length); current = IndexOf(Images,imageName); if (current+1 == Images.length) { current = 0; } else { current++; } image.src = Images[current]; document.images[target].src = image.src; } function IndexOf (haystack,needle) { if (!isIE()) { return haystack.indexOf(needle); } var total = haystack.length; for ( i=0 ; i&lt; total ; i++ ) { if (haystack[i] == needle) { return i; } } return -1; } function isIE() { var userAgent = navigator.userAgent.toLowerCase(); return (document.all &amp;&amp; userAgent.indexOf(&#39;msie&#39;)!=-1); } </p>  <table border="0" cellspacing="0" cellpadding="0" width="447" class="MsoNormalTable" style="background: black none repeat scroll 0% 50%; width: 335.25pt; -moz-background-clip: -moz-initial; -moz-background-origin: -moz-initial; -moz-background-inline-policy: -moz-initial">  <tbody><tr>   <td width="167" style="padding: 0cm; width: 125.25pt">   <p style="text-align: center" class="MsoNormal" align="center"><span class="estilo51"><strong>Nombre del Cliente </strong></span><strong></strong></p>   </td>   <td width="29" style="padding: 0cm; width: 21.75pt">   <p style="text-align: center" class="MsoNormal" align="center"><span class="estilo44"><strong>|</strong></span><strong></strong></p>   </td>   <td width="251" style="padding: 0cm; width: 188.25pt">   <p class="MsoNormal"><strong>Hist&oacute;rico</strong></p>   </td>  </tr>  <tr>   <td style="padding: 0cm">   <p style="text-align: center" class="MsoNormal" align="center"><strong>&nbsp;</strong></p>   </td>   <td style="padding: 0cm">   <p style="text-align: center" class="MsoNormal" align="center"><strong>&nbsp;</strong></p>   </td>   <td style="padding: 0cm">   <p style="text-align: center" class="MsoNormal" align="center"><strong>&nbsp;</strong></p>   </td>  </tr> </tbody></table>  <p class="MsoNormal"><span style="display: none">&nbsp;</span></p>  <table border="0" cellspacing="0" cellpadding="0" width="447" class="MsoNormalTable" style="width: 335.25pt">  <tbody><tr>   <td width="110" style="padding: 0cm; background: #0033ff none repeat scroll 0% 50%; width: 82.5pt; -moz-background-clip: -moz-initial; -moz-background-origin: -moz-initial; -moz-background-inline-policy: -moz-initial">   <p style="text-align: center" class="MsoNormal" align="center"><span class="estilo36"><strong>Cliente</strong></span><strong></strong></p>   </td>   <td width="141" style="padding: 0cm; background: #0033ff none repeat scroll 0% 50%; width: 105.75pt; -moz-background-clip: -moz-initial; -moz-background-origin: -moz-initial; -moz-background-inline-policy: -moz-initial">   <p style="text-align: center" class="MsoNormal" align="center"><span class="estilo36"><strong>Referencia</strong></span><strong></strong></p>   </td>   <td width="117" style="padding: 0cm; background: #0033ff none repeat scroll 0% 50%; width: 87.75pt; -moz-background-clip: -moz-initial; -moz-background-origin: -moz-initial; -moz-background-inline-policy: -moz-initial">   <p style="text-align: center" class="MsoNormal" align="center"><span class="estilo36"><strong>Duraci&oacute;n</strong></span><strong></strong></p>   </td>   <td width="79" style="padding: 0cm; background: #0033ff none repeat scroll 0% 50%; width: 59.25pt; -moz-background-clip: -moz-initial; -moz-background-origin: -moz-initial; -moz-background-inline-policy: -moz-initial">   <p style="text-align: center" class="MsoNormal" align="center"><strong>&nbsp;</strong></p>   </td>  </tr>  <tr style="height: 18pt">   <td style="padding: 0cm; background: black none repeat scroll 0% 50%; -moz-background-clip: -moz-initial; -moz-background-origin: -moz-initial; -moz-background-inline-policy: -moz-initial; height: 18pt">   <p class="MsoNormal"><span class="estilo30">Nombre Cliente</span></p>   </td>   <td style="padding: 0cm; background: black none repeat scroll 0% 50%; -moz-background-clip: -moz-initial; -moz-background-origin: -moz-initial; -moz-background-inline-policy: -moz-initial; height: 18pt">   <p class="MsoNormal"><span class="estilo30">Nombre Referencia</span></p>   </td>   <td style="padding: 0cm; background: black none repeat scroll 0% 50%; -moz-background-clip: -moz-initial; -moz-background-origin: -moz-initial; -moz-background-inline-policy: -moz-initial; height: 18pt"><pre>Duraci&oacute;n: 00&quot; <br /><br />G&eacute;nero</pre></td>   <td style="padding: 0cm; background: black none repeat scroll 0% 50%; -moz-background-clip: -moz-initial; -moz-background-origin: -moz-initial; -moz-background-inline-policy: -moz-initial; height: 18pt">   <p style="text-align: center" class="MsoNormal" align="center"><!--[if gte vml 1]><v:shapetype    id="_x0000_t75" coordsize="21600,21600" o:spt="75" o:preferrelative="t"    path="m@4@5l@4@11@9@11@9@5xe" filled="f" stroked="f">    <v:stroke joinstyle="miter"/>    <v:formulas>     <v:f eqn="if lineDrawn pixelLineWidth 0"/>     <v:f eqn="sum @0 1 0"/>     <v:f eqn="sum 0 0 @1"/>     <v:f eqn="prod @2 1 2"/>     <v:f eqn="prod @3 21600 pixelWidth"/>     <v:f eqn="prod @3 21600 pixelHeight"/>     <v:f eqn="sum @0 0 1"/>     <v:f eqn="prod @6 1 2"/>     <v:f eqn="prod @7 21600 pixelWidth"/>     <v:f eqn="sum @8 21600 0"/>     <v:f eqn="prod @7 21600 pixelHeight"/>     <v:f eqn="sum @10 21600 0"/>    </v:formulas>    <v:path o:extrusionok="f" gradientshapeok="t" o:connecttype="rect"/>    <o:lock v:ext="edit" aspectratio="t"/>   </v:shapetype><v:shape id="Imagen" o:spid="_x0000_i1025" type="#_x0000_t75"    alt="" style=''width:24pt;height:24pt''/><![endif]--><!--[if !vml]--><img src="play.gif" alt="" width="32" height="32" /><!--[endif]--></p>   </td>  </tr>  <tr>   <td style="padding: 0cm; background: black none repeat scroll 0% 50%; -moz-background-clip: -moz-initial; -moz-background-origin: -moz-initial; -moz-background-inline-policy: -moz-initial">   <p class="MsoNormal"><span class="estilo30">Nombre Cliente</span></p>   </td>   <td style="padding: 0cm; background: black none repeat scroll 0% 50%; -moz-background-clip: -moz-initial; -moz-background-origin: -moz-initial; -moz-background-inline-policy: -moz-initial">   <p class="MsoNormal"><span class="estilo30">Nombre Referencia</span></p>   </td>   <td style="padding: 0cm; background: black none repeat scroll 0% 50%; -moz-background-clip: -moz-initial; -moz-background-origin: -moz-initial; -moz-background-inline-policy: -moz-initial"><pre>Duraci&oacute;n: 00&quot; <br /><br />G&eacute;nero</pre></td>   <td style="padding: 0cm; background: black none repeat scroll 0% 50%; -moz-background-clip: -moz-initial; -moz-background-origin: -moz-initial; -moz-background-inline-policy: -moz-initial">   <p style="text-align: center" class="MsoNormal" align="center"><!--[if gte vml 1]><v:shape    id="Imagen2" o:spid="_x0000_i1026" type="#_x0000_t75" alt="" style=''width:24pt;    height:24pt''/><![endif]--><!--[if !vml]--><img src="play.gif" alt="" width="32" height="32" /><!--[endif]--></p>   </td>  </tr>  <tr>   <td style="padding: 0cm; background: black none repeat scroll 0% 50%; -moz-background-clip: -moz-initial; -moz-background-origin: -moz-initial; -moz-background-inline-policy: -moz-initial">   <p class="MsoNormal"><span class="estilo30">Nombre Cliente</span></p>   </td>   <td style="padding: 0cm; background: black none repeat scroll 0% 50%; -moz-background-clip: -moz-initial; -moz-background-origin: -moz-initial; -moz-background-inline-policy: -moz-initial">   <p class="MsoNormal"><span class="estilo30">Nombre Referencia</span></p>   </td>   <td style="padding: 0cm; background: black none repeat scroll 0% 50%; -moz-background-clip: -moz-initial; -moz-background-origin: -moz-initial; -moz-background-inline-policy: -moz-initial"><pre>Duraci&oacute;n: 00&quot; <br /><br />G&eacute;nero</pre></td>   <td style="padding: 0cm; background: black none repeat scroll 0% 50%; -moz-background-clip: -moz-initial; -moz-background-origin: -moz-initial; -moz-background-inline-policy: -moz-initial">   <p style="text-align: center" class="MsoNormal" align="center"><!--[if gte vml 1]><v:shape    id="Imagen3" o:spid="_x0000_i1027" type="#_x0000_t75" alt="" style=''width:24pt;    height:24pt''/><![endif]--><!--[if !vml]--><img src="play.gif" alt="" width="32" height="32" /><!--[endif]--></p>   </td>  </tr>  <tr>   <td style="padding: 0cm; background: black none repeat scroll 0% 50%; -moz-background-clip: -moz-initial; -moz-background-origin: -moz-initial; -moz-background-inline-policy: -moz-initial">   <p class="MsoNormal"><span class="estilo30">Nombre Cliente</span></p>   </td>   <td style="padding: 0cm; background: black none repeat scroll 0% 50%; -moz-background-clip: -moz-initial; -moz-background-origin: -moz-initial; -moz-background-inline-policy: -moz-initial">   <p class="MsoNormal"><span class="estilo30">Nombre Referencia</span></p>   </td>   <td style="padding: 0cm; background: black none repeat scroll 0% 50%; -moz-background-clip: -moz-initial; -moz-background-origin: -moz-initial; -moz-background-inline-policy: -moz-initial"><pre>Duraci&oacute;n: 00&quot; <br /><br />G&eacute;nero</pre></td>   <td style="padding: 0cm; background: black none repeat scroll 0% 50%; -moz-background-clip: -moz-initial; -moz-background-origin: -moz-initial; -moz-background-inline-policy: -moz-initial">   <p style="text-align: center" class="MsoNormal" align="center"><!--[if gte vml 1]><v:shape    id="Imagen4" o:spid="_x0000_i1028" type="#_x0000_t75" alt="" style=''width:24pt;    height:24pt''/><![endif]--><!--[if !vml]--><img src="play.gif" alt="" width="32" height="32" /><!--[endif]--></p>   </td>  </tr>  <tr>   <td style="padding: 0cm; background: black none repeat scroll 0% 50%; -moz-background-clip: -moz-initial; -moz-background-origin: -moz-initial; -moz-background-inline-policy: -moz-initial">   <p class="MsoNormal"><span class="estilo30">Nombre Cliente</span></p>   </td>   <td style="padding: 0cm; background: black none repeat scroll 0% 50%; -moz-background-clip: -moz-initial; -moz-background-origin: -moz-initial; -moz-background-inline-policy: -moz-initial">   <p class="MsoNormal"><span class="estilo30">Nombre Referencia</span></p>   </td>   <td style="padding: 0cm; background: black none repeat scroll 0% 50%; -moz-background-clip: -moz-initial; -moz-background-origin: -moz-initial; -moz-background-inline-policy: -moz-initial"><pre>Duraci&oacute;n: 00&quot; <br /><br />G&eacute;nero</pre></td>   <td style="padding: 0cm; background: black none repeat scroll 0% 50%; -moz-background-clip: -moz-initial; -moz-background-origin: -moz-initial; -moz-background-inline-policy: -moz-initial">   <p style="text-align: center" class="MsoNormal" align="center"><!--[if gte vml 1]><v:shape    id="Imagen5" o:spid="_x0000_i1029" type="#_x0000_t75" alt="" style=''width:24pt;    height:24pt''/><![endif]--><!--[if !vml]--><img src="play.gif" alt="" width="32" height="32" /><!--[endif]--></p>   </td>  </tr>  <tr>   <td style="padding: 0cm; background: black none repeat scroll 0% 50%; -moz-background-clip: -moz-initial; -moz-background-origin: -moz-initial; -moz-background-inline-policy: -moz-initial">   <p class="MsoNormal"><span class="estilo30">Nombre Cliente</span></p>   </td>   <td style="padding: 0cm; background: black none repeat scroll 0% 50%; -moz-background-clip: -moz-initial; -moz-background-origin: -moz-initial; -moz-background-inline-policy: -moz-initial">   <p class="MsoNormal"><span class="estilo30">Nombre Referencia</span></p>   </td>   <td style="padding: 0cm; background: black none repeat scroll 0% 50%; -moz-background-clip: -moz-initial; -moz-background-origin: -moz-initial; -moz-background-inline-policy: -moz-initial"><pre>Duraci&oacute;n: 00&quot; <br /><br />G&eacute;nero</pre></td>   <td style="padding: 0cm; background: black none repeat scroll 0% 50%; -moz-background-clip: -moz-initial; -moz-background-origin: -moz-initial; -moz-background-inline-policy: -moz-initial">   <p style="text-align: center" class="MsoNormal" align="center"><!--[if gte vml 1]><v:shape    id="Imagen6" o:spid="_x0000_i1030" type="#_x0000_t75" alt="" style=''width:24pt;    height:24pt''/><![endif]--><!--[if !vml]--><img src="play.gif" alt="" width="32" height="32" /><!--[endif]--></p>   </td>  </tr>  <tr>   <td style="padding: 0cm; background: black none repeat scroll 0% 50%; -moz-background-clip: -moz-initial; -moz-background-origin: -moz-initial; -moz-background-inline-policy: -moz-initial">   <p class="MsoNormal"><span class="estilo30">Nombre Cliente</span></p>   </td>   <td style="padding: 0cm; background: black none repeat scroll 0% 50%; -moz-background-clip: -moz-initial; -moz-background-origin: -moz-initial; -moz-background-inline-policy: -moz-initial">   <p class="MsoNormal"><span class="estilo30">Nombre Referencia</span></p>   </td>   <td style="padding: 0cm; background: black none repeat scroll 0% 50%; -moz-background-clip: -moz-initial; -moz-background-origin: -moz-initial; -moz-background-inline-policy: -moz-initial"><pre>Duraci&oacute;n: 00&quot; <br /><br />G&eacute;nero</pre></td>   <td style="padding: 0cm; background: black none repeat scroll 0% 50%; -moz-background-clip: -moz-initial; -moz-background-origin: -moz-initial; -moz-background-inline-policy: -moz-initial">   <p style="text-align: center" class="MsoNormal" align="center"><!--[if gte vml 1]><v:shape    id="Imagen7" o:spid="_x0000_i1031" type="#_x0000_t75" alt="" style=''width:24pt;    height:24pt''/><![endif]--><!--[if !vml]--><img src="play.gif" alt="" width="32" height="32" /><!--[endif]--></p>   </td>  </tr>  <tr>   <td style="padding: 0cm; background: black none repeat scroll 0% 50%; -moz-background-clip: -moz-initial; -moz-background-origin: -moz-initial; -moz-background-inline-policy: -moz-initial">   <p class="MsoNormal"><span class="estilo30">Nombre Cliente</span></p>   </td>   <td style="padding: 0cm; background: black none repeat scroll 0% 50%; -moz-background-clip: -moz-initial; -moz-background-origin: -moz-initial; -moz-background-inline-policy: -moz-initial">   <p class="MsoNormal"><span class="estilo30">Referencia</span></p>   </td>   <td style="padding: 0cm; background: black none repeat scroll 0% 50%; -moz-background-clip: -moz-initial; -moz-background-origin: -moz-initial; -moz-background-inline-policy: -moz-initial"><pre>Duraci&oacute;n: 00&quot; <br /><br />G&eacute;nero</pre></td>   <td style="padding: 0cm; background: black none repeat scroll 0% 50%; -moz-background-clip: -moz-initial; -moz-background-origin: -moz-initial; -moz-background-inline-policy: -moz-initial">   <p style="text-align: center" class="MsoNormal" align="center"><!--[if gte vml 1]><v:shape    id="Imagen8" o:spid="_x0000_i1032" type="#_x0000_t75" alt="" style=''width:24pt;    height:24pt''/><![endif]--><!--[if !vml]--><img src="play.gif" alt="" width="32" height="32" /><!--[endif]--></p>   </td>  </tr> </tbody></table>  </div><p class="MsoNormal">&nbsp;</p>   <!-- .Estilo30 {color: #FFFFFF; font-family: "Arial Unicode MS"; font-size: 11px; } .Estilo36 {color: #999999; font-family: "Arial Unicode MS"; font-size: 11px; } .Estilo44 {color: #aabdce; font-family: "Arial Unicode MS"; } .Estilo45 {font-size: 12px} .Estilo46 {font-size: 9px} .Estilo49 {font-family: "Arial Unicode MS"; font-size: 10px; color: #aabdce;} .Estilo51 {color: #aabdce; font-family: "Arial Unicode MS"; font-weight: bold; } -->', '', 1, 2, 0, 7, '2007-12-20 11:55:53', 62, '', '2008-03-04 14:26:02', 62, 0, '0000-00-00 00:00:00', '2007-12-20 11:50:11', '0000-00-00 00:00:00', 'play.gif\r\npause.gif', '', 'pageclass_sfx=\nback_button=\nitem_title=1\nlink_titles=\nintrotext=1\nsection=0\nsection_link=0\ncategory=0\ncategory_link=0\nrating=\nauthor=\ncreatedate=\nmodifydate=\npdf=\nprint=\nemail=\nkeyref=\ndocbook_type=', 11, 0, 2, '', '', 0, 0),
(19, 'Centro Comercial Unicentro', 'Centro Comercial Unicentro', '<div align="justify">Centro Comercial que desde 1972 le ofrece a Bogot&aacute; muchas opciones</div><div align="justify">de diversi&oacute;n, compras, descuentos, art&iacute;culos de primera necesidad y </div><div align="justify">art&iacute;culos lujosos. </div><div align="justify">&nbsp;</div><div align="justify">Sonido Interno tiene una gran demanda de este cliente, ya que cada</div><div align="justify">d&iacute;a son muchos los eventos que se llevan a cabo, como:</div><div align="justify">&nbsp;</div><div align="justify">&nbsp;&nbsp;&nbsp; - Halloween.</div><div align="justify">&nbsp;&nbsp;&nbsp; - Navidad.</div><div align="justify">&nbsp;&nbsp;&nbsp; - Aniversarios.</div><div align="justify">&nbsp;&nbsp;&nbsp; - Inauguraciones. <br /></div>', '', 1, 1, 0, 2, '2007-12-20 12:05:57', 62, '', '0000-00-00 00:00:00', 0, 0, '0000-00-00 00:00:00', '2007-12-20 12:00:43', '0000-00-00 00:00:00', '', '', 'pageclass_sfx=\nback_button=\nitem_title=1\nlink_titles=\nintrotext=1\nsection=0\nsection_link=0\ncategory=0\ncategory_link=0\nrating=\nauthor=\ncreatedate=\nmodifydate=\npdf=\nprint=\nemail=\nkeyref=\ndocbook_type=', 1, 0, 4, '', '', 0, 7),
(20, 'Atlantis Plaza', 'Atlantis Plaza', '<div align="justify">El mejor centro comercial de Bogot&aacute;. Ubicado en la</div><div align="justify">conocida y prestigiosa Zona T, este centro se</div><div align="justify">caracteriza por ofrecer a sus clientes todo lo mejor.</div><div align="justify">&nbsp;</div><div align="justify">En este centro se encuentra el prestigio Hard Rock</div><div align="justify">Cafe.&nbsp;</div><div align="justify">&nbsp;</div><div align="justify">Este lugar goza de una excelente arquitectura. &nbsp;</div>', '', 1, 1, 0, 2, '2007-12-20 12:23:43', 62, '', '0000-00-00 00:00:00', 0, 0, '0000-00-00 00:00:00', '2007-12-20 12:16:06', '0000-00-00 00:00:00', '', '', 'pageclass_sfx=\nback_button=\nitem_title=1\nlink_titles=\nintrotext=1\nsection=0\nsection_link=0\ncategory=0\ncategory_link=0\nrating=\nauthor=\ncreatedate=\nmodifydate=\npdf=\nprint=\nemail=\nkeyref=\ndocbook_type=', 1, 0, 3, '', '', 0, 5),
(21, 'Crepes and Wafles', 'Crepes and Wafles', '<div align="justify">Importante restaurante, en el que se pueden deleitar</div><div align="justify">deliciosos platillos tradicionales como:</div><div align="justify">&nbsp;</div><div align="justify">&nbsp;&nbsp;&nbsp; -&nbsp;&nbsp;&nbsp; Crepes.</div><div align="justify">&nbsp;&nbsp;&nbsp; -&nbsp;&nbsp;&nbsp; Waffles.&nbsp;&nbsp;&nbsp;</div><div align="justify">&nbsp;&nbsp;&nbsp; -&nbsp;&nbsp;&nbsp; Caf&eacute;s.</div><div align="justify">&nbsp;</div><div align="justify">Cuenta con muchas sucursales en diferentes sectores</div><div align="justify">de la capital, al igual que en el resto del pa&iacute;s.&nbsp;</div>', '', 1, 1, 0, 3, '2007-12-20 12:30:12', 62, '', '0000-00-00 00:00:00', 0, 0, '0000-00-00 00:00:00', '2007-12-20 12:28:34', '0000-00-00 00:00:00', '', '', 'pageclass_sfx=\nback_button=\nitem_title=1\nlink_titles=\nintrotext=1\nsection=0\nsection_link=0\ncategory=0\ncategory_link=0\nrating=\nauthor=\ncreatedate=\nmodifydate=\npdf=\nprint=\nemail=\nkeyref=\ndocbook_type=', 1, 0, 1, '', '', 0, 10),
(22, 'Rasgos de la Música Ambiental', 'Rasgos de la Música Ambiental', '<div align="justify">Un rasgo com&uacute;n engloba a todos esos escenarios: el p&uacute;blico no puede escaparse de la m&uacute;sica. Aunque cambie de piso, aunque le sobrevengan necesidades en el ascensor, o en el lavabo le seguir&aacute;n esos violines incansables, que desgranan con el mismo descaro a Verdi que a Mick Jagger. Es el reino de Frank Pourcel, de James Last, de Ray Coniff o del aut&oacute;ctono Luis Cobos. El oyente est&aacute; atrapado por todos ellos: es la m&uacute;sica ambiental. </div>', '', 1, 4, 0, 12, '2007-12-20 12:39:14', 62, '', '2007-12-20 12:42:03', 62, 0, '0000-00-00 00:00:00', '2007-12-20 12:32:33', '0000-00-00 00:00:00', '', '', 'pageclass_sfx=\nback_button=\nitem_title=1\nlink_titles=\nintrotext=1\nsection=0\nsection_link=0\ncategory=0\ncategory_link=0\nrating=\nauthor=\ncreatedate=\nmodifydate=\npdf=\nprint=\nemail=\nkeyref=\ndocbook_type=', 2, 0, 5, '', '', 0, 3),
(23, 'Por quéconvivir con Música ambiental', 'Por quéconvivir con Música ambiental', '<p align="justify">&quot;La m&uacute;sica produce una reacci&oacute;n inmediata, airada e incontrolada. No sucede esto con la pintura. El efecto m&aacute;s evidente es el choque generacional padres-hijos. El padre califica la m&uacute;sica de su hijo de superficial, inculta, ruidosa y exige que la quite. Con un cuadro no sucede eso, no le dice que lo quite de la pared, le pide que le diga qu&eacute; significa&quot;. </p>  <p align="justify">&quot;No se puede convivir con una m&uacute;sica inadecuada&quot;, dice Avi&ntilde;&oacute;. Y aqu&iacute; sale el recuerdo de aquel ligue fracasado por culpa de un disco mal escogido; o la jarana colectiva que se organiz&oacute; en un vuelo de Iberia en los albores de este fen&oacute;meno musical. &quot;En los aviones intentamos poner m&uacute;sica seg&uacute;n el destino&quot;, cuentan en su gabinete de relaciones p&uacute;blicas, &quot;. . .mu&ntilde;eiras en Galicia, sardanas en Catalu&ntilde;a, sevillanas en Andaluc&iacute;a. .. as&iacute; que en un vuelo a M&eacute;xico se nos ocurri&oacute; programar rancheras y corridos y los viajeros comenzaron a cantar, hacer ruido y a levantarse de sus asientos... Desde entonces, la m&uacute;sica s&oacute;lo es instrumental&quot;. </p>', '', 1, 4, 0, 12, '2007-12-20 12:41:55', 62, '', '0000-00-00 00:00:00', 0, 0, '0000-00-00 00:00:00', '2007-12-20 12:41:25', '0000-00-00 00:00:00', '', '', 'pageclass_sfx=\nback_button=\nitem_title=1\nlink_titles=\nintrotext=1\nsection=0\nsection_link=0\ncategory=0\ncategory_link=0\nrating=\nauthor=\ncreatedate=\nmodifydate=\npdf=\nprint=\nemail=\nkeyref=\ndocbook_type=', 1, 0, 6, '', '', 0, 2),
(24, 'Equipos Avanzado de Sonido', 'Equipos Avanzado de Sonido', '<div align="justify">Tenemos una lista completa con diferentes equipos de sonido, como son:</div><div align="justify">&nbsp;</div><div align="justify">&nbsp;&nbsp;&nbsp; -&nbsp;&nbsp;  Consolas con reproductores MP3. </div><div align="justify">&nbsp;&nbsp;&nbsp; -&nbsp;&nbsp; Decodificadores de Sonido.<br /></div><div align="justify">&nbsp;&nbsp;&nbsp; -&nbsp;&nbsp; Mezcladores de sonido. </div><div align="justify">&nbsp;&nbsp;&nbsp; -&nbsp;&nbsp; Sintonizadores y Bloqueadores. &nbsp; &nbsp;<br /> </div><div align="justify">&nbsp;&nbsp;&nbsp; -&nbsp;&nbsp; Micr&oacute;fonos </div><div align="justify">&nbsp;</div>', '', 1, 2, 0, 6, '2007-12-20 12:45:01', 62, '', '0000-00-00 00:00:00', 0, 0, '0000-00-00 00:00:00', '2007-12-20 12:42:56', '0000-00-00 00:00:00', '', '', 'pageclass_sfx=\nback_button=\nitem_title=1\nlink_titles=\nintrotext=1\nsection=0\nsection_link=0\ncategory=0\ncategory_link=0\nrating=\nauthor=\ncreatedate=\nmodifydate=\npdf=\nprint=\nemail=\nkeyref=\ndocbook_type=', 1, 0, 3, '', '', 0, 1),
(25, 'Tiempo de Instalación', 'Tiempo de Instalación', '<div align="justify">Sonido Interno le garantiza a sus clientes que las especificaciones de instalaci&oacute;n se llevar&aacute;n</div><div align="justify">a cabo seg&uacute;n la fecha de los eventos o la disposici&oacute;n de espacio en el escenario.</div><div align="justify">&nbsp;</div><div align="justify">Para efectuar a tiempo cada instalaci&oacute;n se disponen de 3 tiempos:</div><div align="justify">&nbsp;</div><div align="justify">&nbsp;&nbsp;&nbsp; - 12 horas si la disposici&oacute;n es inmediata.</div><div align="justify">&nbsp;&nbsp;&nbsp; - 23 horas si se programa con antelaci&oacute;n el evento.</div><div align="justify">&nbsp;&nbsp;&nbsp; - 2 d&iacute;as si el evento se lleva a cabo en diferentes centros comerciales.&nbsp;</div><div align="justify">&nbsp;&nbsp;</div>', '', 1, 2, 0, 6, '2007-12-20 12:48:34', 62, '', '2007-12-26 17:16:09', 62, 0, '0000-00-00 00:00:00', '2007-12-20 12:45:56', '0000-00-00 00:00:00', '', '', 'pageclass_sfx=\nback_button=\nitem_title=1\nlink_titles=\nintrotext=1\nsection=0\nsection_link=0\ncategory=0\ncategory_link=0\nrating=\nauthor=\ncreatedate=\nmodifydate=\npdf=\nprint=\nemail=\nkeyref=\ndocbook_type=', 2, 0, 2, '', '', 0, 1),
(26, 'Hacienda Santa Bárbara', 'Hacienda Santa Bárbara', '<div align="justify">Es el centro comercial m&aacute;s importante de Usaqu&eacute;n.&nbsp;</div><div align="justify">Sonido Interno se encarga de suministrar los siguientes servicios:</div><div align="justify">&nbsp;</div><div align="justify"><ul><li>Montaje de Dispositivos de Sonido en diferentes zonas.</li><li>Sintonizaci&oacute;n y mezcla de canciones.</li><li>M&uacute;sica ambiental.</li></ul></div><div align="justify">Gracias a ello. los clientes de Hacienda Santa B&aacute;rbara siempre </div><div align="justify">disfrutan de sus compras y sus ratos de esparcimiento con la</div><div align="justify">mejor m&uacute;sica.</div><div align="justify">&nbsp;</div><div align="justify">Para conocer m&aacute;s de este centro comercial, ingrese a:</div><div align="justify">&nbsp;&nbsp;&nbsp; http://www.hacienda.com.co&nbsp;</div>', '', -2, 1, 0, 2, '2007-12-21 10:41:24', 62, '', '0000-00-00 00:00:00', 0, 0, '0000-00-00 00:00:00', '2007-12-21 10:38:03', '0000-00-00 00:00:00', '', '', 'pageclass_sfx=\nback_button=\nitem_title=1\nlink_titles=\nintrotext=1\nsection=0\nsection_link=0\ncategory=0\ncategory_link=0\nrating=\nauthor=\ncreatedate=\nmodifydate=\npdf=\nprint=\nemail=\nkeyref=\ndocbook_type=', 1, 0, 0, '', '', 0, 6),
(27, 'Nuevo Servicio Musical - Telefónica', 'Nuevo Servicio Musical - Telefónica', '<div align="justify"><span class="textod">Telef&oacute;nica, a trav&eacute;s de Telef&oacute;nica Negocios, la l&iacute;nea de actividad dedicada a prestar servicios de comunicaciones a pymes, comercios y profesionales, lanz&oacute; hoy &ldquo;Onda Musical&rdquo;, un servicio de m&uacute;sica ambiental destinado a ese segmento de clientes.</span><br /></div><span class="textod"><br /></span><div align="justify"><span class="textod">Esta propuesta est&aacute; disponible para todos aquellos clientes que cuenten con un acceso de banda ancha de Speedy o deseen contratar conjuntamente el alta de la conexi&oacute;n con el servicio de m&uacute;sica ambiental. Telef&oacute;nica Negocios dise&ntilde;&oacute; dos alternativas para ajustarse al equipamiento ADSL de sus clientes, quienes podr&aacute;n contratar el servicio con una soluci&oacute;n Hardware (sin necesidad de tener PC) o con una soluci&oacute;n Software (con PC).</span><br /></div>', '', 1, 4, 0, 12, '2007-12-21 10:44:17', 62, '', '0000-00-00 00:00:00', 0, 0, '0000-00-00 00:00:00', '2007-12-21 10:42:06', '0000-00-00 00:00:00', '', '', 'pageclass_sfx=\nback_button=\nitem_title=1\nlink_titles=\nintrotext=1\nsection=0\nsection_link=0\ncategory=0\ncategory_link=0\nrating=\nauthor=\ncreatedate=\nmodifydate=\npdf=\nprint=\nemail=\nkeyref=\ndocbook_type=', 1, 0, 4, '', '', 0, 3),
(28, 'Música Instrumental', 'Música Instrumental', '<div align="justify">En Sonido Interno, rescatamos el valor de la m&uacute;sica instrumental</div><div align="justify">colombiana.</div><div align="justify">&nbsp;</div><div align="justify">No siempre la m&uacute;sica suele disfrutarse simplemente con la letra.</div><div align="justify">Los acordes y el sonido de la guitarra suele deleitarnos, haciendo</div><div align="justify">que evoquemos aquellos recuerdos del ayer.</div><div align="justify">&nbsp;</div><div align="justify">Para ello ofrecemos diferentes ritmos musicales propios de nuestra</div><div align="justify">tierra como:</div><div align="justify">&nbsp;</div><div align="justify"><ul><li>Bambuco.</li><li>Porros.</li><li>Torbellinos.</li><li>Pasillos.</li></ul></div><div align="justify">Del&eacute;itese con la m&uacute;sica colombiana mientras trabaja. Para solicitar</div><div align="justify">m&uacute;sica colombiana, cont&aacute;ctenos y le ofreceremos un cat&aacute;logo con</div><div align="justify">todos nuestros servicios y la m&uacute;sica que m&aacute;s se ajuste a las necesidades</div><div align="justify">de su negocio.&nbsp;</div>', '', -2, 2, 0, 5, '2007-12-21 10:51:44', 63, '', '2007-12-27 11:54:30', 63, 0, '0000-00-00 00:00:00', '2007-12-21 10:46:36', '0000-00-00 00:00:00', '', '', 'pageclass_sfx=\nback_button=\nitem_title=1\nlink_titles=\nintrotext=1\nsection=0\nsection_link=0\ncategory=0\ncategory_link=0\nrating=\nauthor=\ncreatedate=\nmodifydate=\npdf=\nprint=\nemail=\nkeyref=\ndocbook_type=', 2, 0, 0, '', '', 0, 0),
(29, 'Biblioteca Demo', 'Biblioteca Demo', '<div align="justify">Bienvenidos a nuestra biblioteca Demo.</div><div align="justify">&nbsp;</div><div align="justify">En ella podr&aacute; encontrar parte de nuestro repertorio musical; en </div><div align="justify">esta selecci&oacute;n podr&aacute; disfrutar de las pautas musicales m&aacute;s </div><div align="justify">escuchadas en supermercados, restaurantes y centros comerciales </div><div align="justify">del pa&iacute;s.&nbsp;</div>', '', 1, 2, 0, 5, '2007-12-26 08:08:28', 62, '', '0000-00-00 00:00:00', 0, 0, '0000-00-00 00:00:00', '2007-12-26 08:06:17', '0000-00-00 00:00:00', '', '', 'pageclass_sfx=\nback_button=\nitem_title=1\nlink_titles=\nintrotext=1\nsection=0\nsection_link=0\ncategory=0\ncategory_link=0\nrating=\nauthor=\ncreatedate=\nmodifydate=\npdf=\nprint=\nemail=\nkeyref=\ndocbook_type=', 1, 0, 1, '', '', 0, 0);
INSERT INTO `jos_content` (`id`, `title`, `title_alias`, `introtext`, `fulltext`, `state`, `sectionid`, `mask`, `catid`, `created`, `created_by`, `created_by_alias`, `modified`, `modified_by`, `checked_out`, `checked_out_time`, `publish_up`, `publish_down`, `images`, `urls`, `attribs`, `version`, `parentid`, `ordering`, `metakey`, `metadesc`, `access`, `hits`) VALUES (30, 'Nuestros géneros Musicales', 'Nuestros géneros Musicales', '<div align="justify">En Sonido Interno tenemos una variada colecci&oacute;n de </div><div align="justify">g&eacute;neros musicales.</div><div align="justify">&nbsp;</div><div align="justify"><ol><li>M&uacute;sica Instrumental Colombiana.</li><li>Baladas Americanas.</li><li>Jazz.</li><li>M&uacute;sica Cl&aacute;sica (Estimulante para la Creatividad).</li><li>M&uacute;sica Instrumental Latinoamericana.</li><li>Top 10 de la Semana (Clasificada por Sonido Interno).</li></ol></div><div align="justify">Si desea m&aacute;s informaci&oacute;n sobre nuestros g&eacute;neros, consulte </div><div align="justify">nuestro portal Web.&nbsp;</div>', '', -2, 2, 0, 5, '2007-12-26 08:15:53', 63, '', '2007-12-27 10:57:15', 63, 0, '0000-00-00 00:00:00', '2007-12-26 08:11:16', '0000-00-00 00:00:00', '', '', 'pageclass_sfx=\nback_button=\nitem_title=1\nlink_titles=\nintrotext=1\nsection=0\nsection_link=0\ncategory=0\ncategory_link=0\nrating=\nauthor=\ncreatedate=\nmodifydate=\npdf=\nprint=\nemail=\nkeyref=\ndocbook_type=', 2, 0, 0, '', '', 0, 0),
(31, 'Sayco y la Ambientación Musical', 'Sayco y la Ambientación Musical', '<div align="justify">Tomado de <a href="http://www.sayco.org/paginas.aspx?cat_id=1148&amp;pub_id=1274&amp;pag=19.">http://www.sayco.org/paginas.aspx?cat_id=1148&amp;pub_id=1274&amp;pag=19.</a></div><div align="justify">&nbsp;</div><div align="justify">Corresponde a la Comunicaci&oacute;n P&uacute;blica de Obras Musicales a </div><div align="justify">trav&eacute;s del servicio de M&uacute;sica Ambiental, el cual se define como</div><div align="justify">el servicio de m&uacute;sica instalado en una empresa, f&aacute;brica o </div><div align="justify">establecimiento p&uacute;blico por una entidad dedicada a ello,&nbsp;</div><div align="justify">mediante aparatos receptores, antena de recepci&oacute;n satelital o</div><div align="justify">cualquier otro sistema. </div><div align="justify">&nbsp;</div><div align="justify">En este sentido, se ha establecido una tarifa para la reproducci&oacute;n</div><div align="justify">y comunicaci&oacute;n p&uacute;blica de las obras representadas por SAYCO </div><div align="justify">correspondiente al 3.75% de los ingresos brutos operacionales </div><div align="justify">obtenidos por la empresa que presta el servicio de m&uacute;sica a cada</div><div align="justify">uno de sus afiliados, con un canon m&iacute;nimo anual correspondiente </div><div align="justify">a 2 salarios m&iacute;nimos mensuales legales vigentes. &nbsp;</div><div align="justify">&nbsp;</div><div align="justify">&nbsp;</div>', '', 1, 4, 0, 12, '2007-12-26 08:25:30', 62, '', '0000-00-00 00:00:00', 0, 0, '0000-00-00 00:00:00', '2007-12-26 08:19:30', '0000-00-00 00:00:00', '', '', 'pageclass_sfx=\nback_button=\nitem_title=1\nlink_titles=\nintrotext=1\nsection=0\nsection_link=0\ncategory=0\ncategory_link=0\nrating=\nauthor=\ncreatedate=\nmodifydate=\npdf=\nprint=\nemail=\nkeyref=\ndocbook_type=', 1, 0, 3, '', '', 0, 4),
(32, 'Centro Comercial La Gran Estación', 'Centro Comercial La Gran Estación', '<div align="justify">Es un centro comercial que se encuentra ubicado a solo&nbsp;</div><div align="justify">10 minutos del Aeropuerto El Dorado.&nbsp; Cuenta con 374</div><div align="justify">locales comerciales, 48 restaurantes y 8 salas de cine.</div><div align="justify">&nbsp;</div>', '', 1, 1, 0, 2, '2007-12-26 17:11:35', 62, '', '2007-12-26 17:11:47', 62, 0, '0000-00-00 00:00:00', '2007-12-26 17:08:11', '0000-00-00 00:00:00', '', '', 'pageclass_sfx=\nback_button=\nitem_title=1\nlink_titles=\nintrotext=1\nsection=0\nsection_link=0\ncategory=0\ncategory_link=0\nrating=\nauthor=\ncreatedate=\nmodifydate=\npdf=\nprint=\nemail=\nkeyref=\ndocbook_type=', 2, 0, 1, '', '', 0, 7),
(33, 'Supermercados Cafam', 'Supermercados Cafam', '<div align="justify">Una de las cadenas de supermercados m&aacute;s grandes del pa&iacute;s.</div><div align="justify">Ofrece m&aacute;s de 67 supermercados en toda la capital.</div><div align="justify">&nbsp;</div><div align="justify">Su sede principal (Cafam de la Floresta) cuenta con aproximadamente</div><div align="justify">23 restaurantes y 5 salas de cine. </div><div align="justify">&nbsp;</div><div align="justify">Sonido Interno ofrece un acompa&ntilde;amiento continuo de m&uacute;sica ambiental</div><div align="justify">de 8:00 am a 8:00 pm, adem&aacute;s de completos montajes de sonido e </div><div align="justify">infraestructura log&iacute;stica en d&iacute;as especiales (novenas, eventos empresariales, </div><div align="justify">conciertos, etc.).&nbsp;</div>', '', 1, 1, 0, 1, '2007-12-26 17:15:24', 62, '', '0000-00-00 00:00:00', 0, 0, '0000-00-00 00:00:00', '2007-12-26 17:12:06', '0000-00-00 00:00:00', '', '', 'pageclass_sfx=\nback_button=\nitem_title=1\nlink_titles=\nintrotext=1\nsection=0\nsection_link=0\ncategory=0\ncategory_link=0\nrating=\nauthor=\ncreatedate=\nmodifydate=\npdf=\nprint=\nemail=\nkeyref=\ndocbook_type=', 1, 0, 1, '', '', 0, 9),
(34, 'Cuñas Promocionales', 'Cuñas Promocionales', '<div align="justify">Este servicio se dedica exclusivamente para los clientes de&nbsp;</div><div align="justify">Sonido Interno. </div><div align="justify">&nbsp;</div><div align="justify">Cada cliente arma por separado el mensaje, la promoci&oacute;n</div><div align="justify">o el servicio que quiere ofrecer de forma separada. Luego</div><div align="justify">uno de los encargados del montaje del servicio, en conjunto</div><div align="justify">con el cliente definir&aacute;n lo que se quiere anunciar al p&uacute;blico.</div><div align="justify">&nbsp;</div><div align="justify">El cliente (dependiendo del servicio solicitado) dice cu&aacute;ntas</div><div align="justify">veces se puede anunciar la cu&ntilde;a.</div><div align="justify">&nbsp;</div><div align="justify">Cada cu&ntilde;a debe durar alrededor de 35 segundos aproximadamente </div><div align="justify">(puede durar m&aacute;s de 2 minutos dependiendo de la tarifa pagada por</div><div align="justify">el usuario).</div><div align="justify">&nbsp;</div><div align="justify">&nbsp;</div><div align="justify">&nbsp;</div>', '', 1, 2, 0, 7, '2007-12-26 17:21:57', 62, '', '0000-00-00 00:00:00', 0, 0, '0000-00-00 00:00:00', '2007-12-26 17:16:16', '0000-00-00 00:00:00', '', '', 'pageclass_sfx=\nback_button=\nitem_title=1\nlink_titles=\nintrotext=1\nsection=0\nsection_link=0\ncategory=0\ncategory_link=0\nrating=\nauthor=\ncreatedate=\nmodifydate=\npdf=\nprint=\nemail=\nkeyref=\ndocbook_type=', 1, 0, 1, '', '', 0, 0),
(35, 'Despedida de año 2007', 'Despedida de año 2007', '<div align="justify">Sonido Interno desea a todos sus clientes, empleados</div><div align="justify">y miembros directivos una feliz navidad y un pr&oacute;spero</div><div align="justify">a&ntilde;o 2008. </div><div align="justify">&nbsp;</div><div align="justify">Esperamos que el &uacute;nico sonido que podamos ofrecer</div><div align="justify">a nuestro pa&iacute;s sea el sonido de la paz.&nbsp;</div>', '', 1, 4, 0, 12, '2007-12-26 17:36:27', 62, '', '0000-00-00 00:00:00', 0, 0, '0000-00-00 00:00:00', '2007-12-26 17:34:55', '0000-00-00 00:00:00', '', '', 'pageclass_sfx=\nback_button=\nitem_title=1\nlink_titles=\nintrotext=1\nsection=0\nsection_link=0\ncategory=0\ncategory_link=0\nrating=\nauthor=\ncreatedate=\nmodifydate=\npdf=\nprint=\nemail=\nkeyref=\ndocbook_type=', 1, 0, 2, '', '', 0, 4),
(36, 'Microdispositivos', 'Microdispositivos', '<div align="justify">Sonido Interno cuenta con lo &uacute;ltimo en Tecnolog&iacute;a.</div><div align="justify">&nbsp;</div><div align="justify">Tenemos los &uacute;ltimos aparatos tecnol&oacute;gicos como:&nbsp;</div><div align="justify"><ul><li>Reproductores MP4.</li><li>Reproductores MP3.</li><li>Micr&oacute;fonos Inhal&aacute;mbricos.</li><li>Miniantenas repetidoras.</li></ul></div><div align="justify">Adem&aacute;s disponemos de:</div><div align="justify"><ul><li>Televisores 3&quot;.</li><li>Reproductores DVD Port&aacute;tiles.</li><li>Minic&aacute;maras de Alta Definici&oacute;n (Dolby).&nbsp;</li></ul></div>', '', 1, 2, 0, 6, '2007-12-26 17:46:02', 62, '', '0000-00-00 00:00:00', 0, 0, '0000-00-00 00:00:00', '2007-12-26 17:36:52', '0000-00-00 00:00:00', '', '', 'pageclass_sfx=\nback_button=\nitem_title=1\nlink_titles=\nintrotext=1\nsection=0\nsection_link=0\ncategory=0\ncategory_link=0\nrating=\nauthor=\ncreatedate=\nmodifydate=\npdf=\nprint=\nemail=\nkeyref=\ndocbook_type=', 1, 0, 1, '', '', 0, 2),
(37, 'Ayuda de la Música en la Empresa', 'Ayuda de la Música en la Empresa', '<div align="justify">Sonido Interno ha comprendido la importancia de </div><div align="justify">ofrecer a varias opciones de m&uacute;sica ambiental que</div><div align="justify">le permita:</div><div align="justify"><ul><li>Aumentar la productividad en el trabajo.</li><li>Incrementar la motivaci&oacute;n laboral en cada empleado.</li><li>Reducir los niveles de presi&oacute;n y stress.</li></ul></div><div align="justify">En otras empresas se experimentado y los resultados </div><div align="justify">son muy sorprendentes, ya que en cada empleado se</div><div align="justify">refleja mayor satisfacci&oacute;n con su trabajo y por ende un</div><div align="justify">mejor rendimiento laboral.</div><div align="justify">&nbsp;</div><div align="justify">Si desea que los empleados de su empresa tengan un</div><div align="justify">mejor rendimiento laboral, consulte nuestras tarifas y</div><div align="justify">p&oacute;ngase en contacto con nosotros.&nbsp;</div>', '', 1, 4, 0, 12, '2007-12-27 09:33:45', 62, '', '0000-00-00 00:00:00', 0, 0, '0000-00-00 00:00:00', '2007-12-27 08:16:01', '0000-00-00 00:00:00', '', '', 'pageclass_sfx=\nback_button=\nitem_title=1\nlink_titles=\nintrotext=1\nsection=0\nsection_link=0\ncategory=0\ncategory_link=0\nrating=\nauthor=\ncreatedate=\nmodifydate=\npdf=\nprint=\nemail=\nkeyref=\ndocbook_type=', 1, 0, 1, '', '', 0, 8),
(43, 'Contacto', 'Contacto', '<div align="justify">Sonido Interno siempre le abre las puertas a su negocio.</div><div align="justify">Puede ubicarnos en:</div><div align="justify">&nbsp;&nbsp;&nbsp; &nbsp;&nbsp;&nbsp; Bogot&aacute; - Carrera 91 No. 8 - 12</div><div align="justify">&nbsp;&nbsp;&nbsp;&nbsp; &nbsp;&nbsp;&nbsp; &nbsp;&nbsp;&nbsp; &nbsp;&nbsp;&nbsp; &nbsp;&nbsp;&nbsp; Tel. 57 + 1 + 342 23 23</div><div align="justify">&nbsp;&nbsp;&nbsp; &nbsp;&nbsp; &nbsp;&nbsp;&nbsp; &nbsp;&nbsp; &nbsp;&nbsp; &nbsp;&nbsp;&nbsp; Contacto:&nbsp;</div><div align="justify">&nbsp;&nbsp;&nbsp; &nbsp;&nbsp; &nbsp;&nbsp;&nbsp; &nbsp;&nbsp; &nbsp;&nbsp; &nbsp;&nbsp;&nbsp; Correo Electr&oacute;nico: gfeprueba@gfenet.com</div><div align="justify">&nbsp; <div align="justify">&nbsp;&nbsp;&nbsp; &nbsp;&nbsp;&nbsp; Cali&nbsp;&nbsp;&nbsp;&nbsp; - Avenida 79 No. 23 - 312<br /></div><div align="justify">&nbsp;&nbsp;&nbsp;&nbsp; &nbsp;&nbsp;&nbsp; &nbsp;&nbsp;&nbsp; &nbsp;&nbsp;&nbsp; &nbsp;&nbsp;&nbsp; Tel. 57 + 2 + 981221</div><div align="justify">&nbsp;&nbsp;&nbsp; &nbsp;&nbsp; &nbsp;&nbsp;&nbsp; &nbsp;&nbsp; &nbsp;&nbsp; &nbsp;&nbsp;&nbsp; Contacto:&nbsp;</div><div align="justify">&nbsp;&nbsp;&nbsp; &nbsp;&nbsp; &nbsp;&nbsp;&nbsp; &nbsp;&nbsp; &nbsp;&nbsp; &nbsp;&nbsp;&nbsp; Correo Electr&oacute;nico: gfeprueba@gfenet.com</div></div>', '', 0, 0, 0, 0, '2007-12-27 11:59:51', 63, '', '2008-04-01 09:52:52', 63, 0, '0000-00-00 00:00:00', '2007-12-27 11:59:38', '0000-00-00 00:00:00', '', '', 'menu_image=-1\nitem_title=1\npageclass_sfx=\nback_button=\nrating=\nauthor=\ncreatedate=\nmodifydate=\npdf=\nprint=\nemail=', 1, 0, 0, '', '', 0, 5),
(38, 'Nuestros Clientes', 'Nuestros Clientes', '<div align="justify"><h3 style="color: #99ccff">Estos son algunos de nuestros clientes:</h3></div><div align="justify">&nbsp;</div><div align="justify">    <p class="MsoNormal"><strong><span>Almacenes de Cadena&nbsp;</span></strong></p>  <ul style="margin-top: 0cm"><li class="MsoNormal"><span>&Eacute;xito <span>&nbsp; </span></span></li><li class="MsoNormal"><span>Ley<span>&nbsp;&nbsp;&nbsp;&nbsp;&nbsp;&nbsp;&nbsp;&nbsp;&nbsp;&nbsp;&nbsp;&nbsp;&nbsp;&nbsp;&nbsp;&nbsp; </span></span></li><li class="MsoNormal"><span>Pomona<span>&nbsp;&nbsp;&nbsp;&nbsp;&nbsp;&nbsp;&nbsp;&nbsp;&nbsp; </span></span></li><li class="MsoNormal"><span>Colsubsidio<span>&nbsp;&nbsp;&nbsp; </span></span></li><li class="MsoNormal"><span>Carulla<span>&nbsp;&nbsp;&nbsp;&nbsp;&nbsp;&nbsp;&nbsp;&nbsp;&nbsp;&nbsp;&nbsp;&nbsp;&nbsp;&nbsp;&nbsp;&nbsp;&nbsp;&nbsp;&nbsp;&nbsp;&nbsp;&nbsp; </span></span></li><li class="MsoNormal"><span>Vivero<span>&nbsp;&nbsp;&nbsp;&nbsp;&nbsp;&nbsp;&nbsp;&nbsp;&nbsp;&nbsp;&nbsp;&nbsp;&nbsp;&nbsp;&nbsp;&nbsp;&nbsp;&nbsp;&nbsp;&nbsp;&nbsp;&nbsp;&nbsp; </span></span></li><li class="MsoNormal"><span>Surtimax</span></li><li class="MsoNormal"><span>Frescampo</span></li><li class="MsoNormal"><span>Homemart</span></li><li class="MsoNormal"><span>Falabella</span><strong></strong></li></ul>  <p class="MsoNormal"><strong><span>&nbsp;</span></strong></p>    <p class="MsoNormal"><strong><span>Centros Comerciales&nbsp;</span></strong></p>  <ul style="margin-top: 0cm"><li class="MsoNormal"><span>Santa Fe</span></li><li class="MsoNormal"><span>Andino</span></li><li class="MsoNormal"><span>Atlantis</span></li><li class="MsoNormal"><span>Retiro</span></li><li class="MsoNormal"><span>Unicentro</span></li><li class="MsoNormal"><span>Gran Estaci&oacute;n</span></li><li class="MsoNormal"><span>Palatino</span></li><li class="MsoNormal"><span>Plaza Imperial</span></li><li class="MsoNormal"><span>Portal 80</span></li><li class="MsoNormal"><span>Portoalegre</span></li><li class="MsoNormal"><span>Unicentro C&uacute;cuta</span></li><li class="MsoNormal"><span>Pereira Plaza</span></li><li class="MsoNormal"><span>Unicentro Tunja</span></li></ul>  <p class="MsoNormal"><span>&nbsp;</span></p>    <p class="MsoNormal"><strong><span>Restaurantes&nbsp;</span></strong></p>  <ul style="margin-top: 0cm"><li class="MsoNormal"><span>Mc Donals</span></li><li class="MsoNormal"><span>Crepes &amp; Wafles</span></li><li class="MsoNormal"><span>Paneroli</span></li><li class="MsoNormal"><span>Juan Valdez</span></li><li class="MsoNormal"><span>Popsy</span></li><li class="MsoNormal"><span>La Paris</span><span> S&aacute;ndwich</span></li></ul>  <p class="MsoNormal"><span>&nbsp;</span></p>    <p class="MsoNormal"><strong><span>Otros&nbsp;</span></strong></p>  <ul style="margin-top: 0cm"><li class="MsoNormal"><strong><span>Panamericana</span></strong></li><li class="MsoNormal"><strong><span>Panaca Sabana</span></strong></li></ul><strong>&nbsp;  </strong><br /></div>', '', 1, 0, 0, 0, '2007-12-27 11:04:30', 63, '', '2008-03-04 15:43:51', 62, 0, '0000-00-00 00:00:00', '2007-12-27 11:04:03', '0000-00-00 00:00:00', '', '', 'menu_image=-1\nitem_title=1\npageclass_sfx=\nback_button=\nrating=\nauthor=\ncreatedate=\nmodifydate=\npdf=\nprint=\nemail=', 1, 0, 0, '', '', 0, 9),
(39, 'Producción de Cuñas', '', '\r\n<div style="width: 510px; float: left;">\r\n<br />\r\n<object width="550" height="80" style="margin-left: -3em;" classid="clsid:D27CDB6E-AE6D-11cf-96B8-444553540000" codebase="http://download.macromedia.com/pub/shockwave/cabs/flash/swflash.cab#version=6,0,29,0"><param name="movie" value="images/sonidointerno/banner-produccion-cunas.swf" /><param name="quality" value="high" /><param name="menu" value="false" /><param name="wmode" value="transparent" /><embed width="560" height="80" src="images/sonidointerno/banner-produccion-cunas.swf" wmode="transparent" quality="high" menu="false" pluginspage="http://www.macromedia.com/go/getflashplayer" type="application/x-shockwave-flash" style="margin-left: -3em;" /></object>\r\n<br />\r\n<img align="left" src="images/sonidointerno/microfono.jpg" alt=" " style="padding-right: 1em; padding-bottom: 1em; padding-top: 1em;" />\r\n</div>\r\n\r\n<div style="width: 390px;">\r\n<br />\r\n<table width="420" border="0" class="block"><tbody><tr><td class="left_top">&nbsp;</td><td class="head_back" style="color: rgb(23, 144, 215);">Producción de Cuñas</td><td class="right_top">&nbsp;</td></tr><tr><td class="left">&nbsp;</td><td><p align="justify"><span>Contamos con la tecnología para realizar Cuñas radiales. En nuestro estudio de grabación hemos creado varias de las piezas publicitarias que usted escucha y ha escuchado en la radio y la mayoría de los&nbsp;mensajes que suenan en los establecimientos vinculados&nbsp;a nuestro servicio.</span></p></td><td class="right">&nbsp;</td></tr><tr><td class="left_bottom">&nbsp;</td><td class="bottom">&nbsp;</td><td class="right_bottom">&nbsp;</td></tr></tbody></table>\r\n\r\n<table width="420" border="0" class="block"><tbody><tr><td class="left_top">&nbsp;</td><td class="head_back" style="color: rgb(23, 144, 215);">Muestras de Cuñas</td><td class="right_top">&nbsp;</td></tr><tr><td class="left">&nbsp;</td>\r\n<td>\r\n<table align="right" class="jingles" style="float: right;">\r\n<tbody><tr>\r\n<th>Descripción</th><th>Cliente</th><th>Duración</th><th>Muestra</th>\r\n</tr>\r\n<tr>\r\n<td>Uniliquidación</td><td>Unicentro</td><td>00:20</td><td align="center">\r\n<object width="32" height="32" align="middle" id="play" codebase="http://fpdownload.macromedia.com/pub/shockwave/cabs/flash/swflash.cab#version=8,0,0,0" classid="clsid:d27cdb6e-ae6d-11cf-96b8-444553540000">\r\n<param value="sameDomain" name="allowScriptAccess" />\r\n<param value="cunas/Uniliquidacion.swf" name="movie" /><param value="high" name="quality" /><param value="#000000" name="bgcolor" /><embed width="32" height="32" align="middle" pluginspage="http://www.macromedia.com/go/getflashplayer" type="application/x-shockwave-flash" allowscriptaccess="sameDomain" name="play" bgcolor="#000000" quality="high" src="cunas/Uniliquidacion.swf" />\r\n</object>\r\n\r\n</td>\r\n</tr>\r\n<tr>\r\n<td>Carnaval Venezia</td><td>Gran Estación</td><td>00:32</td><td align="center">\r\n<object classid="clsid:d27cdb6e-ae6d-11cf-96b8-444553540000" codebase="http://fpdownload.macromedia.com/pub/shockwave/cabs/flash/swflash.cab#version=8,0,0,0" width="32" height="32" id="play" align="middle">\r\n<param name="allowScriptAccess" value="sameDomain" />\r\n<param name="movie" value="cunas/Venezia4.swf" /><param name="quality" value="high" /><param name="bgcolor" value="#000000" /><embed src="cunas/Venezia4.swf" quality="high" bgcolor="#000000" width="32" height="32" name="play" align="middle" allowScriptAccess="sameDomain" type="application/x-shockwave-flash" pluginspage="http://www.macromedia.com/go/getflashplayer" />\r\n</object>\r\n\r\n\r\n</td>\r\n</tr>\r\n<tr>\r\n<td>días Felices</td><td>Palatino</td><td>00:30</td><td align="center">\r\n<object classid="clsid:d27cdb6e-ae6d-11cf-96b8-444553540000" codebase="http://fpdownload.macromedia.com/pub/shockwave/cabs/flash/swflash.cab#version=8,0,0,0" width="32" height="32" id="play" align="middle">\r\n<param name="allowScriptAccess" value="sameDomain" />\r\n<param name="movie" value="cunas/DiasFelices.swf" /><param name="quality" value="high" /><param name="bgcolor" value="#000000" /><embed src="cunas/DiasFelices.swf" quality="high" bgcolor="#000000" width="32" height="32" name="play" align="middle" allowScriptAccess="sameDomain" type="application/x-shockwave-flash" pluginspage="http://www.macromedia.com/go/getflashplayer" />\r\n</object>\r\n</td>\r\n</tr>\r\n</tbody></table>\r\n\r\n</td>\r\n<td class="right">&nbsp;</td></tr>\r\n<tr><td class="left_bottom">&nbsp;</td><td class="bottom">&nbsp;</td><td class="right_bottom">&nbsp;</td></tr></tbody></table>\r\n\r\n</div>', '', 1, 0, 0, 0, '2007-12-27 11:20:37', 63, '', '2008-05-21 00:54:22', 62, 0, '0000-00-00 00:00:00', '2007-12-27 11:20:22', '0000-00-00 00:00:00', 'play.gif\r\nplay_2.gif\r\nplay_3.gif\r\nplay_4.gif\r\nplay_5.gif\r\nplay_6.gif\r\nplay_7.gif\r\nplay_8.gif', '', 'menu_image=-1\nitem_title=0\npageclass_sfx=\nback_button=\nrating=\nauthor=\ncreatedate=\nmodifydate=\npdf=\nprint=\nemail=', 1, 0, 0, '', '', 0, 262),
(51, 'Centros Comerciales', 'centros-comerciales', '\r\n<img align="left" style="padding-left: 0em; padding-top: 2em; float: left;" src="images/sonidointerno/sinfinccialesanimation.gif" />\r\n<div style="float: right;">\r\n<table border="0" class="block"><tbody><tr><td class="left_top">&nbsp;</td><td style="color: rgb(23, 144, 215);" class="head_back">Centros Comerciales<br /></td><td class="right_top">&nbsp;</td></tr> <tr><td class="left">&nbsp;</td><td>\r\n<img width="19" height="15" alt=" " src="images/arrow_b.gif" />Santa Fe<br />\r\n<img width="19" height="15" alt=" " src="images/arrow_b.gif" />Andino<br />\r\n<img width="19" height="15" alt=" " src="images/arrow_b.gif" />Atlantis<br />\r\n<img width="19" height="15" alt=" " src="images/arrow_b.gif" />Retiro<br />\r\n<img width="19" height="15" alt=" " src="images/arrow_b.gif" />Unicentro<br />\r\n<img width="19" height="15" alt=" " src="images/arrow_b.gif" />Gran Estación<br />\r\n<img width="19" height="15" alt=" " src="images/arrow_b.gif" />Palatino<br />\r\n<img width="19" height="15" alt=" " src="images/arrow_b.gif" />Plaza Imperial<br />\r\n<img width="19" height="15" alt=" " src="images/arrow_b.gif" />Portal 80<br />\r\n<img width="19" height="15" alt=" " src="images/arrow_b.gif" />Portoalegre<br />\r\n<img width="19" height="15" alt=" " src="images/arrow_b.gif" />Unicentro Cúcuta<br />\r\n<img width="19" height="15" alt=" " src="images/arrow_b.gif" />Pereira Plaza<br />\r\n<img width="19" height="15" alt=" " src="images/arrow_b.gif" />Unicentro Tunja<br />\r\n<img width="19" height="15" alt=" " src="images/arrow_b.gif" /><br />\r\n</td><td class="right">&nbsp;</td></tr><tr><td class="left_bottom">&nbsp;</td><td class="bottom">&nbsp;</td><td class="right_bottom">&nbsp;</td></tr></tbody></table>\r\n</div>', '', 1, 0, 0, 0, '2008-03-25 18:04:26', 62, '', '2008-05-27 22:35:05', 62, 0, '0000-00-00 00:00:00', '2008-03-25 18:03:18', '0000-00-00 00:00:00', '', '', 'menu_image=-1\nitem_title=0\npageclass_sfx=\nback_button=\nrating=\nauthor=\ncreatedate=\nmodifydate=\npdf=\nprint=\nemail=', 1, 0, 0, '', '', 0, 172),
(49, 'Eventos', 'Eventos', '\r\n<table width="100%" border="0"><tbody><tr><td valign="top" style="padding-right: 1em; text-align: center;"><br /><img width="448" height="279" alt="Imagen Concierto" src="images/sonidointerno/trompeta.jpg" /><br /><br />\r\n\r\n<object width="450" height="80" align="middle" codebase="http://download.macromedia.com/pub/shockwave/cabs/flash/swflash.cab#version=6,0,29,0" classid="clsid:D27CDB6E-AE6D-11cf-96B8-444553540000"><param value="/images/sonidointerno/banner-motivo-idea.swf" name="movie" /><param value="high" name="quality" /><param value="false" name="menu" /><param value="transparent" name="wmode" /><embed width="450" height="80" type="application/x-shockwave-flash" pluginspage="http://www.macromedia.com/go/getflashplayer" menu="false" quality="high" wmode="transparent" src="/images/sonidointerno/banner-motivo-idea.swf" /></object>\r\n\r\n<br /><br />\r\n<!--img src="images/sonidointerno/texto-motivo-idea.png" alt="Solo necesitamos un motivo o idea" width="446" height="60" /--> </td><td><table border="0" class="block"><tbody><tr><td class="left_top">&nbsp;</td><td style="color: rgb(23, 144, 215);" class="head_back">Eventos</td><td class="right_top">&nbsp;</td></tr><tr><td class="left">&nbsp;</td><td align="justify"><p align="justify"><span style="color: white;">El mundo cambia y la publicidad también, el apoyo de su marca y el mercadeo de su negocio esta ahora en la vinculación del cliente.</span></p><br /><p align="justify"><span>Viendo que la ejecución de campañas publicitarias de los clientes estaba enfocada&nbsp;en los medios masivos decidimos incluir el servicio de apoyo,&nbsp;en los puntos de venta,<span>&nbsp;</span>con eventos que involucren directamente a su cliente potencial ( La gente ).</span></p><br /><p align="justify"><span>Podemos construir ideas y llevarlas a cabo siendo los proveedores de los elementos que esa idea necesite para hacerla realidad. Estamos en capacidad de ofrecer todo el performance imaginable sobre una idea .</span></p></td><td class="right">&nbsp;</td></tr><tr><td class="left_bottom">&nbsp;</td><td class="bottom">&nbsp;</td><td class="right_bottom">&nbsp;</td></tr></tbody></table></td></tr></tbody></table>', '', 1, 0, 0, 0, '2008-03-04 15:16:02', 62, '', '2008-05-21 01:28:37', 62, 0, '0000-00-00 00:00:00', '2008-03-04 15:12:59', '0000-00-00 00:00:00', '', '', 'menu_image=-1\nitem_title=0\npageclass_sfx=\nback_button=\nrating=\nauthor=\ncreatedate=\nmodifydate=\npdf=\nprint=\nemail=', 1, 0, 0, '', '', 0, 106),
(40, 'Nuestros Servicios', 'Nuestros Servicios', '<div align="justify">Sonido Interno ofrece a los clientes un servicio que consta de:</div><div align="justify"><ul><li>Personal humano calificado para instalar, configurar y adaptar los dispositivos de sonido en uno o varios escenarios.</li><li>Equipos de &uacute;ltima tecnolog&iacute;a (mezcladores, micr&oacute;fonos, sintonizadores).</li><li>M&uacute;sica ambiental escogida especialmente para la empresa.</li><li>Servicio de acompa&ntilde;amiento y asesor&iacute;a al usuario para la elecci&oacute;n del servicio adecuado para su empresa. </li></ul></div>', '', 1, 0, 0, 0, '2007-12-27 11:32:20', 63, '', '2007-12-27 11:41:52', 63, 0, '0000-00-00 00:00:00', '2007-12-27 11:32:06', '0000-00-00 00:00:00', '', '', 'menu_image=-1\nitem_title=1\npageclass_sfx=\nback_button=\nrating=\nauthor=\ncreatedate=\nmodifydate=\npdf=\nprint=\nemail=', 1, 0, 0, '', '', 0, 52),
(41, 'Música Ambiental', 'Música Ambiental', '\r\n<table width="100%" border="0"><tbody><tr><td valign="top"><!--img src="images/sonidointerno/texto-musica-ambiental.png" alt=" " width="450" height="113" /-->\r\n<object width="450" height="80" align="middle" codebase="http://download.macromedia.com/pub/shockwave/cabs/flash/swflash.cab#version=6,0,29,0" classid="clsid:D27CDB6E-AE6D-11cf-96B8-444553540000"><param value="/images/sonidointerno/banner-musica-ambiental.swf" name="movie" /><param value="high" name="quality" /><param value="false" name="menu" /><param value="transparent" name="wmode" /><embed width="450" height="80" type="application/x-shockwave-flash" pluginspage="http://www.macromedia.com/go/getflashplayer" menu="false" quality="high" wmode="transparent" src="/images/sonidointerno/banner-musica-ambiental.swf" /></object>\r\n<br /><br />\r\n<img alt=" " style="padding-left: 2em;" src="images/sonidointerno/partituras.jpg" /></td><td>\r\n<table width="460" border="0" class="block"><tbody><tr><td class="left_top">&nbsp;</td><td style="color: rgb(23, 144, 215);" class="head_back">Música Ambiental</td><td class="right_top">&nbsp;</td></tr><tr><td class="left">&nbsp;</td><td><p align="justify" style="color: white;">Desarrollamos un software (<strong>PROGRAMADOR VIRTUAL)</strong>&nbsp;que administra Música y mensajes institucionales dentro de&nbsp; su programación diaria. <strong>.</strong></p><p align="justify">&nbsp;</p><p align="center">BRINDAMOS PERSONALIDAD</p><p align="justify">De acuerdo a unas características preestablecidas con los clientes se realiza una escogencia de Música que cumple con el perfil deseado y se genera una programación que puede llegar a ser tan específica como manejar Música diferente por días, horarios o franjas del día.</p><p align="justify">&nbsp;</p><p align="justify">Convertimos&nbsp;el sonido ambiental en su propia emisora, incluyendo mensajes&nbsp;institucionales que brinden mayor información a sus clientes.&nbsp;&nbsp;&nbsp;</p><p align="justify">&nbsp;</p><p align="justify">Nuestro&nbsp;sistema funciona conectando a su equipo de&nbsp;sonido un decodificador con la programación elegida como si fuera&nbsp;su propio&nbsp;reproductor de CD, dvd o mp3. Solo que éste se administra automáticamente con oprimir el botón de encendido. Además de esto, con la ayuda de una línea Telefónica podemos realizar, vía remota, ajustes, cambios e inclusiones a la información contenida.</p></td><td class="right">&nbsp;</td></tr><tr><td class="left_bottom">&nbsp;</td><td class="bottom">&nbsp;</td><td class="right_bottom">&nbsp;</td></tr></tbody></table></td></tr></tbody></table>', '', 1, 0, 0, 0, '2007-12-27 11:45:03', 63, '', '2008-05-21 01:27:02', 62, 0, '0000-00-00 00:00:00', '2007-12-27 11:44:35', '0000-00-00 00:00:00', '', '', 'menu_image=-1\nitem_title=0\npageclass_sfx=\nback_button=\nrating=0\nauthor=0\ncreatedate=0\nmodifydate=0\npdf=0\nprint=0\nemail=0', 1, 0, 0, '', '', 0, 518),
(52, 'Restaurantes', 'restaurantes', '\r\n<img align="left" src="images/sonidointerno/sinfin-RESTAURANTES-animati.gif" style="padding-left: 0em; padding-top: 2em; float: left;" />\r\n<div style="float: right;">\r\n<table border="0" class="block"><tbody><tr><td class="left_top">&nbsp;</td><td class="head_back" style="color: rgb(23, 144, 215);">Restaurantes<br /></td><td class="right_top">&nbsp;</td></tr> <tr><td class="left">&nbsp;</td><td>\r\n<img height="15" width="19" src="images/arrow_b.gif" alt=" " />Mc Donalds<br />\r\n<img height="15" width="19" src="images/arrow_b.gif" alt=" " />Crepes &amp; Waffles<br />\r\n<img height="15" width="19" src="images/arrow_b.gif" alt=" " />Paneroli<br />\r\n<img height="15" width="19" src="images/arrow_b.gif" alt=" " />Juan Valdez<br />\r\n<img height="15" width="19" src="images/arrow_b.gif" alt=" " />Popsy<br />\r\n</td><td class="right">&nbsp;</td></tr><tr><td class="left_bottom">&nbsp;</td><td class="bottom">&nbsp;</td><td class="right_bottom">&nbsp;</td></tr></tbody></table>\r\n</div>', '', 1, 0, 0, 0, '2008-03-25 18:08:50', 62, '', '2009-01-14 22:41:04', 69, 0, '0000-00-00 00:00:00', '2008-03-25 18:08:18', '0000-00-00 00:00:00', '', '', 'menu_image=-1\nitem_title=0\npageclass_sfx=\nback_button=\nrating=\nauthor=\ncreatedate=\nmodifydate=\npdf=\nprint=\nemail=', 1, 0, 0, '', '', 0, 195),
(42, 'Instalación de Sonido', 'Instalación de Sonido', '\r\n<table width="100%" border="0" align="center"><tbody><tr><td><table width="420" border="0" class="block"><tbody><tr><td class="left_top">&nbsp;</td><td style="color: rgb(23, 144, 215);" class="head_back">Instalaciones de Sonido</td><td class="right_top">&nbsp;</td></tr><tr><td class="left">&nbsp;</td><td><p align="justify">Acompañando nuestra afición por la Música, decidimos agregar a nuestro portafolio de servicios la posibilidad de ofrecer al cliente un sistema de audio donde nuestra Música suene mejor.</p><br /><p align="justify"><span>Es facil, lo visitamos y realizamos un análisis de el espacio para ofrecerle un&nbsp;equipo que cumpla con&nbsp;sus necesidades&nbsp;y se ajuste a su&nbsp;presupuesto.</span></p><br /><p align="justify">La marca de equipo que siempre tuvo en sus sueños, la podemos&nbsp;traer a la realidad.</p></td><td class="right">&nbsp;</td></tr><tr><td class="left_bottom">&nbsp;</td><td class="bottom">&nbsp;</td><td class="right_bottom">&nbsp;</td></tr></tbody></table></td>\r\n<td valign="top" align="right">\r\n<!--img src="images/sonidointerno/texto-instalaciones-sonido.png" alt="Instalaciones de Sonido" hspace="10" vspace="10" width="450" height="150" align="middle" /-->\r\n<object width="450" height="80" codebase="http://download.macromedia.com/pub/shockwave/cabs/flash/swflash.cab#version=6,0,29,0" classid="clsid:D27CDB6E-AE6D-11cf-96B8-444553540000"><param value="/images/sonidointerno/banner-instalacion-sonido.swf" name="movie" /><param value="high" name="quality" /><param value="false" name="menu" /><param value="transparent" name="wmode" /><embed width="450" height="80" type="application/x-shockwave-flash" pluginspage="http://www.macromedia.com/go/getflashplayer" menu="false" quality="high" wmode="transparent" src="/images/sonidointerno/banner-instalacion-sonido.swf" /></object>\r\n<img hspace="10" align="middle" alt=" " src="images/sonidointerno/instalaciones-sonido.jpg" /> </td></tr></tbody></table>', '', 1, 0, 0, 0, '2007-12-27 11:52:10', 63, '', '2008-05-21 01:28:00', 62, 0, '0000-00-00 00:00:00', '2007-12-27 11:51:46', '0000-00-00 00:00:00', '', '', 'menu_image=-1\nitem_title=0\npageclass_sfx=\nback_button=\nrating=\nauthor=\ncreatedate=\nmodifydate=\npdf=\nprint=\nemail=', 1, 0, 0, '', '', 0, 221),
(50, 'Almacenes de Cadena', 'almacenes-cadena', '\r\n<img align="left" src="images/sonidointerno/sinfin-almacenes-de-cadena-.gif" style="padding-left: 0em; padding-top: 2em; float: left;" />\r\n<div style="float: right;"><table border="0" class="block"><tbody><tr><td class="left_top">&nbsp;</td><td class="head_back" style="color: rgb(23, 144, 215);">Almacenes de Cadena<br /></td><td class="right_top">&nbsp;</td></tr> <tr><td class="left">&nbsp;</td><td><img width="19" height="15" src="images/arrow_b.gif" alt=" " />éxito<br /> <img width="19" height="15" src="images/arrow_b.gif" alt=" " />Ley<br /><img width="19" height="15" src="images/arrow_b.gif" alt=" " />Pomona<br /><img width="19" height="15" src="images/arrow_b.gif" alt=" " />Colsubsidio<br /><img width="19" height="15" src="images/arrow_b.gif" alt=" " />Carulla<br /><img width="19" height="15" src="images/arrow_b.gif" alt=" " />Vivero<br /><img width="19" height="15" src="images/arrow_b.gif" alt=" " />Surtimax<br /><img width="19" height="15" src="images/arrow_b.gif" alt=" " />Frescampo<br /><img width="19" height="15" src="images/arrow_b.gif" alt=" " />Homemart<br /><img width="19" height="15" src="images/arrow_b.gif" alt=" " />Falabella </td><td class="right">&nbsp;</td></tr><tr><td class="left_bottom">&nbsp;</td><td class="bottom">&nbsp;</td><td class="right_bottom">&nbsp;</td></tr></tbody></table></div>', '', 1, 0, 0, 0, '2008-03-25 17:58:22', 62, '', '2008-05-27 22:37:33', 62, 0, '0000-00-00 00:00:00', '2008-03-25 17:57:57', '0000-00-00 00:00:00', '', '', 'menu_image=-1\nitem_title=0\npageclass_sfx=\nback_button=\nrating=\nauthor=\ncreatedate=\nmodifydate=\npdf=\nprint=\nemail=', 1, 0, 0, '', '', 0, 212),
(44, 'Biblioteca Luis Angel Arango', 'Biblioteca Luis Angel Arango', '<div align="justify">Sonido Interno tiene la fortuna de ofrecer el servicio de M&uacute;sica Ambiental a centros de inter&eacute;s publico: en este caso la Biblioteca Luis &Aacute;ngel Arango. Cada vez que un visitante realice una investigaci&oacute;n, consulta o trabajo, se sentir&aacute; m&aacute;s c&oacute;modo, relajado y tranquilo, ya que seleccionamos cuidadosamente la m&uacute;sica que se escuchar&aacute; en las diferentes secciones.&nbsp;</div><div align="justify">&nbsp;</div><div align="justify">Adem&aacute;s ofrecemos un adecuado servicio de acompa&ntilde;amiento a los diferentes eventos culturales y musicales que se realizan de forma per&iacute;odica (montaje de sonido, acompa&ntilde;amiento musical, asesor&iacute;a en tecnolog&iacute;a ac&uacute;stica).</div><div align="justify">&nbsp;</div><div align="justify">Para mayor informaci&oacute;n, ingrese a: http://www.lablaa.org</div><div align="justify">&nbsp;</div>', '', 1, 5, 0, 15, '2008-01-08 15:52:34', 62, '', '0000-00-00 00:00:00', 0, 0, '0000-00-00 00:00:00', '2008-01-08 15:43:25', '0000-00-00 00:00:00', '', '', 'pageclass_sfx=\nback_button=\nitem_title=1\nlink_titles=\nintrotext=1\nsection=0\nsection_link=0\ncategory=0\ncategory_link=0\nrating=\nauthor=\ncreatedate=\nmodifydate=\npdf=\nprint=\nemail=\nkeyref=\ndocbook_type=', 1, 0, 5, '', '', 0, 0),
(45, 'Museo Nacional de Colombia', 'Museo Nacional de Colombia', '<div align="justify">El Museo Nacional es otro de nuestros clientes m&aacute;s importantes. Con nuestra tecnolog&iacute;a ac&uacute;stica y la mejor m&uacute;sica ambiental, los visitantes se sentir&aacute;n mas animados y estimulados cada vez que exploren uno a uno los rincones de este majestuoso lugar (en donde reposan los documentos y objetos m&aacute;s representativos de nuestra historia y cultura).</div><div align="justify">&nbsp;</div><div align="justify">En cada secci&oacute;n del museo podr&aacute; apreciar varios dispositivos ac&uacute;sticos montados cuidadosamente para hacer de su visita una experiencia &uacute;nica.&nbsp;</div><div align="justify">&nbsp;</div><div align="justify">Si desea conocer y explorar esta hist&oacute;rica edificaci&oacute;n, ingrese a http://www.museonacional.gov.co. o dir&iacute;jase a la Carrera 7&ordf; con Calles 28 y 29. &nbsp;&nbsp;</div>', '', 1, 5, 0, 15, '2008-01-08 16:02:27', 62, '', '0000-00-00 00:00:00', 0, 0, '0000-00-00 00:00:00', '2008-01-08 15:52:40', '0000-00-00 00:00:00', '', '', 'pageclass_sfx=\nback_button=\nitem_title=1\nlink_titles=\nintrotext=1\nsection=0\nsection_link=0\ncategory=0\ncategory_link=0\nrating=\nauthor=\ncreatedate=\nmodifydate=\npdf=\nprint=\nemail=\nkeyref=\ndocbook_type=', 1, 0, 4, '', '', 0, 0),
(46, 'Teatro Jorge Eliécer Gait', 'Teatro Jorge Eliécer Gait', '<div align="justify">Este importante escenario s&iacute;mbolo de la cultura capitalina realiza los eventos m&aacute;s importantes del pa&iacute;s, como Festivales de Teatro, Ceremonias de Premiaci&oacute;n, Conciertos, Seminarios, Conferencias, entre otros.</div><div align="justify">&nbsp;</div><div align="justify">Sonido Interno ha hecho parte importante de estos eventos: con m&aacute;s de 20 a&ntilde;os de experiencia y madurez, se han organizado grandes eventos nacionales e internacionales, la satisfacci&oacute;n de los directivos del teatro es alta. </div>', '', 1, 5, 0, 15, '2008-01-08 17:25:07', 62, '', '2008-01-08 17:25:23', 62, 0, '0000-00-00 00:00:00', '2008-01-08 16:07:07', '0000-00-00 00:00:00', '', '', 'pageclass_sfx=\nback_button=\nitem_title=1\nlink_titles=\nintrotext=1\nsection=0\nsection_link=0\ncategory=0\ncategory_link=0\nrating=\nauthor=\ncreatedate=\nmodifydate=\npdf=\nprint=\nemail=\nkeyref=\ndocbook_type=', 2, 0, 3, '', '', 0, 0),
(47, 'Servicio de Acompañamiento', 'Servicio de Acompañamiento', '<div align="justify">Una de las tareas m&aacute;s importantes de nuestro equipo de trabajo es garantizar que todo evento o actividad sea perfecta desde el comienzo hasta el final. Por esta raz&oacute;n, adicional al servicio b&aacute;sico de instalaci&oacute;n y&nbsp; montaje de sonido, Sonido Interno ofrece a sus clientes un Servicio de Acompa&ntilde;amiento, el cual consiste de:</div><div align="justify"><ul><li>Asesor&iacute;a Profesional en Log&iacute;stica de Eventos (distribuci&oacute;n de sillas, sonido, personal, p&uacute;blico).</li><li>Monitoreo exclusivo a dicho evento cubriendo toda su duraci&oacute;n.</li><li>Posicionamiento de personal en todos los rincones del evento, para garantizar la seguridad <br />en el transcurso del evento.</li></ul></div><div align="justify">Este servicio se ofrece para brindarle a sus cliente la mejor opci&oacute;n en eventos, ac&uacute;stica y m&uacute;sica ambiental. Nuestra experiencia lo acredita.&nbsp;</div><div align="justify">&nbsp;</div><div align="justify">&nbsp;</div><div align="justify">&nbsp;</div>', '', 1, 5, 0, 15, '2008-01-08 17:39:00', 62, '', '0000-00-00 00:00:00', 0, 0, '0000-00-00 00:00:00', '2008-01-08 17:26:51', '0000-00-00 00:00:00', '', '', 'pageclass_sfx=\nback_button=\nitem_title=1\nlink_titles=\nintrotext=1\nsection=0\nsection_link=0\ncategory=0\ncategory_link=0\nrating=\nauthor=\ncreatedate=\nmodifydate=\npdf=\nprint=\nemail=\nkeyref=\ndocbook_type=', 1, 0, 2, '', '', 0, 0),
(48, 'Bienvenido a Sonido Interno', '', '<div style="margin-top:0px">\r\n<!--img src="http://gfecol.suroot.com/sonidointerno/images/sonidointerno/portada.jpg" alt=" " align="middle" /-->\r\n<img src="images/sonidointerno/Tornamesa.jpg" alt=" " align="left" style="margin-left: -300px; z-index:1" /></div>\r\n<div style="z-index:100000; position:absolute; top: 425px; .margin-left:-700px;">\r\n<object style="z-index:10000;" classid="clsid:D27CDB6E-AE6D-11cf-96B8-444553540000" codebase="http://download.macromedia.com/pub/shockwave/cabs/flash/swflash.cab#version=6,0,29,0" width="700" height="140"><param name="movie" value="http://gfecol.suroot.com/sonidointerno/images/sonidointerno/banner_home.swf" /><param name="quality" value="high" /><param name="menu" value="false" /><param name="wmode" value="transparent" /><embed style="z-index:10001;" src="http://gfecol.suroot.com/sonidointerno/images/sonidointerno/banner_home.swf" wmode="transparent" quality="high" menu="false" pluginspage="http://www.macromedia.com/go/getflashplayer" type="application/x-shockwave-flash" width="650" height="120"></embed></object>\r\n</div>', '', 1, 5, 0, 15, '2008-02-18 10:34:56', 62, '', '2008-04-09 15:28:31', 62, 0, '0000-00-00 00:00:00', '2008-02-18 10:33:22', '0000-00-00 00:00:00', '', '', 'pageclass_sfx=\nback_button=0\nitem_title=0\nlink_titles=0\nintrotext=1\nsection=0\nsection_link=0\ncategory=0\ncategory_link=0\nrating=0\nauthor=0\ncreatedate=0\nmodifydate=0\npdf=0\nprint=0\nemail=0\nkeyref=\ndocbook_type=', 61, 0, 1, '', '', 0, 0),
(53, 'Otros', 'otros', '\r\n<img align="left" src="images/sonidointerno/sinfinotrosANIMATION.gif" style="padding-left: 0em; padding-top: 2em; float: left;" />\r\n<div style="float: right;">\r\n<table border="0" class="block"><tbody><tr><td class="left_top">&nbsp;</td><td class="head_back" style="color: rgb(23, 144, 215);">Otro</td><td class="right_top">&nbsp;</td></tr> <tr><td class="left">&nbsp;</td><td><p>\r\n<img height="15" width="19" src="images/arrow_b.gif" alt=" " />Panamericana<br />\r\n<img height="15" width="19" src="images/arrow_b.gif" alt=" " />Panaca Sabana<br />\r\n<img height="15" width="19" src="images/arrow_b.gif" alt=" " />Divercity<br /></p><p>&nbsp;</p></td><td class="right"><p>&nbsp;</p><p>&nbsp;</p></td></tr><tr><td class="left_bottom">&nbsp;</td><td class="bottom">&nbsp;</td><td class="right_bottom">&nbsp;</td></tr></tbody></table>\r\n</div>', '', 1, 0, 0, 0, '2008-03-25 18:12:09', 62, '', '2009-01-14 22:50:16', 69, 0, '0000-00-00 00:00:00', '2008-03-25 18:11:49', '0000-00-00 00:00:00', '', '', 'menu_image=-1\nitem_title=0\npageclass_sfx=\nback_button=\nrating=\nauthor=\ncreatedate=\nmodifydate=\npdf=\nprint=\nemail=', 1, 0, 0, '', '', 0, 102);

-- --------------------------------------------------------

-- 
-- Table structure for table `jos_content_frontpage`
-- 

CREATE TABLE `jos_content_frontpage` (
  `content_id` int(11) NOT NULL default '0',
  `ordering` int(11) NOT NULL default '0',
  PRIMARY KEY  (`content_id`)
) ENGINE=MyISAM DEFAULT CHARSET=latin1;

-- 
-- Dumping data for table `jos_content_frontpage`
-- 

INSERT INTO `jos_content_frontpage` (`content_id`, `ordering`) VALUES (48, 1);

-- --------------------------------------------------------

-- 
-- Table structure for table `jos_content_rating`
-- 

CREATE TABLE `jos_content_rating` (
  `content_id` int(11) NOT NULL default '0',
  `rating_sum` int(11) unsigned NOT NULL default '0',
  `rating_count` int(11) unsigned NOT NULL default '0',
  `lastip` varchar(50) NOT NULL default '',
  PRIMARY KEY  (`content_id`)
) ENGINE=MyISAM DEFAULT CHARSET=latin1;

-- 
-- Dumping data for table `jos_content_rating`
-- 


-- --------------------------------------------------------

-- 
-- Table structure for table `jos_core_acl_aro`
-- 

CREATE TABLE `jos_core_acl_aro` (
  `aro_id` int(11) NOT NULL auto_increment,
  `section_value` varchar(240) NOT NULL default '0',
  `value` varchar(240) NOT NULL default '',
  `order_value` int(11) NOT NULL default '0',
  `name` varchar(255) NOT NULL default '',
  `hidden` int(11) NOT NULL default '0',
  PRIMARY KEY  (`aro_id`),
  UNIQUE KEY `jos_gacl_section_value_value_aro` (`section_value`(100),`value`(100)),
  KEY `jos_gacl_hidden_aro` (`hidden`)
) ENGINE=MyISAM AUTO_INCREMENT=26 DEFAULT CHARSET=latin1 AUTO_INCREMENT=26 ;

-- 
-- Dumping data for table `jos_core_acl_aro`
-- 

INSERT INTO `jos_core_acl_aro` (`aro_id`, `section_value`, `value`, `order_value`, `name`, `hidden`) VALUES (10, 'users', '62', 0, 'Administrator', 0),
(11, 'users', '63', 0, 'Germán Fonseca', 0),
(23, 'users', '75', 0, 'Panamericana Autopista 170', 0),
(22, 'users', '74', 0, 'Panamericana calle 72', 0),
(20, 'users', '72', 0, 'Jose Vicente Anda', 0),
(17, 'users', '69', 0, 'Alejandro Huertas', 0),
(18, 'users', '70', 0, 'Ricardo Obregón', 0),
(19, 'users', '71', 0, 'Juan Ávila', 0),
(21, 'users', '73', 0, 'Fernando Barco', 0),
(24, 'users', '76', 0, 'Tatiana Namen', 0),
(25, 'users', '77', 0, 'Camilo Rodriguez', 0);

-- --------------------------------------------------------

-- 
-- Table structure for table `jos_core_acl_aro_groups`
-- 

CREATE TABLE `jos_core_acl_aro_groups` (
  `group_id` int(11) NOT NULL auto_increment,
  `parent_id` int(11) NOT NULL default '0',
  `name` varchar(255) NOT NULL default '',
  `lft` int(11) NOT NULL default '0',
  `rgt` int(11) NOT NULL default '0',
  PRIMARY KEY  (`group_id`),
  KEY `parent_id_aro_groups` (`parent_id`),
  KEY `jos_gacl_parent_id_aro_groups` (`parent_id`),
  KEY `jos_gacl_lft_rgt_aro_groups` (`lft`,`rgt`)
) ENGINE=MyISAM AUTO_INCREMENT=31 DEFAULT CHARSET=latin1 AUTO_INCREMENT=31 ;

-- 
-- Dumping data for table `jos_core_acl_aro_groups`
-- 

INSERT INTO `jos_core_acl_aro_groups` (`group_id`, `parent_id`, `name`, `lft`, `rgt`) VALUES (17, 0, 'ROOT', 1, 22),
(28, 17, 'USERS', 2, 21),
(29, 28, 'Public Frontend', 3, 12),
(18, 29, 'Registered', 4, 11),
(19, 18, 'Author', 5, 10),
(20, 19, 'Editor', 6, 9),
(21, 20, 'Publisher', 7, 8),
(30, 28, 'Public Backend', 13, 20),
(23, 30, 'Manager', 14, 19),
(24, 23, 'Administrator', 15, 18),
(25, 24, 'Super Administrator', 16, 17);

-- --------------------------------------------------------

-- 
-- Table structure for table `jos_core_acl_aro_sections`
-- 

CREATE TABLE `jos_core_acl_aro_sections` (
  `section_id` int(11) NOT NULL auto_increment,
  `value` varchar(230) NOT NULL default '',
  `order_value` int(11) NOT NULL default '0',
  `name` varchar(230) NOT NULL default '',
  `hidden` int(11) NOT NULL default '0',
  PRIMARY KEY  (`section_id`),
  UNIQUE KEY `value_aro_sections` (`value`),
  UNIQUE KEY `jos_gacl_value_aro_sections` (`value`),
  KEY `hidden_aro_sections` (`hidden`),
  KEY `jos_gacl_hidden_aro_sections` (`hidden`)
) ENGINE=MyISAM AUTO_INCREMENT=11 DEFAULT CHARSET=latin1 AUTO_INCREMENT=11 ;

-- 
-- Dumping data for table `jos_core_acl_aro_sections`
-- 

INSERT INTO `jos_core_acl_aro_sections` (`section_id`, `value`, `order_value`, `name`, `hidden`) VALUES (10, 'users', 1, 'Users', 0);

-- --------------------------------------------------------

-- 
-- Table structure for table `jos_core_acl_groups_aro_map`
-- 

CREATE TABLE `jos_core_acl_groups_aro_map` (
  `group_id` int(11) NOT NULL default '0',
  `section_value` varchar(240) NOT NULL default '',
  `aro_id` int(11) NOT NULL default '0',
  UNIQUE KEY `group_id_aro_id_groups_aro_map` (`group_id`,`section_value`,`aro_id`)
) ENGINE=MyISAM DEFAULT CHARSET=latin1;

-- 
-- Dumping data for table `jos_core_acl_groups_aro_map`
-- 

INSERT INTO `jos_core_acl_groups_aro_map` (`group_id`, `section_value`, `aro_id`) VALUES (18, '', 21),
(18, '', 22),
(18, '', 23),
(18, '', 24),
(18, '', 25),
(24, '', 11),
(24, '', 17),
(24, '', 19),
(24, '', 20),
(25, '', 10),
(25, '', 18);

-- --------------------------------------------------------

-- 
-- Table structure for table `jos_core_log_items`
-- 

CREATE TABLE `jos_core_log_items` (
  `time_stamp` date NOT NULL default '0000-00-00',
  `item_table` varchar(50) NOT NULL default '',
  `item_id` int(11) unsigned NOT NULL default '0',
  `hits` int(11) unsigned NOT NULL default '0'
) ENGINE=MyISAM DEFAULT CHARSET=latin1;

-- 
-- Dumping data for table `jos_core_log_items`
-- 

INSERT INTO `jos_core_log_items` (`time_stamp`, `item_table`, `item_id`, `hits`) VALUES ('2007-12-27', '#__content', 38, 9),
('2007-12-27', '#__content', 17, 2),
('2007-12-27', '#__content', 4, 9),
('2007-12-27', '#__content', 39, 2),
('2007-12-27', '#__content', 33, 1),
('2007-12-27', '#__content', 15, 1),
('2007-12-27', '#__content', 14, 1),
('2007-12-27', '#__content', 32, 1),
('2007-12-27', '#__content', 26, 1),
('2007-12-27', '#__content', 20, 1),
('2007-12-27', '#__content', 19, 1),
('2007-12-27', '#__content', 5, 1),
('2007-12-27', '#__content', 40, 10),
('2007-12-27', '#__content', 41, 4),
('2007-12-27', '#__content', 42, 1),
('2007-12-27', '#__content', 43, 1),
('2007-12-27', '#__content', 21, 1),
('2007-12-27', '#__content', 16, 1),
('2007-12-27', '#__content', 1, 1),
('2007-12-27', '#__content', 37, 1),
('2007-12-27', '#__content', 35, 1),
('2007-12-27', '#__content', 31, 1),
('2007-12-27', '#__content', 27, 1),
('2007-12-27', '#__content', 22, 1),
('2007-12-27', '#__content', 23, 1),
('2007-12-27', '#__content', 7, 1),
('2007-12-27', '#__content', 6, 3),
('2008-01-02', '#__content', 41, 25),
('2008-01-02', '#__content', 43, 4),
('2008-01-02', '#__content', 4, 3),
('2008-01-02', '#__content', 42, 2),
('2008-01-02', '#__content', 40, 3),
('2008-01-02', '#__content', 39, 1),
('2008-01-03', '#__content', 41, 3),
('2008-01-03', '#__content', 42, 1),
('2008-01-03', '#__content', 39, 2),
('2008-01-03', '#__content', 37, 1),
('2008-01-03', '#__content', 35, 1),
('2008-01-03', '#__content', 31, 1),
('2008-01-03', '#__content', 27, 1),
('2008-01-03', '#__content', 32, 1),
('2008-01-03', '#__content', 19, 1),
('2008-01-03', '#__content', 21, 1),
('2008-01-04', '#__content', 41, 3),
('2008-01-04', '#__content', 39, 1),
('2008-01-07', '#__content', 41, 2),
('2008-01-07', '#__content', 4, 2),
('2008-01-07', '#__content', 21, 1),
('2008-01-07', '#__content', 16, 1),
('2008-01-07', '#__content', 1, 1),
('2008-01-07', '#__content', 32, 1),
('2008-01-07', '#__content', 26, 2),
('2008-01-07', '#__content', 20, 1),
('2008-01-07', '#__content', 42, 1),
('2008-01-08', '#__content', 41, 9),
('2008-01-08', '#__content', 4, 3),
('2008-01-08', '#__content', 42, 4),
('2008-01-08', '#__content', 40, 4),
('2008-01-08', '#__content', 39, 1),
('2008-01-08', '#__content', 37, 1),
('2008-01-08', '#__content', 35, 1),
('2008-01-08', '#__content', 31, 1),
('2008-01-08', '#__content', 27, 1),
('2008-01-08', '#__content', 22, 1),
('2008-01-08', '#__content', 23, 1),
('2008-01-08', '#__content', 7, 1),
('2008-01-08', '#__content', 6, 1),
('2008-01-08', '#__content', 32, 2),
('2008-01-08', '#__content', 26, 2),
('2008-01-08', '#__content', 20, 2),
('2008-01-08', '#__content', 19, 2),
('2008-01-08', '#__content', 5, 1),
('2008-01-08', '#__content', 1, 1),
('2008-01-08', '#__content', 16, 1),
('2008-01-08', '#__content', 21, 1),
('2008-01-09', '#__content', 41, 36),
('2008-01-09', '#__content', 4, 2),
('2008-01-09', '#__content', 21, 1),
('2008-01-09', '#__content', 16, 1),
('2008-01-10', '#__content', 40, 1),
('2008-01-10', '#__content', 41, 8),
('2008-01-10', '#__content', 4, 2),
('2008-01-10', '#__content', 33, 2),
('2008-01-10', '#__content', 17, 2),
('2008-01-10', '#__content', 15, 2),
('2008-01-10', '#__content', 14, 1),
('2008-01-10', '#__content', 42, 3),
('2008-01-10', '#__content', 39, 4),
('2008-01-11', '#__content', 41, 4),
('2008-01-11', '#__content', 40, 1),
('2008-01-11', '#__content', 42, 1),
('2008-01-11', '#__content', 39, 1),
('2008-01-11', '#__content', 32, 1),
('2008-01-14', '#__content', 41, 1),
('2008-01-14', '#__content', 4, 3),
('2008-01-15', '#__content', 41, 7),
('2008-01-15', '#__content', 40, 1),
('2008-01-15', '#__content', 39, 1),
('2008-01-16', '#__content', 41, 2),
('2008-01-16', '#__content', 42, 1),
('2008-01-16', '#__content', 39, 3),
('2008-01-17', '#__content', 39, 1),
('2008-01-17', '#__content', 4, 4),
('2008-01-18', '#__content', 4, 6),
('2008-01-18', '#__content', 21, 1),
('2008-01-18', '#__content', 39, 6),
('2008-01-18', '#__content', 40, 3),
('2008-01-19', '#__content', 4, 2),
('2008-01-21', '#__content', 39, 34),
('2008-01-21', '#__content', 40, 1),
('2008-01-21', '#__content', 4, 2),
('2008-01-21', '#__content', 41, 5),
('2008-01-22', '#__content', 39, 1),
('2008-01-22', '#__content', 4, 4),
('2008-01-22', '#__content', 41, 13),
('2008-01-22', '#__content', 21, 1),
('2008-01-22', '#__content', 16, 1),
('2008-01-22', '#__content', 1, 1),
('2008-01-22', '#__content', 19, 2),
('2008-01-22', '#__content', 42, 1),
('2008-01-23', '#__content', 4, 1),
('2008-02-01', '#__content', 40, 2),
('2008-02-01', '#__content', 42, 1),
('2008-02-01', '#__content', 4, 1),
('2008-02-14', '#__content', 41, 1),
('2008-02-14', '#__content', 16, 1),
('2008-02-18', '#__content', 41, 1),
('2008-02-18', '#__content', 4, 1),
('2008-02-18', '#__content', 21, 1),
('2008-02-18', '#__content', 16, 1),
('2008-02-20', '#__content', 40, 1),
('2008-02-22', '#__content', 40, 1),
('2008-02-22', '#__content', 1, 1),
('2008-02-22', '#__content', 16, 2),
('2008-02-27', '#__content', 4, 1),
('2008-02-29', '#__content', 41, 1),
('2008-02-29', '#__content', 4, 2),
('2008-03-03', '#__content', 4, 4),
('2008-03-04', '#__content', 4, 16),
('2008-03-04', '#__content', 41, 47),
('2008-03-04', '#__content', 42, 33),
('2008-03-04', '#__content', 39, 46),
('2008-03-04', '#__content', 33, 3),
('2008-03-04', '#__content', 17, 1),
('2008-03-04', '#__content', 15, 1),
('2008-03-04', '#__content', 14, 1),
('2008-03-04', '#__content', 32, 1),
('2008-03-04', '#__content', 26, 1),
('2008-03-04', '#__content', 20, 1),
('2008-03-04', '#__content', 19, 1),
('2008-03-04', '#__content', 5, 1),
('2008-03-04', '#__content', 21, 1),
('2008-03-04', '#__content', 16, 1),
('2008-03-04', '#__content', 1, 1),
('2008-03-04', '#__content', 37, 1),
('2008-03-04', '#__content', 35, 1),
('2008-03-04', '#__content', 31, 1),
('2008-03-04', '#__content', 22, 1),
('2008-03-04', '#__content', 7, 1),
('2008-03-04', '#__content', 40, 7),
('2008-03-05', '#__content', 41, 1),
('2008-03-05', '#__content', 42, 1),
('2008-03-05', '#__content', 39, 1),
('2008-03-07', '#__content', 4, 1),
('2008-03-07', '#__content', 41, 1),
('2008-03-07', '#__content', 42, 1),
('2008-03-07', '#__content', 40, 3),
('2008-03-07', '#__content', 39, 1),
('2008-03-10', '#__content', 41, 5),
('2008-03-11', '#__content', 41, 8),
('2008-03-11', '#__content', 42, 9),
('2008-03-11', '#__content', 39, 4),
('2008-03-11', '#__content', 4, 10),
('2008-03-11', '#__content', 21, 1),
('2008-03-12', '#__content', 4, 3),
('2008-03-12', '#__content', 16, 1),
('2008-03-12', '#__content', 1, 1),
('2008-03-12', '#__content', 33, 1),
('2008-03-14', '#__content', 41, 1),
('2008-03-14', '#__content', 42, 1),
('2008-03-14', '#__content', 39, 1),
('2008-03-14', '#__content', 4, 8),
('2008-03-14', '#__content', 33, 1),
('2008-03-14', '#__content', 17, 1),
('2008-03-14', '#__content', 15, 1),
('2008-03-14', '#__content', 14, 1),
('2008-03-14', '#__content', 40, 9),
('2008-03-25', '#__content', 33, 1),
('2008-03-25', '#__content', 17, 2),
('2008-03-25', '#__content', 37, 4),
('2008-03-25', '#__content', 39, 3),
('2008-03-25', '#__content', 50, 6),
('2008-03-25', '#__content', 51, 2),
('2008-03-25', '#__content', 52, 1),
('2008-03-25', '#__content', 42, 3),
('2008-03-25', '#__content', 49, 1),
('2008-03-26', '#__content', 41, 7),
('2008-03-26', '#__content', 4, 100),
('2008-03-26', '#__content', 50, 45),
('2008-03-26', '#__content', 51, 3),
('2008-03-26', '#__content', 52, 5),
('2008-03-26', '#__content', 53, 1),
('2008-03-26', '#__content', 42, 1),
('2008-03-26', '#__content', 39, 6),
('2008-03-26', '#__content', 49, 1),
('2008-03-26', '#__content', 40, 5),
('2008-03-26', '#__content', 17, 4),
('2008-03-27', '#__content', 4, 6),
('2008-03-27', '#__content', 4, 6),
('2008-03-27', '#__content', 42, 2),
('2008-03-27', '#__content', 52, 2),
('2008-03-27', '#__content', 50, 2),
('2008-03-27', '#__content', 51, 2),
('2008-03-27', '#__content', 41, 2),
('2008-03-27', '#__content', 53, 1),
('2008-03-28', '#__content', 4, 56),
('2008-03-28', '#__content', 41, 140),
('2008-03-28', '#__content', 42, 63),
('2008-03-28', '#__content', 39, 38),
('2008-03-28', '#__content', 49, 48),
('2008-03-28', '#__content', 50, 6),
('2008-03-31', '#__content', 4, 9),
('2008-03-31', '#__content', 41, 7),
('2008-03-31', '#__content', 42, 4),
('2008-03-31', '#__content', 39, 5),
('2008-03-31', '#__content', 49, 3),
('2008-04-01', '#__content', 41, 19),
('2008-04-01', '#__content', 42, 12),
('2008-04-01', '#__content', 4, 16),
('2008-04-01', '#__content', 39, 14),
('2008-04-01', '#__content', 50, 4),
('2008-04-01', '#__content', 49, 5),
('2008-04-01', '#__content', 51, 2),
('2008-04-01', '#__content', 52, 3),
('2008-04-01', '#__content', 53, 2),
('2008-04-08', '#__content', 41, 1),
('2008-04-09', '#__content', 41, 125),
('2008-04-09', '#__content', 42, 45),
('2008-04-09', '#__content', 39, 169),
('2008-04-09', '#__content', 4, 63),
('2008-04-09', '#__content', 49, 34),
('2008-04-09', '#__content', 50, 10),
('2008-04-09', '#__content', 51, 13),
('2008-04-09', '#__content', 52, 9),
('2008-04-09', '#__content', 53, 6),
('2008-04-10', '#__content', 41, 1),
('2008-04-10', '#__content', 39, 1),
('2008-04-10', '#__content', 49, 1),
('2008-04-10', '#__content', 42, 1),
('2008-04-10', '#__content', 4, 4),
('2008-04-10', '#__content', 50, 2),
('2008-04-10', '#__content', 51, 1),
('2008-04-10', '#__content', 52, 3),
('2008-04-10', '#__content', 53, 1),
('2008-04-14', '#__content', 41, 3),
('2008-04-14', '#__content', 42, 2),
('2008-04-14', '#__content', 39, 3),
('2008-04-14', '#__content', 49, 3),
('2008-04-14', '#__content', 4, 3),
('2008-04-14', '#__content', 50, 2),
('2008-04-14', '#__content', 51, 1),
('2008-04-14', '#__content', 52, 1),
('2008-04-14', '#__content', 53, 1),
('2008-04-16', '#__content', 41, 6),
('2008-04-16', '#__content', 4, 5),
('2008-04-16', '#__content', 42, 3),
('2008-04-16', '#__content', 39, 2),
('2008-04-16', '#__content', 49, 2),
('2008-04-17', '#__content', 41, 1),
('2008-04-17', '#__content', 42, 1),
('2008-04-17', '#__content', 39, 1),
('2008-04-17', '#__content', 52, 1),
('2008-04-17', '#__content', 51, 1),
('2008-04-17', '#__content', 4, 1),
('2008-04-18', '#__content', 41, 4),
('2008-04-18', '#__content', 4, 5),
('2008-04-18', '#__content', 51, 2),
('2008-04-18', '#__content', 49, 1),
('2008-04-18', '#__content', 50, 2),
('2008-04-18', '#__content', 52, 2),
('2008-04-18', '#__content', 53, 1),
('2008-04-21', '#__content', 52, 4),
('2008-04-21', '#__content', 51, 2),
('2008-04-21', '#__content', 50, 1),
('2008-04-21', '#__content', 53, 1),
('2008-04-22', '#__content', 52, 1),
('2008-04-22', '#__content', 51, 2),
('2008-04-22', '#__content', 50, 2),
('2008-04-22', '#__content', 41, 2),
('2008-04-23', '#__content', 41, 4),
('2008-04-23', '#__content', 4, 5),
('2008-04-23', '#__content', 50, 6),
('2008-04-23', '#__content', 52, 7),
('2008-04-23', '#__content', 42, 2),
('2008-04-23', '#__content', 39, 2),
('2008-04-23', '#__content', 51, 7),
('2008-04-23', '#__content', 53, 3),
('2008-04-25', '#__content', 52, 1),
('2008-04-25', '#__content', 51, 2),
('2008-04-25', '#__content', 4, 2),
('2008-04-25', '#__content', 41, 1),
('2008-04-28', '#__content', 51, 29),
('2008-04-28', '#__content', 53, 7),
('2008-04-28', '#__content', 50, 23),
('2008-04-28', '#__content', 52, 10),
('2008-04-28', '#__content', 4, 4),
('2008-04-28', '#__content', 41, 1),
('2008-04-29', '#__content', 50, 1),
('2008-04-29', '#__content', 51, 1),
('2008-04-29', '#__content', 52, 1),
('2008-04-29', '#__content', 53, 1),
('2008-04-29', '#__content', 4, 1),
('2008-04-29', '#__content', 41, 1),
('2008-04-29', '#__content', 42, 1),
('2008-04-29', '#__content', 39, 1),
('2008-04-29', '#__content', 49, 1),
('2008-04-30', '#__content', 4, 1),
('2008-04-30', '#__content', 51, 1),
('2008-04-30', '#__content', 52, 1),
('2008-04-30', '#__content', 53, 1),
('2008-04-30', '#__content', 50, 1),
('2008-04-30', '#__content', 41, 1),
('2008-04-30', '#__content', 42, 1),
('2008-04-30', '#__content', 39, 1),
('2008-04-30', '#__content', 49, 1),
('2008-05-03', '#__content', 4, 4),
('2008-05-03', '#__content', 41, 3),
('2008-05-03', '#__content', 52, 2),
('2008-05-03', '#__content', 51, 1),
('2008-05-03', '#__content', 39, 1),
('2008-05-07', '#__content', 4, 1),
('2008-05-07', '#__content', 52, 1),
('2008-05-09', '#__content', 42, 5),
('2008-05-09', '#__content', 4, 17),
('2008-05-09', '#__content', 41, 8),
('2008-05-09', '#__content', 52, 7),
('2008-05-09', '#__content', 51, 5),
('2008-05-09', '#__content', 39, 4),
('2008-05-09', '#__content', 49, 3),
('2008-05-09', '#__content', 50, 6),
('2008-05-09', '#__content', 53, 3),
('2008-05-10', '#__content', 53, 1),
('2008-05-10', '#__content', 50, 5),
('2008-05-10', '#__content', 4, 8),
('2008-05-10', '#__content', 41, 5),
('2008-05-10', '#__content', 42, 4),
('2008-05-10', '#__content', 39, 2),
('2008-05-10', '#__content', 49, 2),
('2008-05-10', '#__content', 51, 2),
('2008-05-10', '#__content', 52, 1),
('2008-05-11', '#__content', 41, 3),
('2008-05-11', '#__content', 4, 9),
('2008-05-11', '#__content', 50, 2),
('2008-05-11', '#__content', 51, 1),
('2008-05-11', '#__content', 52, 2),
('2008-05-11', '#__content', 53, 1),
('2008-05-11', '#__content', 39, 1),
('2008-05-12', '#__content', 4, 3),
('2008-05-12', '#__content', 51, 1),
('2008-05-12', '#__content', 41, 1),
('2008-05-13', '#__content', 41, 4),
('2008-05-13', '#__content', 42, 1),
('2008-05-13', '#__content', 39, 1),
('2008-05-13', '#__content', 49, 1),
('2008-05-13', '#__content', 4, 4),
('2008-05-13', '#__content', 50, 2),
('2008-05-13', '#__content', 53, 2),
('2008-05-13', '#__content', 52, 3),
('2008-05-13', '#__content', 51, 2),
('2008-05-14', '#__content', 4, 3),
('2008-05-14', '#__content', 52, 4),
('2008-05-14', '#__content', 50, 3),
('2008-05-14', '#__content', 39, 2),
('2008-05-14', '#__content', 41, 2),
('2008-05-14', '#__content', 42, 1),
('2008-05-14', '#__content', 49, 1),
('2008-05-14', '#__content', 51, 1),
('2008-05-14', '#__content', 53, 1),
('2008-05-15', '#__content', 50, 3),
('2008-05-15', '#__content', 51, 3),
('2008-05-15', '#__content', 52, 4),
('2008-05-15', '#__content', 53, 2),
('2008-05-15', '#__content', 41, 3),
('2008-05-15', '#__content', 42, 1),
('2008-05-15', '#__content', 39, 2),
('2008-05-15', '#__content', 49, 1),
('2008-05-15', '#__content', 4, 3),
('2008-05-18', '#__content', 4, 1),
('2008-05-18', '#__content', 41, 1),
('2008-05-19', '#__content', 41, 1),
('2008-05-19', '#__content', 4, 2),
('2008-05-19', '#__content', 39, 1),
('2008-05-20', '#__content', 50, 7),
('2008-05-20', '#__content', 51, 2),
('2008-05-20', '#__content', 52, 4),
('2008-05-20', '#__content', 53, 2),
('2008-05-20', '#__content', 4, 7),
('2008-05-20', '#__content', 39, 2),
('2008-05-21', '#__content', 39, 9),
('2008-05-21', '#__content', 41, 18),
('2008-05-21', '#__content', 42, 3),
('2008-05-21', '#__content', 4, 4),
('2008-05-21', '#__content', 49, 4),
('2008-05-21', '#__content', 50, 1),
('2008-05-21', '#__content', 51, 1),
('2008-05-21', '#__content', 52, 1),
('2008-05-21', '#__content', 53, 1),
('2008-05-22', '#__content', 42, 1),
('2008-05-22', '#__content', 49, 1),
('2008-05-22', '#__content', 39, 1),
('2008-05-22', '#__content', 50, 5),
('2008-05-22', '#__content', 4, 2),
('2008-05-22', '#__content', 41, 1),
('2008-05-22', '#__content', 52, 2),
('2008-05-22', '#__content', 51, 3),
('2008-05-22', '#__content', 53, 1),
('2008-05-27', '#__content', 41, 16),
('2008-05-27', '#__content', 4, 18),
('2008-05-27', '#__content', 52, 19),
('2008-05-27', '#__content', 51, 27),
('2008-05-27', '#__content', 50, 28),
('2008-05-27', '#__content', 53, 7),
('2008-05-27', '#__content', 49, 3),
('2008-05-27', '#__content', 42, 7),
('2008-05-27', '#__content', 39, 5),
('2008-05-28', '#__content', 4, 1),
('2008-05-28', '#__content', 41, 1),
('2008-05-28', '#__content', 49, 1),
('2008-05-29', '#__content', 51, 1),
('2008-05-30', '#__content', 4, 2),
('2008-05-30', '#__content', 50, 1),
('2008-05-30', '#__content', 41, 1),
('2008-05-30', '#__content', 53, 1),
('2008-06-03', '#__content', 4, 2),
('2008-06-03', '#__content', 50, 2),
('2008-06-03', '#__content', 52, 1),
('2008-06-03', '#__content', 51, 1),
('2008-06-03', '#__content', 53, 1),
('2008-06-03', '#__content', 41, 1),
('2008-06-03', '#__content', 42, 1),
('2008-06-03', '#__content', 39, 1),
('2008-06-03', '#__content', 49, 1),
('2008-06-04', '#__content', 52, 1),
('2008-06-04', '#__content', 50, 1),
('2008-06-04', '#__content', 53, 1),
('2008-06-04', '#__content', 51, 1),
('2008-06-04', '#__content', 41, 1),
('2008-06-04', '#__content', 4, 1),
('2008-06-05', '#__content', 50, 1),
('2008-06-05', '#__content', 51, 1),
('2008-06-05', '#__content', 52, 1),
('2008-06-05', '#__content', 53, 2),
('2008-06-05', '#__content', 41, 1),
('2008-06-05', '#__content', 42, 1),
('2008-06-05', '#__content', 39, 1),
('2008-06-05', '#__content', 49, 1),
('2008-06-07', '#__content', 4, 1),
('2008-06-07', '#__content', 41, 1),
('2008-06-07', '#__content', 52, 1),
('2008-06-08', '#__content', 41, 1),
('2008-06-08', '#__content', 4, 1),
('2008-06-08', '#__content', 50, 1),
('2008-06-08', '#__content', 51, 1),
('2008-06-08', '#__content', 52, 1),
('2008-06-09', '#__content', 4, 1),
('2008-06-12', '#__content', 41, 1),
('2008-06-12', '#__content', 4, 3),
('2008-06-12', '#__content', 50, 2),
('2008-06-12', '#__content', 51, 2),
('2008-06-12', '#__content', 52, 2),
('2008-06-12', '#__content', 53, 2),
('2008-06-13', '#__content', 39, 1),
('2008-06-13', '#__content', 53, 1),
('2008-06-13', '#__content', 50, 2),
('2008-06-13', '#__content', 51, 2),
('2008-06-13', '#__content', 52, 1),
('2008-06-13', '#__content', 41, 3),
('2008-06-13', '#__content', 42, 1),
('2008-06-13', '#__content', 4, 2),
('2008-06-16', '#__content', 41, 3),
('2008-06-16', '#__content', 4, 2),
('2008-06-16', '#__content', 42, 1),
('2008-06-16', '#__content', 39, 1),
('2008-06-16', '#__content', 49, 1),
('2008-06-16', '#__content', 50, 2),
('2008-06-16', '#__content', 51, 2),
('2008-06-16', '#__content', 52, 2),
('2008-06-16', '#__content', 53, 1),
('2008-06-17', '#__content', 41, 1),
('2008-06-17', '#__content', 4, 1),
('2008-06-17', '#__content', 52, 1),
('2008-06-18', '#__content', 4, 1),
('2008-06-20', '#__content', 41, 3),
('2008-06-20', '#__content', 4, 1),
('2008-06-20', '#__content', 50, 2),
('2008-06-20', '#__content', 51, 1),
('2008-06-20', '#__content', 52, 1),
('2008-06-20', '#__content', 53, 1),
('2008-06-23', '#__content', 42, 1),
('2008-06-24', '#__content', 41, 1),
('2008-06-24', '#__content', 50, 1),
('2008-06-24', '#__content', 51, 1),
('2008-06-24', '#__content', 52, 1),
('2008-06-24', '#__content', 53, 1),
('2008-06-26', '#__content', 4, 2),
('2008-06-26', '#__content', 50, 1),
('2008-06-26', '#__content', 51, 1),
('2008-06-26', '#__content', 52, 1),
('2008-06-26', '#__content', 53, 1),
('2008-06-26', '#__content', 41, 1),
('2008-06-26', '#__content', 42, 1),
('2008-06-26', '#__content', 39, 1),
('2008-06-26', '#__content', 49, 1),
('2008-06-27', '#__content', 41, 3),
('2008-06-27', '#__content', 42, 2),
('2008-06-27', '#__content', 39, 3),
('2008-06-27', '#__content', 4, 3),
('2008-06-27', '#__content', 49, 3),
('2008-06-27', '#__content', 52, 3),
('2008-06-27', '#__content', 50, 1),
('2008-06-27', '#__content', 51, 1),
('2008-06-27', '#__content', 53, 1),
('2008-06-30', '#__content', 4, 1),
('2008-07-01', '#__content', 4, 1),
('2008-07-01', '#__content', 52, 1),
('2008-07-01', '#__content', 50, 1),
('2008-07-01', '#__content', 49, 1),
('2008-07-02', '#__content', 4, 3),
('2008-07-02', '#__content', 50, 1),
('2008-07-02', '#__content', 52, 1),
('2008-07-03', '#__content', 41, 1),
('2008-07-03', '#__content', 42, 1),
('2008-07-03', '#__content', 39, 2),
('2008-07-03', '#__content', 49, 1),
('2008-07-03', '#__content', 4, 1),
('2008-07-03', '#__content', 50, 1),
('2008-07-03', '#__content', 52, 1),
('2008-07-03', '#__content', 51, 1),
('2008-07-04', '#__content', 41, 2),
('2008-07-04', '#__content', 42, 1),
('2008-07-04', '#__content', 39, 1),
('2008-07-04', '#__content', 4, 3),
('2008-07-04', '#__content', 50, 1),
('2008-07-04', '#__content', 51, 1),
('2008-07-08', '#__content', 41, 1),
('2008-07-08', '#__content', 4, 1),
('2008-07-10', '#__content', 4, 1),
('2008-07-15', '#__content', 4, 2),
('2008-07-17', '#__content', 41, 1),
('2008-07-17', '#__content', 4, 2),
('2008-07-17', '#__content', 50, 1),
('2008-07-17', '#__content', 51, 1),
('2008-07-18', '#__content', 4, 1),
('2008-07-18', '#__content', 50, 1),
('2008-07-18', '#__content', 51, 1),
('2008-07-18', '#__content', 52, 1),
('2008-07-18', '#__content', 53, 1),
('2008-07-18', '#__content', 49, 1),
('2008-07-22', '#__content', 41, 1),
('2008-07-22', '#__content', 4, 1),
('2008-07-22', '#__content', 52, 1),
('2008-07-25', '#__content', 4, 1),
('2008-07-26', '#__content', 41, 1),
('2008-07-27', '#__content', 41, 1),
('2008-07-28', '#__content', 41, 1),
('2008-07-30', '#__content', 52, 1),
('2008-07-30', '#__content', 51, 1),
('2008-07-30', '#__content', 4, 1),
('2008-08-01', '#__content', 4, 1),
('2008-08-01', '#__content', 50, 1),
('2008-08-01', '#__content', 52, 1),
('2008-08-01', '#__content', 51, 1),
('2008-08-01', '#__content', 53, 1),
('2008-08-01', '#__content', 41, 1),
('2008-08-06', '#__content', 4, 5),
('2008-08-06', '#__content', 42, 3),
('2008-08-06', '#__content', 52, 4),
('2008-08-06', '#__content', 41, 2),
('2008-08-06', '#__content', 51, 3),
('2008-08-06', '#__content', 50, 3),
('2008-08-06', '#__content', 49, 2),
('2008-08-06', '#__content', 53, 1),
('2008-08-06', '#__content', 39, 1),
('2008-08-11', '#__content', 41, 1),
('2008-08-11', '#__content', 4, 1),
('2008-08-12', '#__content', 4, 3),
('2008-08-13', '#__content', 4, 5),
('2008-08-13', '#__content', 41, 1),
('2008-08-13', '#__content', 50, 1),
('2008-08-13', '#__content', 52, 1),
('2008-08-13', '#__content', 51, 1),
('2008-08-13', '#__content', 53, 1),
('2008-08-13', '#__content', 42, 1),
('2008-08-13', '#__content', 49, 1),
('2008-08-14', '#__content', 4, 5),
('2008-08-14', '#__content', 41, 3),
('2008-08-14', '#__content', 50, 3),
('2008-08-14', '#__content', 51, 3),
('2008-08-14', '#__content', 52, 2),
('2008-08-14', '#__content', 53, 2),
('2008-08-14', '#__content', 42, 3),
('2008-08-14', '#__content', 49, 2),
('2008-08-14', '#__content', 39, 3),
('2008-08-16', '#__content', 41, 2),
('2008-08-16', '#__content', 42, 1),
('2008-08-16', '#__content', 39, 1),
('2008-08-16', '#__content', 4, 1),
('2008-08-20', '#__content', 41, 4),
('2008-08-20', '#__content', 4, 6),
('2008-08-20', '#__content', 52, 4),
('2008-08-20', '#__content', 42, 2),
('2008-08-20', '#__content', 39, 2),
('2008-08-20', '#__content', 49, 1),
('2008-08-20', '#__content', 50, 3),
('2008-08-20', '#__content', 51, 3),
('2008-08-20', '#__content', 53, 2),
('2008-08-21', '#__content', 41, 2),
('2008-08-21', '#__content', 4, 3),
('2008-08-21', '#__content', 52, 1),
('2008-08-22', '#__content', 4, 2),
('2008-08-27', '#__content', 52, 1),
('2008-08-27', '#__content', 53, 2),
('2008-08-27', '#__content', 51, 1),
('2008-08-28', '#__content', 41, 1),
('2008-08-28', '#__content', 42, 2),
('2008-08-28', '#__content', 39, 1),
('2008-08-28', '#__content', 49, 2),
('2008-08-28', '#__content', 4, 2),
('2008-08-28', '#__content', 50, 1),
('2008-08-28', '#__content', 52, 1),
('2008-08-28', '#__content', 51, 1),
('2008-08-28', '#__content', 53, 1),
('2008-09-05', '#__content', 4, 2),
('2008-09-06', '#__content', 50, 1),
('2008-09-06', '#__content', 52, 1),
('2008-09-06', '#__content', 51, 1),
('2008-09-06', '#__content', 53, 1),
('2008-09-08', '#__content', 49, 1),
('2008-09-08', '#__content', 41, 2),
('2008-09-08', '#__content', 42, 2),
('2008-09-08', '#__content', 39, 3),
('2008-09-08', '#__content', 50, 2),
('2008-09-08', '#__content', 51, 2),
('2008-09-08', '#__content', 52, 2),
('2008-09-08', '#__content', 53, 2),
('2008-09-08', '#__content', 4, 1),
('2008-09-09', '#__content', 39, 1),
('2008-09-09', '#__content', 49, 1),
('2008-09-10', '#__content', 4, 2),
('2008-09-10', '#__content', 41, 1),
('2008-09-10', '#__content', 52, 1),
('2008-09-10', '#__content', 53, 1),
('2008-09-15', '#__content', 41, 1),
('2008-09-15', '#__content', 50, 3),
('2008-09-15', '#__content', 52, 1),
('2008-09-16', '#__content', 41, 1),
('2008-09-16', '#__content', 4, 1),
('2008-09-16', '#__content', 42, 1),
('2008-09-16', '#__content', 39, 1),
('2008-09-17', '#__content', 41, 2),
('2008-09-17', '#__content', 42, 2),
('2008-09-17', '#__content', 50, 2),
('2008-09-17', '#__content', 39, 1),
('2008-09-17', '#__content', 4, 1),
('2008-09-17', '#__content', 49, 1),
('2008-09-17', '#__content', 51, 2),
('2008-09-17', '#__content', 52, 1),
('2008-09-18', '#__content', 4, 3),
('2008-09-18', '#__content', 51, 1),
('2008-09-19', '#__content', 4, 1),
('2008-09-22', '#__content', 41, 1),
('2008-09-22', '#__content', 4, 2),
('2008-09-22', '#__content', 50, 1),
('2008-09-22', '#__content', 51, 1),
('2008-09-22', '#__content', 52, 1),
('2008-09-22', '#__content', 53, 2),
('2008-09-22', '#__content', 42, 1),
('2008-09-22', '#__content', 49, 2),
('2008-09-23', '#__content', 52, 3),
('2008-09-23', '#__content', 41, 1),
('2008-09-23', '#__content', 4, 1),
('2008-09-23', '#__content', 51, 1),
('2008-09-24', '#__content', 41, 1),
('2008-09-24', '#__content', 4, 1),
('2008-09-24', '#__content', 50, 1),
('2008-09-24', '#__content', 52, 1),
('2008-09-25', '#__content', 4, 1),
('2008-09-26', '#__content', 50, 2),
('2008-09-26', '#__content', 4, 1),
('2008-09-26', '#__content', 53, 1),
('2008-09-26', '#__content', 52, 1),
('2008-09-26', '#__content', 51, 1),
('2008-09-27', '#__content', 41, 2),
('2008-09-27', '#__content', 53, 1),
('2008-09-27', '#__content', 51, 1),
('2008-09-27', '#__content', 4, 5),
('2008-09-27', '#__content', 52, 1),
('2008-10-02', '#__content', 4, 2),
('2008-10-04', '#__content', 4, 1),
('2008-10-08', '#__content', 4, 2),
('2008-10-08', '#__content', 50, 1),
('2008-10-08', '#__content', 51, 1),
('2008-10-08', '#__content', 52, 1),
('2008-10-08', '#__content', 53, 1),
('2008-10-14', '#__content', 4, 1),
('2008-10-14', '#__content', 41, 1),
('2008-10-14', '#__content', 50, 3),
('2008-10-14', '#__content', 52, 1),
('2008-10-17', '#__content', 4, 5),
('2008-10-17', '#__content', 52, 3),
('2008-10-17', '#__content', 51, 3),
('2008-10-17', '#__content', 50, 2),
('2008-10-17', '#__content', 41, 4),
('2008-10-17', '#__content', 42, 2),
('2008-10-17', '#__content', 39, 2),
('2008-10-17', '#__content', 49, 2),
('2008-10-17', '#__content', 53, 1),
('2008-10-18', '#__content', 4, 1),
('2008-10-20', '#__content', 41, 1),
('2008-10-20', '#__content', 42, 1),
('2008-10-20', '#__content', 39, 1),
('2008-10-20', '#__content', 49, 1),
('2008-10-20', '#__content', 4, 1),
('2008-10-20', '#__content', 50, 1),
('2008-10-20', '#__content', 51, 1),
('2008-10-20', '#__content', 52, 1),
('2008-10-20', '#__content', 53, 1),
('2008-10-21', '#__content', 4, 1),
('2008-10-23', '#__content', 41, 10),
('2008-10-23', '#__content', 4, 10),
('2008-10-23', '#__content', 50, 2),
('2008-10-23', '#__content', 51, 2),
('2008-10-23', '#__content', 52, 2),
('2008-10-23', '#__content', 53, 2),
('2008-10-23', '#__content', 39, 1),
('2008-10-23', '#__content', 42, 2),
('2008-10-24', '#__content', 41, 1),
('2008-10-24', '#__content', 4, 1),
('2008-10-27', '#__content', 4, 2),
('2008-10-27', '#__content', 52, 1),
('2008-10-28', '#__content', 4, 1),
('2008-10-29', '#__content', 41, 2),
('2008-10-29', '#__content', 4, 2),
('2008-10-29', '#__content', 53, 1),
('2008-10-29', '#__content', 42, 1),
('2008-10-30', '#__content', 41, 1),
('2008-10-30', '#__content', 42, 1),
('2008-10-30', '#__content', 39, 2),
('2008-10-30', '#__content', 49, 1),
('2008-10-30', '#__content', 4, 1),
('2008-10-31', '#__content', 41, 4),
('2008-10-31', '#__content', 52, 2),
('2008-10-31', '#__content', 4, 2),
('2008-10-31', '#__content', 42, 3),
('2008-10-31', '#__content', 39, 3),
('2008-10-31', '#__content', 49, 3),
('2008-10-31', '#__content', 50, 1),
('2008-10-31', '#__content', 51, 1),
('2008-11-01', '#__content', 4, 2),
('2008-11-03', '#__content', 4, 1),
('2008-11-07', '#__content', 4, 1),
('2008-11-10', '#__content', 4, 2),
('2008-11-11', '#__content', 4, 2),
('2008-11-12', '#__content', 4, 2),
('2008-11-13', '#__content', 4, 2),
('2008-11-16', '#__content', 41, 1),
('2008-11-16', '#__content', 42, 1),
('2008-11-16', '#__content', 39, 3),
('2008-11-16', '#__content', 52, 1),
('2008-11-16', '#__content', 4, 2),
('2008-11-26', '#__content', 41, 2),
('2008-11-26', '#__content', 4, 2),
('2008-11-26', '#__content', 42, 1),
('2008-11-26', '#__content', 39, 1),
('2008-11-27', '#__content', 4, 1),
('2008-12-01', '#__content', 41, 1),
('2008-12-01', '#__content', 4, 1),
('2008-12-01', '#__content', 52, 1),
('2008-12-02', '#__content', 42, 1),
('2008-12-02', '#__content', 4, 3),
('2008-12-02', '#__content', 50, 1),
('2008-12-02', '#__content', 41, 1),
('2008-12-02', '#__content', 39, 1),
('2008-12-03', '#__content', 41, 2),
('2008-12-03', '#__content', 4, 1),
('2008-12-03', '#__content', 50, 1),
('2008-12-08', '#__content', 4, 1),
('2008-12-08', '#__content', 50, 1),
('2008-12-08', '#__content', 51, 1),
('2008-12-08', '#__content', 52, 1),
('2008-12-08', '#__content', 53, 1),
('2008-12-08', '#__content', 41, 1),
('2008-12-08', '#__content', 49, 1),
('2008-12-09', '#__content', 52, 2),
('2008-12-09', '#__content', 50, 2),
('2008-12-09', '#__content', 51, 1),
('2008-12-09', '#__content', 53, 1),
('2008-12-10', '#__content', 4, 5),
('2008-12-10', '#__content', 50, 2),
('2008-12-10', '#__content', 52, 1),
('2008-12-10', '#__content', 51, 1),
('2008-12-10', '#__content', 53, 1),
('2008-12-10', '#__content', 41, 1),
('2008-12-10', '#__content', 42, 1),
('2008-12-11', '#__content', 49, 1),
('2008-12-12', '#__content', 50, 1),
('2008-12-12', '#__content', 51, 1),
('2008-12-12', '#__content', 52, 1),
('2008-12-12', '#__content', 53, 1),
('2008-12-13', '#__content', 41, 1),
('2008-12-13', '#__content', 52, 1),
('2008-12-15', '#__content', 4, 1),
('2008-12-15', '#__content', 49, 1),
('2008-12-18', '#__content', 41, 3),
('2008-12-18', '#__content', 4, 4),
('2008-12-18', '#__content', 51, 1),
('2008-12-23', '#__content', 4, 5),
('2008-12-23', '#__content', 41, 1),
('2008-12-23', '#__content', 50, 1),
('2008-12-23', '#__content', 51, 1),
('2008-12-23', '#__content', 52, 1),
('2008-12-23', '#__content', 53, 1),
('2009-01-02', '#__content', 4, 2),
('2009-01-02', '#__content', 41, 1),
('2009-01-02', '#__content', 49, 1),
('2009-01-02', '#__content', 51, 1),
('2009-01-02', '#__content', 52, 3),
('2009-01-02', '#__content', 50, 1),
('2009-01-02', '#__content', 53, 1),
('2009-01-04', '#__content', 52, 1),
('2009-01-05', '#__content', 4, 1),
('2009-01-08', '#__content', 50, 1),
('2009-01-08', '#__content', 51, 1),
('2009-01-08', '#__content', 52, 1),
('2009-01-08', '#__content', 53, 1),
('2009-01-08', '#__content', 49, 1),
('2009-01-09', '#__content', 50, 2),
('2009-01-09', '#__content', 51, 2),
('2009-01-09', '#__content', 52, 2),
('2009-01-09', '#__content', 53, 1),
('2009-01-09', '#__content', 4, 2),
('2009-01-13', '#__content', 4, 1),
('2009-01-13', '#__content', 52, 1),
('2009-01-14', '#__content', 4, 8),
('2009-01-14', '#__content', 41, 3),
('2009-01-14', '#__content', 42, 1),
('2009-01-14', '#__content', 39, 1),
('2009-01-14', '#__content', 49, 1),
('2009-01-14', '#__content', 50, 3),
('2009-01-14', '#__content', 51, 3),
('2009-01-14', '#__content', 52, 7),
('2009-01-14', '#__content', 53, 4),
('2009-01-15', '#__content', 4, 1),
('2009-01-16', '#__content', 53, 4),
('2009-01-17', '#__content', 4, 1),
('2009-01-18', '#__content', 4, 2),
('2009-01-19', '#__content', 42, 1),
('2009-01-19', '#__content', 41, 1),
('2009-01-19', '#__content', 4, 1),
('2009-01-19', '#__content', 51, 1),
('2009-01-19', '#__content', 52, 1),
('2009-01-19', '#__content', 50, 1),
('2009-01-21', '#__content', 4, 1),
('2009-01-21', '#__content', 51, 1),
('2009-01-22', '#__content', 50, 1),
('2009-01-23', '#__content', 52, 3),
('2009-01-23', '#__content', 4, 1),
('2009-01-23', '#__content', 51, 1),
('2009-01-23', '#__content', 49, 1),
('2009-01-23', '#__content', 42, 1),
('2009-01-25', '#__content', 41, 3),
('2009-01-25', '#__content', 42, 1),
('2009-01-25', '#__content', 39, 1),
('2009-01-25', '#__content', 4, 2),
('2009-01-25', '#__content', 50, 1),
('2009-01-25', '#__content', 51, 1),
('2009-01-25', '#__content', 52, 1),
('2009-01-25', '#__content', 53, 1),
('2009-01-26', '#__content', 52, 1),
('2009-01-26', '#__content', 41, 1),
('2009-01-27', '#__content', 42, 1),
('2009-01-28', '#__content', 4, 2),
('2009-01-28', '#__content', 50, 1),
('2009-01-28', '#__content', 52, 1),
('2009-01-28', '#__content', 53, 2),
('2009-01-28', '#__content', 42, 1),
('2009-01-30', '#__content', 42, 1),
('2009-02-05', '#__content', 41, 1),
('2009-02-05', '#__content', 42, 1),
('2009-02-05', '#__content', 39, 1),
('2009-02-05', '#__content', 49, 1),
('2009-02-05', '#__content', 4, 1),
('2009-02-05', '#__content', 50, 1),
('2009-02-05', '#__content', 51, 1),
('2009-02-05', '#__content', 52, 1),
('2009-02-05', '#__content', 53, 1),
('2009-02-10', '#__content', 41, 8),
('2009-02-10', '#__content', 4, 8),
('2009-02-10', '#__content', 42, 3),
('2009-02-10', '#__content', 49, 2),
('2009-02-10', '#__content', 39, 2),
('2009-02-10', '#__content', 51, 1);

-- --------------------------------------------------------

-- 
-- Table structure for table `jos_core_log_searches`
-- 

CREATE TABLE `jos_core_log_searches` (
  `search_term` varchar(128) NOT NULL default '',
  `hits` int(11) unsigned NOT NULL default '0'
) ENGINE=MyISAM DEFAULT CHARSET=latin1;

-- 
-- Dumping data for table `jos_core_log_searches`
-- 


-- --------------------------------------------------------

-- 
-- Table structure for table `jos_groups`
-- 

CREATE TABLE `jos_groups` (
  `id` tinyint(3) unsigned NOT NULL default '0',
  `name` varchar(50) NOT NULL default '',
  PRIMARY KEY  (`id`)
) ENGINE=MyISAM DEFAULT CHARSET=latin1;

-- 
-- Dumping data for table `jos_groups`
-- 

INSERT INTO `jos_groups` (`id`, `name`) VALUES (0, 'Public'),
(1, 'Registered'),
(2, 'Special');

-- --------------------------------------------------------

-- 
-- Table structure for table `jos_mambots`
-- 

CREATE TABLE `jos_mambots` (
  `id` int(11) NOT NULL auto_increment,
  `name` varchar(100) NOT NULL default '',
  `element` varchar(100) NOT NULL default '',
  `folder` varchar(100) NOT NULL default '',
  `access` tinyint(3) unsigned NOT NULL default '0',
  `ordering` int(11) NOT NULL default '0',
  `published` tinyint(3) NOT NULL default '0',
  `iscore` tinyint(3) NOT NULL default '0',
  `client_id` tinyint(3) NOT NULL default '0',
  `checked_out` int(11) unsigned NOT NULL default '0',
  `checked_out_time` datetime NOT NULL default '0000-00-00 00:00:00',
  `params` text NOT NULL,
  PRIMARY KEY  (`id`),
  KEY `idx_folder` (`published`,`client_id`,`access`,`folder`)
) ENGINE=MyISAM AUTO_INCREMENT=21 DEFAULT CHARSET=latin1 AUTO_INCREMENT=21 ;

-- 
-- Dumping data for table `jos_mambots`
-- 

INSERT INTO `jos_mambots` (`id`, `name`, `element`, `folder`, `access`, `ordering`, `published`, `iscore`, `client_id`, `checked_out`, `checked_out_time`, `params`) VALUES (1, 'MOS Image', 'mosimage', 'content', 0, -10000, 1, 1, 0, 0, '0000-00-00 00:00:00', ''),
(2, 'MOS Pagination', 'mospaging', 'content', 0, 10000, 1, 1, 0, 0, '0000-00-00 00:00:00', ''),
(3, 'Legacy Mambot Includer', 'legacybots', 'content', 0, 1, 0, 1, 0, 0, '0000-00-00 00:00:00', ''),
(4, 'SEF', 'mossef', 'content', 0, 3, 1, 0, 0, 0, '0000-00-00 00:00:00', ''),
(5, 'MOS Rating', 'mosvote', 'content', 0, 4, 1, 1, 0, 0, '0000-00-00 00:00:00', ''),
(6, 'Search Content', 'content.searchbot', 'search', 0, 1, 1, 1, 0, 0, '0000-00-00 00:00:00', ''),
(7, 'Search Weblinks', 'weblinks.searchbot', 'search', 0, 2, 1, 1, 0, 0, '0000-00-00 00:00:00', ''),
(8, 'Code support', 'moscode', 'content', 0, 2, 0, 0, 0, 0, '0000-00-00 00:00:00', ''),
(9, 'No WYSIWYG Editor', 'none', 'editors', 0, 1, 1, 1, 0, 0, '0000-00-00 00:00:00', ''),
(10, 'TinyMCE WYSIWYG Editor', 'tinymce', 'editors', 0, 2, 1, 1, 0, 0, '0000-00-00 00:00:00', 'theme=advanced'),
(11, 'MOS Image Editor Button', 'mosimage.btn', 'editors-xtd', 0, 0, 1, 0, 0, 0, '0000-00-00 00:00:00', ''),
(12, 'MOS Pagebreak Editor Button', 'mospage.btn', 'editors-xtd', 0, 0, 1, 0, 0, 0, '0000-00-00 00:00:00', ''),
(13, 'Search Contacts', 'contacts.searchbot', 'search', 0, 3, 1, 1, 0, 0, '0000-00-00 00:00:00', ''),
(14, 'Search Categories', 'categories.searchbot', 'search', 0, 4, 1, 0, 0, 0, '0000-00-00 00:00:00', ''),
(15, 'Search Sections', 'sections.searchbot', 'search', 0, 5, 1, 0, 0, 0, '0000-00-00 00:00:00', ''),
(16, 'Email Cloaking', 'mosemailcloak', 'content', 0, 5, 1, 0, 0, 0, '0000-00-00 00:00:00', ''),
(17, 'GeSHi', 'geshi', 'content', 0, 5, 0, 0, 0, 0, '0000-00-00 00:00:00', ''),
(18, 'Search Newsfeeds', 'newsfeeds.searchbot', 'search', 0, 6, 1, 0, 0, 0, '0000-00-00 00:00:00', ''),
(19, 'Load Module Positions', 'mosloadposition', 'content', 0, 6, 1, 0, 0, 0, '0000-00-00 00:00:00', ''),
(20, 'TMEdit', 'tmedit', 'editors', 0, 3, 1, 0, 0, 0, '0000-00-00 00:00:00', 'insertsmiley=0\ntableoperations=1\nenterparagraphs=1\ncontextmenu=1\ncss=1\ncsspreview=1\nlanguage=en');

-- --------------------------------------------------------

-- 
-- Table structure for table `jos_menu`
-- 

CREATE TABLE `jos_menu` (
  `id` int(11) NOT NULL auto_increment,
  `menutype` varchar(25) default NULL,
  `name` varchar(100) default NULL,
  `link` text,
  `type` varchar(50) NOT NULL default '',
  `published` tinyint(1) NOT NULL default '0',
  `parent` int(11) unsigned NOT NULL default '0',
  `componentid` int(11) unsigned NOT NULL default '0',
  `sublevel` int(11) default '0',
  `ordering` int(11) default '0',
  `checked_out` int(11) unsigned NOT NULL default '0',
  `checked_out_time` datetime NOT NULL default '0000-00-00 00:00:00',
  `pollid` int(11) NOT NULL default '0',
  `browserNav` tinyint(4) default '0',
  `access` tinyint(3) unsigned NOT NULL default '0',
  `utaccess` tinyint(3) unsigned NOT NULL default '0',
  `params` text NOT NULL,
  PRIMARY KEY  (`id`),
  KEY `componentid` (`componentid`,`menutype`,`published`,`access`),
  KEY `menutype` (`menutype`)
) ENGINE=MyISAM AUTO_INCREMENT=38 DEFAULT CHARSET=latin1 AUTO_INCREMENT=38 ;

-- 
-- Dumping data for table `jos_menu`
-- 

INSERT INTO `jos_menu` (`id`, `menutype`, `name`, `link`, `type`, `published`, `parent`, `componentid`, `sublevel`, `ordering`, `checked_out`, `checked_out_time`, `pollid`, `browserNav`, `access`, `utaccess`, `params`) VALUES (1, 'mainmenu', 'Home', 'index.php?option=com_frontpage', 'components', 1, 0, 10, 0, 5, 0, '0000-00-00 00:00:00', 0, 0, 0, 3, 'menu_image=-1\npageclass_sfx=\nheader=\npage_title=0\nback_button=0\nleading=1\nintro=1\ncolumns=1\nlink=0\norderby_pri=\norderby_sec=front\npagination=2\npagination_results=0\nimage=1\nsection=0\nsection_link=0\ncategory=0\ncategory_link=0\nitem_title=0\nlink_titles=0\nreadmore=0\nrating=0\nauthor=0\ncreatedate=0\nmodifydate=0\npdf=0\nprint=0\nemail=0\nunpublished=0'),
(2, 'mainmenu', 'Solicitudes', 'index.php?option=com_waticketsystem', 'components', 1, 0, 19, 0, 6, 0, '0000-00-00 00:00:00', 0, 0, 0, 0, ''),
(3, 'topmenu', 'Servicios', 'index.php?option=com_content&task=blogsection&id=3', 'content_blog_section', -2, 0, 3, 0, 0, 0, '0000-00-00 00:00:00', 0, 0, 0, 0, 'menu_image=-1\npageclass_sfx=\nback_button=\nheader=\npage_title=1\nleading=1\nintro=4\ncolumns=2\nlink=4\norderby_pri=\norderby_sec=\npagination=2\npagination_results=1\nimage=1\ndescription=0\ndescription_image=0\ncategory=0\ncategory_link=0\nitem_title=1\nlink_titles=\nreadmore=\nrating=\nauthor=\ncreatedate=\nmodifydate=\npdf=\nprint=\nemail=\nunpublished=0\nsectionid=3'),
(4, 'topmenu', 'Sonido Interno es....', 'index.php?option=com_content&task=blogsection&id=2', 'content_blog_section', -2, 0, 2, 0, 0, 0, '0000-00-00 00:00:00', 0, 0, 0, 0, 'menu_image=-1\npageclass_sfx=\nback_button=\nheader=\npage_title=1\nleading=1\nintro=4\ncolumns=2\nlink=4\norderby_pri=\norderby_sec=\npagination=2\npagination_results=1\nimage=1\ndescription=0\ndescription_image=0\ncategory=0\ncategory_link=0\nitem_title=1\nlink_titles=\nreadmore=\nrating=\nauthor=\ncreatedate=\nmodifydate=\npdf=\nprint=\nemail=\nunpublished=0\nsectionid=2'),
(5, 'topmenu', 'Clientes', 'index.php?option=com_content&task=blogsection&id=0', 'content_blog_section', -2, 0, 0, 0, 0, 0, '0000-00-00 00:00:00', 0, 0, 0, 0, 'menu_image=-1\npageclass_sfx=\nback_button=\nheader=\npage_title=1\nleading=1\nintro=4\ncolumns=2\nlink=4\norderby_pri=\norderby_sec=\npagination=2\npagination_results=1\nimage=1\ndescription=0\ndescription_image=0\ncategory=0\ncategory_link=0\nitem_title=1\nlink_titles=\nreadmore=\nrating=\nauthor=\ncreatedate=\nmodifydate=\npdf=\nprint=\nemail=\nunpublished=0\nsectionid=0'),
(6, 'mainmenu', 'Sonido Interno es...', 'index.php?option=com_content&task=blogsection&id=3', 'content_blog_section', -2, 0, 3, 0, 3, 0, '0000-00-00 00:00:00', 0, 0, 0, 0, 'menu_image=-1\npageclass_sfx=\nback_button=\nheader=\npage_title=1\nleading=1\nintro=4\ncolumns=2\nlink=4\norderby_pri=\norderby_sec=\npagination=2\npagination_results=1\nimage=1\ndescription=0\ndescription_image=0\ncategory=0\ncategory_link=0\nitem_title=1\nlink_titles=\nreadmore=\nrating=\nauthor=\ncreatedate=\nmodifydate=\npdf=\nprint=\nemail=\nunpublished=0\nsectionid=3'),
(7, 'mainmenu', 'Servicios', 'index.php?option=com_content&task=blogsection&id=2', 'content_blog_section', -2, 0, 2, 0, 2, 0, '0000-00-00 00:00:00', 0, 0, 0, 0, 'menu_image=-1\npageclass_sfx=\nback_button=\nheader=\npage_title=1\nleading=0\nintro=0\ncolumns=1\nlink=1\norderby_pri=\norderby_sec=\npagination=2\npagination_results=1\nimage=1\ndescription=0\ndescription_image=0\ncategory=0\ncategory_link=0\nitem_title=1\nlink_titles=\nreadmore=\nrating=\nauthor=\ncreatedate=\nmodifydate=\npdf=\nprint=\nemail=\nunpublished=0\nsectionid=2'),
(8, 'mainmenu', 'Música Ambiental', 'index.php?option=com_content&task=blogcategory&id=5', 'content_blog_category', -2, 7, 5, 0, 0, 0, '0000-00-00 00:00:00', 0, 0, 0, 0, 'menu_image=-1\npageclass_sfx=\nback_button=\nheader=\npage_title=1\nleading=0\nintro=0\ncolumns=1\nlink=10\norderby_pri=\norderby_sec=\npagination=2\npagination_results=1\nimage=1\ndescription=0\ndescription_image=0\ncategory=0\ncategory_link=0\nitem_title=1\nlink_titles=\nreadmore=\nrating=\nauthor=\ncreatedate=\nmodifydate=\npdf=\nprint=\nemail=\nunpublished=0\ncategoryid=5'),
(9, 'mainmenu', 'Clientes', 'index.php?option=com_content&task=blogsection&id=0', 'content_blog_section', -2, 0, 0, 0, 4, 0, '0000-00-00 00:00:00', 0, 0, 0, 0, 'menu_image=-1\npageclass_sfx=\nback_button=\nheader=\npage_title=1\nleading=1\nintro=4\ncolumns=2\nlink=4\norderby_pri=\norderby_sec=\npagination=2\npagination_results=1\nimage=1\ndescription=0\ndescription_image=0\ncategory=0\ncategory_link=0\nitem_title=1\nlink_titles=\nreadmore=\nrating=\nauthor=\ncreatedate=\nmodifydate=\npdf=\nprint=\nemail=\nunpublished=0\nsectionid=0'),
(10, 'mainmenu', 'Clientes', 'index.php?option=com_content&task=view&id=38', 'content_typed', 1, 0, 38, 0, 7, 0, '0000-00-00 00:00:00', 0, 0, 0, 0, 'menu_image=-1\nunique_itemid=0'),
(11, 'mainmenu', 'Almacenes de Cadena', 'index.php?option=com_content&task=blogcategory&id=1', 'content_blog_category', -2, 10, 1, 0, 1, 0, '0000-00-00 00:00:00', 0, 0, 0, 0, 'menu_image=-1\npageclass_sfx=\nback_button=\nheader=\npage_title=0\nleading=0\nintro=0\ncolumns=1\nlink=4\norderby_pri=\norderby_sec=\npagination=2\npagination_results=1\nimage=1\ndescription=0\ndescription_image=0\ncategory=0\ncategory_link=0\nitem_title=1\nlink_titles=\nreadmore=\nrating=\nauthor=\ncreatedate=\nmodifydate=\npdf=\nprint=\nemail=\nunpublished=0\ncategoryid=1'),
(12, 'mainmenu', 'Centros Comerciales', 'index.php?option=com_content&task=blogcategory&id=2', 'content_blog_category', -2, 10, 2, 0, 2, 0, '0000-00-00 00:00:00', 0, 0, 0, 0, 'menu_image=-1\npageclass_sfx=\nback_button=\nheader=\npage_title=0\nleading=0\nintro=0\ncolumns=1\nlink=10\norderby_pri=\norderby_sec=\npagination=2\npagination_results=1\nimage=1\ndescription=0\ndescription_image=0\ncategory=0\ncategory_link=0\nitem_title=1\nlink_titles=\nreadmore=\nrating=\nauthor=\ncreatedate=\nmodifydate=\npdf=\nprint=\nemail=\nunpublished=0\ncategoryid=2'),
(13, 'mainmenu', 'Restaurantes', 'index.php?option=com_content&task=blogcategory&id=3', 'content_blog_category', -2, 10, 3, 0, 3, 0, '0000-00-00 00:00:00', 0, 0, 0, 0, 'menu_image=-1\npageclass_sfx=\nback_button=\nheader=\npage_title=1\nleading=0\nintro=0\ncolumns=1\nlink=10\norderby_pri=\norderby_sec=\npagination=2\npagination_results=1\nimage=1\ndescription=0\ndescription_image=0\ncategory=0\ncategory_link=0\nitem_title=1\nlink_titles=\nreadmore=\nrating=\nauthor=\ncreatedate=\nmodifydate=\npdf=\nprint=\nemail=\nunpublished=0\ncategoryid=3'),
(14, 'mainmenu', 'Instalaciones de Sonido', 'index.php?option=com_content&task=blogcategory&id=6', 'content_blog_category', -2, 7, 6, 0, 0, 0, '0000-00-00 00:00:00', 0, 0, 0, 0, 'menu_image=-1\npageclass_sfx=\nback_button=\nheader=\npage_title=1\nleading=0\nintro=0\ncolumns=1\nlink=10\norderby_pri=\norderby_sec=\npagination=2\npagination_results=1\nimage=1\ndescription=0\ndescription_image=0\ncategory=0\ncategory_link=0\nitem_title=1\nlink_titles=\nreadmore=\nrating=\nauthor=\ncreatedate=\nmodifydate=\npdf=\nprint=\nemail=\nunpublished=0\ncategoryid=6'),
(15, 'mainmenu', 'Producción de Cuñas', 'index.php?option=com_content&task=blogcategory&id=7', 'content_blog_category', -2, 7, 7, 0, 1, 0, '0000-00-00 00:00:00', 0, 0, 0, 0, 'menu_image=-1\npageclass_sfx=\nback_button=\nheader=\npage_title=1\nleading=0\nintro=0\ncolumns=1\nlink=10\norderby_pri=\norderby_sec=\npagination=2\npagination_results=1\nimage=1\ndescription=0\ndescription_image=0\ncategory=0\ncategory_link=0\nitem_title=1\nlink_titles=\nreadmore=\nrating=\nauthor=\ncreatedate=\nmodifydate=\npdf=\nprint=\nemail=\nunpublished=0\ncategoryid=7'),
(16, 'mainmenu', 'Sonido Interno es...', 'index.php?option=com_content&task=view&id=4', 'content_typed', 1, 0, 4, 0, 8, 0, '0000-00-00 00:00:00', 0, 0, 0, 0, 'menu_image=-1\nunique_itemid=0'),
(17, 'mainmenu', 'Producción de Cuñas', 'index.php?option=com_content&task=view&id=39', 'content_typed', -2, 7, 39, 0, 0, 0, '0000-00-00 00:00:00', 0, 0, 0, 0, 'menu_image=-1\nunique_itemid=0'),
(18, 'mainmenu', 'Servicios', 'index.php?option=com_content&task=view&id=40', 'content_typed', 1, 0, 40, 0, 9, 0, '0000-00-00 00:00:00', 0, 0, 0, 0, 'menu_image=-1\nunique_itemid=0'),
(19, 'mainmenu', 'Música Ambiental', 'index.php?option=com_content&task=blogcategory&id=5', 'content_blog_category', -2, 18, 5, 0, 2, 0, '0000-00-00 00:00:00', 0, 0, 0, 0, 'menu_image=-1\npageclass_sfx=\nback_button=\nheader=\npage_title=1\nleading=0\nintro=0\ncolumns=1\nlink=10\norderby_pri=\norderby_sec=\npagination=2\npagination_results=1\nimage=1\ndescription=0\ndescription_image=0\ncategory=0\ncategory_link=0\nitem_title=1\nlink_titles=\nreadmore=\nrating=\nauthor=\ncreatedate=\nmodifydate=\npdf=\nprint=\nemail=\nunpublished=0\ncategoryid=5'),
(20, 'mainmenu', 'Instalaciones de Sonido', 'index.php?option=com_content&task=blogcategory&id=6', 'content_blog_category', -2, 18, 6, 0, 3, 0, '0000-00-00 00:00:00', 0, 0, 0, 0, 'menu_image=-1\npageclass_sfx=\nback_button=\nheader=\npage_title=1\nleading=0\nintro=0\ncolumns=1\nlink=10\norderby_pri=\norderby_sec=\npagination=2\npagination_results=1\nimage=1\ndescription=0\ndescription_image=0\ncategory=0\ncategory_link=0\nitem_title=1\nlink_titles=\nreadmore=\nrating=\nauthor=\ncreatedate=\nmodifydate=\npdf=\nprint=\nemail=\nunpublished=0\ncategoryid=6'),
(22, 'mainmenu', 'Instalaciones de Sonido', 'index.php?option=com_content&task=view&id=42', 'content_typed', 1, 18, 42, 0, 5, 0, '0000-00-00 00:00:00', 0, 0, 0, 0, 'menu_image=-1\nunique_itemid=0'),
(21, 'mainmenu', 'Música Ambiental', 'index.php?option=com_content&task=view&id=41', 'content_typed', 1, 18, 41, 0, 4, 0, '0000-00-00 00:00:00', 0, 0, 0, 0, 'menu_image=-1\nunique_itemid=0'),
(23, 'mainmenu', 'Producción de Cuñas', 'index.php?option=com_content&task=view&id=39', 'content_typed', 1, 18, 39, 0, 6, 0, '0000-00-00 00:00:00', 0, 0, 0, 0, 'menu_image=-1\nunique_itemid=0'),
(24, 'mainmenu', 'Contacto', 'index.php?option=com_content&task=view&id=43', 'content_typed', 0, 16, 43, 0, 1, 0, '0000-00-00 00:00:00', 0, 0, 0, 0, 'menu_image=-1\nunique_itemid=0'),
(25, 'mainmenu', 'Otros', 'index.php?option=com_content&task=blogcategory&id=12', 'content_blog_category', -2, 10, 12, 0, 5, 0, '0000-00-00 00:00:00', 0, 0, 0, 0, 'menu_image=-1\npageclass_sfx=\nback_button=\nheader=\npage_title=1\nleading=0\nintro=0\ncolumns=1\nlink=10\norderby_pri=\norderby_sec=\npagination=2\npagination_results=1\nimage=1\ndescription=0\ndescription_image=0\ncategory=0\ncategory_link=0\nitem_title=1\nlink_titles=\nreadmore=\nrating=\nauthor=\ncreatedate=\nmodifydate=\npdf=\nprint=\nemail=\nunpublished=0\ncategoryid=12'),
(26, 'mainmenu', 'Eventos2', 'index.php?option=com_content&task=blogcategory&id=12', 'content_blog_category', 0, 18, 12, 0, 8, 0, '0000-00-00 00:00:00', 0, 0, 0, 0, 'menu_image=-1\npageclass_sfx=\nback_button=\nheader=\npage_title=1\nleading=0\nintro=0\ncolumns=1\nlink=10\norderby_pri=\norderby_sec=\npagination=2\npagination_results=1\nimage=1\ndescription=0\ndescription_image=0\ncategory=0\ncategory_link=0\nitem_title=1\nlink_titles=\nreadmore=\nrating=\nauthor=\ncreatedate=\nmodifydate=\npdf=\nprint=\nemail=\nunpublished=0\ncategoryid=12'),
(27, 'mainmenu', 'Otros', 'index.php?option=com_content&task=blogcategory&id=15', 'content_blog_category', -2, 10, 15, 0, 4, 0, '0000-00-00 00:00:00', 0, 0, 0, 0, 'menu_image=-1\npageclass_sfx=\nback_button=\nheader=\npage_title=1\nleading=1\nintro=4\ncolumns=2\nlink=4\norderby_pri=\norderby_sec=\npagination=2\npagination_results=1\nimage=1\ndescription=0\ndescription_image=0\ncategory=0\ncategory_link=0\nitem_title=1\nlink_titles=\nreadmore=\nrating=\nauthor=\ncreatedate=\nmodifydate=\npdf=\nprint=\nemail=\nunpublished=0\ncategoryid=15'),
(28, 'usermenu', 'Solicitudes', 'index.php?option=com_waticketsystem', 'components', -2, 0, 19, 0, 0, 0, '0000-00-00 00:00:00', 0, 0, 0, 0, ''),
(29, 'mainmenu', 'Eventos', 'index.php?option=com_content&task=view&id=49', 'content_typed', 1, 18, 49, 0, 7, 0, '0000-00-00 00:00:00', 0, 0, 0, 0, 'menu_image=-1\nunique_itemid=0'),
(30, 'mainmenu', 'Eventos', 'index.php?option=com_content&task=blogcategory&id=12', 'content_blog_category', -2, 18, 12, 0, 1, 0, '0000-00-00 00:00:00', 0, 0, 0, 0, 'menu_image=-1\npageclass_sfx=\nback_button=\nheader=\npage_title=1\nleading=0\nintro=0\ncolumns=1\nlink=10\norderby_pri=\norderby_sec=\npagination=2\npagination_results=1\nimage=1\ndescription=0\ndescription_image=0\ncategory=0\ncategory_link=0\nitem_title=1\nlink_titles=\nreadmore=\nrating=\nauthor=\ncreatedate=\nmodifydate=\npdf=\nprint=\nemail=\nunpublished=0\ncategoryid=12'),
(31, 'mainmenu', 'Contáctenos', 'index.php?option=com_contact&task=view&contact_id=3', 'contact_item_link', 1, 0, 3, 0, 10, 0, '0000-00-00 00:00:00', 0, 0, 0, 0, 'menu_image=-1\npageclass_sfx=\npage_title=0\nheader=\nbannedEmail=\nbannedSubject=\nbannedText=\nsession=1'),
(32, 'mainmenu', 'Almacenes de Cadena', 'index.php?option=com_content&task=view&id=17', 'content_item_link', -2, 0, 17, 0, 1, 0, '0000-00-00 00:00:00', 0, 0, 0, 0, 'menu_image=-1\nunique_itemid=0'),
(33, 'mainmenu', 'Almacenes de Cadena', 'index.php?option=com_content&task=view&id=50', 'content_typed', -2, 0, 50, 0, 0, 0, '0000-00-00 00:00:00', 0, 0, 0, 0, 'menu_image=-1\nunique_itemid=0'),
(34, 'mainmenu', 'Almacenes de Cadena', 'index.php?option=com_content&task=view&id=50', 'content_typed', 1, 10, 50, 0, 6, 0, '0000-00-00 00:00:00', 0, 0, 0, 0, 'menu_image=-1\nunique_itemid=1'),
(35, 'mainmenu', 'Centros Comerciales', 'index.php?option=com_content&task=view&id=51', 'content_typed', 1, 10, 51, 0, 7, 0, '0000-00-00 00:00:00', 0, 0, 0, 0, 'menu_image=-1\nunique_itemid=1'),
(36, 'mainmenu', 'Restaurantes', 'index.php?option=com_content&task=view&id=52', 'content_typed', 1, 10, 52, 0, 8, 0, '0000-00-00 00:00:00', 0, 0, 0, 0, 'menu_image=-1\nunique_itemid=1'),
(37, 'mainmenu', 'Otros', 'index.php?option=com_content&task=view&id=53', 'content_typed', 1, 10, 53, 0, 9, 0, '0000-00-00 00:00:00', 0, 0, 0, 0, 'menu_image=-1\nunique_itemid=1');

-- --------------------------------------------------------

-- 
-- Table structure for table `jos_messages`
-- 

CREATE TABLE `jos_messages` (
  `message_id` int(10) unsigned NOT NULL auto_increment,
  `user_id_from` int(10) unsigned NOT NULL default '0',
  `user_id_to` int(10) unsigned NOT NULL default '0',
  `folder_id` int(10) unsigned NOT NULL default '0',
  `date_time` datetime NOT NULL default '0000-00-00 00:00:00',
  `state` int(11) NOT NULL default '0',
  `priority` int(1) unsigned NOT NULL default '0',
  `subject` varchar(230) NOT NULL default '',
  `message` text NOT NULL,
  PRIMARY KEY  (`message_id`)
) ENGINE=MyISAM DEFAULT CHARSET=latin1 AUTO_INCREMENT=1 ;

-- 
-- Dumping data for table `jos_messages`
-- 


-- --------------------------------------------------------

-- 
-- Table structure for table `jos_messages_cfg`
-- 

CREATE TABLE `jos_messages_cfg` (
  `user_id` int(10) unsigned NOT NULL default '0',
  `cfg_name` varchar(100) NOT NULL default '',
  `cfg_value` varchar(255) NOT NULL default '',
  UNIQUE KEY `idx_user_var_name` (`user_id`,`cfg_name`)
) ENGINE=MyISAM DEFAULT CHARSET=latin1;

-- 
-- Dumping data for table `jos_messages_cfg`
-- 


-- --------------------------------------------------------

-- 
-- Table structure for table `jos_modules`
-- 

CREATE TABLE `jos_modules` (
  `id` int(11) NOT NULL auto_increment,
  `title` text NOT NULL,
  `content` text NOT NULL,
  `ordering` int(11) NOT NULL default '0',
  `position` varchar(10) default NULL,
  `checked_out` int(11) unsigned NOT NULL default '0',
  `checked_out_time` datetime NOT NULL default '0000-00-00 00:00:00',
  `published` tinyint(1) NOT NULL default '0',
  `module` varchar(50) default NULL,
  `numnews` int(11) NOT NULL default '0',
  `access` tinyint(3) unsigned NOT NULL default '0',
  `showtitle` tinyint(3) unsigned NOT NULL default '1',
  `params` text NOT NULL,
  `iscore` tinyint(4) NOT NULL default '0',
  `client_id` tinyint(4) NOT NULL default '0',
  PRIMARY KEY  (`id`),
  KEY `published` (`published`,`access`),
  KEY `newsfeeds` (`module`,`published`)
) ENGINE=MyISAM AUTO_INCREMENT=35 DEFAULT CHARSET=latin1 AUTO_INCREMENT=35 ;

-- 
-- Dumping data for table `jos_modules`
-- 

INSERT INTO `jos_modules` (`id`, `title`, `content`, `ordering`, `position`, `checked_out`, `checked_out_time`, `published`, `module`, `numnews`, `access`, `showtitle`, `params`, `iscore`, `client_id`) VALUES (1, 'Polls', '', 1, 'right', 0, '0000-00-00 00:00:00', 0, 'mod_poll', 0, 0, 1, '', 0, 0),
(2, 'User Menu', '', 2, 'left', 0, '0000-00-00 00:00:00', 0, 'mod_mainmenu', 0, 1, 1, 'menutype=usermenu', 1, 0),
(3, 'Main Menu', '', 1, 'left', 0, '0000-00-00 00:00:00', 0, 'mod_mainmenu', 0, 0, 1, 'menutype=mainmenu', 1, 0),
(4, 'Ingreso clientes', '', 4, 'left', 0, '0000-00-00 00:00:00', 1, 'mod_login', 0, 0, 1, 'moduleclass_sfx=\npretext=\nposttext=\nlogin=index.php?option=com_waticketsystem\nlogout=\nlogin_message=0\nlogout_message=0\ngreeting=0\nname=1', 1, 0),
(5, 'Syndicate', '', 5, 'left', 0, '0000-00-00 00:00:00', 0, 'mod_rssfeed', 0, 0, 1, '', 1, 0),
(6, 'Latest News', '', 2, 'user1', 0, '0000-00-00 00:00:00', 0, 'mod_latestnews', 0, 0, 1, '', 1, 0),
(7, 'Statistics', '', 6, 'left', 0, '0000-00-00 00:00:00', 0, 'mod_stats', 0, 0, 1, 'serverinfo=1\nsiteinfo=1\ncounter=1\nincrease=0\nmoduleclass_sfx=', 0, 0),
(8, 'Who''s Online', '', 1, 'right', 0, '0000-00-00 00:00:00', 0, 'mod_whosonline', 0, 0, 1, 'online=1\nusers=1\nmoduleclass_sfx=', 0, 0),
(9, 'Popular', '', 6, 'user2', 0, '0000-00-00 00:00:00', 0, 'mod_mostread', 0, 0, 1, '', 0, 0),
(10, 'Template Chooser', '', 7, 'left', 0, '0000-00-00 00:00:00', 0, 'mod_templatechooser', 0, 0, 1, 'show_preview=1', 0, 0),
(11, 'Archive', '', 8, 'left', 0, '0000-00-00 00:00:00', 0, 'mod_archive', 0, 0, 1, '', 1, 0),
(12, 'Sections', '', 9, 'left', 0, '0000-00-00 00:00:00', 0, 'mod_sections', 0, 0, 1, '', 1, 0),
(13, 'Newsflash', '', 1, 'top', 0, '0000-00-00 00:00:00', 0, 'mod_newsflash', 0, 0, 1, 'catid=3\r\nstyle=random\r\nitems=\r\nmoduleclass_sfx=', 0, 0),
(14, 'Related Items', '', 10, 'left', 0, '0000-00-00 00:00:00', 0, 'mod_related_items', 0, 0, 1, '', 0, 0),
(15, 'Search', '', 1, 'user4', 0, '0000-00-00 00:00:00', 0, 'mod_search', 0, 0, 0, '', 0, 0),
(16, 'Random Image', '', 9, 'right', 0, '0000-00-00 00:00:00', 0, 'mod_random_image', 0, 0, 1, '', 0, 0),
(17, 'Top Menu', '', 1, 'user3', 0, '0000-00-00 00:00:00', 0, 'mod_mainmenu', 0, 0, 0, 'menutype=topmenu\nmenu_style=list_flat\nmenu_images=n\nmenu_images_align=left\nexpand_menu=n\nclass_sfx=-nav\nmoduleclass_sfx=\nindent_image1=0\nindent_image2=0\nindent_image3=0\nindent_image4=0\nindent_image5=0\nindent_image6=0', 1, 0),
(18, 'Banners', '', 1, 'banner', 0, '0000-00-00 00:00:00', 0, 'mod_banners', 0, 0, 0, 'banner_cids=\nmoduleclass_sfx=\n', 1, 0),
(19, 'Components', '', 2, 'cpanel', 0, '0000-00-00 00:00:00', 1, 'mod_components', 0, 99, 1, '', 1, 1),
(20, 'Popular', '', 3, 'cpanel', 0, '0000-00-00 00:00:00', 1, 'mod_popular', 0, 99, 1, '', 0, 1),
(21, 'Latest Items', '', 4, 'cpanel', 0, '0000-00-00 00:00:00', 1, 'mod_latest', 0, 99, 1, '', 0, 1),
(22, 'Menu Stats', '', 5, 'cpanel', 0, '0000-00-00 00:00:00', 1, 'mod_stats', 0, 99, 1, '', 0, 1),
(23, 'Unread Messages', '', 1, 'header', 0, '0000-00-00 00:00:00', 1, 'mod_unread', 0, 99, 1, '', 1, 1),
(24, 'Online Users', '', 2, 'header', 0, '0000-00-00 00:00:00', 1, 'mod_online', 0, 99, 1, '', 1, 1),
(25, 'Full Menu', '', 1, 'top', 0, '0000-00-00 00:00:00', 1, 'mod_fullmenu', 0, 99, 1, '', 1, 1),
(26, 'Pathway', '', 1, 'pathway', 0, '0000-00-00 00:00:00', 1, 'mod_pathway', 0, 99, 1, '', 1, 1),
(27, 'Toolbar', '', 1, 'toolbar', 0, '0000-00-00 00:00:00', 1, 'mod_toolbar', 0, 99, 1, '', 1, 1),
(28, 'System Message', '', 1, 'inset', 0, '0000-00-00 00:00:00', 1, 'mod_mosmsg', 0, 99, 1, '', 1, 1),
(29, 'Quick Icons', '', 1, 'icon', 0, '0000-00-00 00:00:00', 1, 'mod_quickicon', 0, 99, 1, '', 1, 1),
(30, 'Other Menu', '', 3, 'left', 0, '0000-00-00 00:00:00', 0, 'mod_mainmenu', 0, 0, 0, 'menutype=othermenu\nmenu_style=vert_indent\ncache=0\nmenu_images=0\nmenu_images_align=0\nexpand_menu=0\nclass_sfx=\nmoduleclass_sfx=\nindent_image=0\nindent_image1=\nindent_image2=\nindent_image3=\nindent_image4=\nindent_image5=\nindent_image6=', 0, 0),
(31, 'Wrapper', '', 11, 'left', 0, '0000-00-00 00:00:00', 0, 'mod_wrapper', 0, 0, 1, '', 0, 0),
(32, 'Logged', '', 0, 'cpanel', 0, '0000-00-00 00:00:00', 1, 'mod_logged', 0, 99, 1, '', 0, 1),
(34, 'Inicio', 'Prueba Inicio', 1, 'user1', 0, '0000-00-00 00:00:00', 1, '', 0, 0, 0, 'moduleclass_sfx=modWelcome\ncache=0\nfirebots=1\nrssurl=\nrsstitle=1\nrssdesc=1\nrssimage=1\nrssitems=3\nrssitemdesc=1\nword_count=0\nrsscache=3600', 0, 0);

-- --------------------------------------------------------

-- 
-- Table structure for table `jos_modules_menu`
-- 

CREATE TABLE `jos_modules_menu` (
  `moduleid` int(11) NOT NULL default '0',
  `menuid` int(11) NOT NULL default '0',
  PRIMARY KEY  (`moduleid`,`menuid`)
) ENGINE=MyISAM DEFAULT CHARSET=latin1;

-- 
-- Dumping data for table `jos_modules_menu`
-- 

INSERT INTO `jos_modules_menu` (`moduleid`, `menuid`) VALUES (1, 1),
(2, 0),
(3, 0),
(4, 1),
(4, 2),
(4, 10),
(4, 16),
(4, 31),
(4, 34),
(4, 35),
(4, 36),
(4, 37),
(5, 1),
(6, 1),
(6, 2),
(6, 4),
(6, 27),
(6, 36),
(8, 1),
(9, 1),
(9, 2),
(9, 4),
(9, 27),
(9, 36),
(10, 1),
(13, 0),
(15, 0),
(17, 0),
(18, 0),
(30, 0),
(34, 0);

-- --------------------------------------------------------

-- 
-- Table structure for table `jos_newsfeeds`
-- 

CREATE TABLE `jos_newsfeeds` (
  `catid` int(11) NOT NULL default '0',
  `id` int(11) NOT NULL auto_increment,
  `name` text NOT NULL,
  `link` text NOT NULL,
  `filename` varchar(200) default NULL,
  `published` tinyint(1) NOT NULL default '0',
  `numarticles` int(11) unsigned NOT NULL default '1',
  `cache_time` int(11) unsigned NOT NULL default '3600',
  `checked_out` tinyint(3) unsigned NOT NULL default '0',
  `checked_out_time` datetime NOT NULL default '0000-00-00 00:00:00',
  `ordering` int(11) NOT NULL default '0',
  PRIMARY KEY  (`id`),
  KEY `published` (`published`)
) ENGINE=MyISAM DEFAULT CHARSET=latin1 AUTO_INCREMENT=1 ;

-- 
-- Dumping data for table `jos_newsfeeds`
-- 


-- --------------------------------------------------------

-- 
-- Table structure for table `jos_poll_data`
-- 

CREATE TABLE `jos_poll_data` (
  `id` int(11) NOT NULL auto_increment,
  `pollid` int(4) NOT NULL default '0',
  `text` text NOT NULL,
  `hits` int(11) NOT NULL default '0',
  PRIMARY KEY  (`id`),
  KEY `pollid` (`pollid`,`text`(1))
) ENGINE=MyISAM DEFAULT CHARSET=latin1 AUTO_INCREMENT=1 ;

-- 
-- Dumping data for table `jos_poll_data`
-- 


-- --------------------------------------------------------

-- 
-- Table structure for table `jos_poll_date`
-- 

CREATE TABLE `jos_poll_date` (
  `id` bigint(20) NOT NULL auto_increment,
  `date` datetime NOT NULL default '0000-00-00 00:00:00',
  `vote_id` int(11) NOT NULL default '0',
  `poll_id` int(11) NOT NULL default '0',
  PRIMARY KEY  (`id`),
  KEY `poll_id` (`poll_id`)
) ENGINE=MyISAM DEFAULT CHARSET=latin1 AUTO_INCREMENT=1 ;

-- 
-- Dumping data for table `jos_poll_date`
-- 


-- --------------------------------------------------------

-- 
-- Table structure for table `jos_poll_menu`
-- 

CREATE TABLE `jos_poll_menu` (
  `pollid` int(11) NOT NULL default '0',
  `menuid` int(11) NOT NULL default '0',
  PRIMARY KEY  (`pollid`,`menuid`)
) ENGINE=MyISAM DEFAULT CHARSET=latin1;

-- 
-- Dumping data for table `jos_poll_menu`
-- 


-- --------------------------------------------------------

-- 
-- Table structure for table `jos_polls`
-- 

CREATE TABLE `jos_polls` (
  `id` int(11) unsigned NOT NULL auto_increment,
  `title` varchar(100) NOT NULL default '',
  `voters` int(9) NOT NULL default '0',
  `checked_out` int(11) NOT NULL default '0',
  `checked_out_time` datetime NOT NULL default '0000-00-00 00:00:00',
  `published` tinyint(1) NOT NULL default '0',
  `access` int(11) NOT NULL default '0',
  `lag` int(11) NOT NULL default '0',
  PRIMARY KEY  (`id`)
) ENGINE=MyISAM DEFAULT CHARSET=latin1 AUTO_INCREMENT=1 ;

-- 
-- Dumping data for table `jos_polls`
-- 


-- --------------------------------------------------------

-- 
-- Table structure for table `jos_sections`
-- 

CREATE TABLE `jos_sections` (
  `id` int(11) NOT NULL auto_increment,
  `title` varchar(50) NOT NULL default '',
  `name` varchar(255) NOT NULL default '',
  `image` varchar(100) NOT NULL default '',
  `scope` varchar(50) NOT NULL default '',
  `image_position` varchar(10) NOT NULL default '',
  `description` text NOT NULL,
  `published` tinyint(1) NOT NULL default '0',
  `checked_out` int(11) unsigned NOT NULL default '0',
  `checked_out_time` datetime NOT NULL default '0000-00-00 00:00:00',
  `ordering` int(11) NOT NULL default '0',
  `access` tinyint(3) unsigned NOT NULL default '0',
  `count` int(11) NOT NULL default '0',
  `params` text NOT NULL,
  PRIMARY KEY  (`id`),
  KEY `idx_scope` (`scope`)
) ENGINE=MyISAM AUTO_INCREMENT=6 DEFAULT CHARSET=latin1 AUTO_INCREMENT=6 ;

-- 
-- Dumping data for table `jos_sections`
-- 

INSERT INTO `jos_sections` (`id`, `title`, `name`, `image`, `scope`, `image_position`, `description`, `published`, `checked_out`, `checked_out_time`, `ordering`, `access`, `count`, `params`) VALUES (1, 'Clientes', 'Clientes', '', 'content', 'left', '', 1, 0, '0000-00-00 00:00:00', 5, 0, 4, 'imagefolders=*1*'),
(2, 'Servicios', 'Servicios', '', 'content', 'left', '', 1, 0, '0000-00-00 00:00:00', 4, 0, 4, 'imagefolders=*1*'),
(3, 'Sonido Interno es....', 'Sonido Interno es....', '', 'content', 'left', '<div align="justify">SONIDO INTERNO ES:</div><div align="justify"><ul><li>Una empresa que se encarga de armonizar la estad&iacute;a de las personas en cualquier lugar del pa&iacute;s.</li><li>Una empresa que ofrece unos nuevos m&eacute;todos para trabajar placida y c&oacute;modamente.</li><li>Una empresa que tiene mucha experiencia en la administraci&oacute;n de diferentes equipos de sonido y la log&iacute;stica de nuevos eventos.</li></ul></div>', 1, 0, '0000-00-00 00:00:00', 3, 0, 3, 'imagefolders=*1*'),
(4, 'Eventos', 'Eventos', '', 'content', 'left', '', 1, 0, '0000-00-00 00:00:00', 2, 0, 4, 'imagefolders=*1*'),
(5, 'Otros', 'Otros', '', 'content', 'left', '', 1, 0, '0000-00-00 00:00:00', 1, 0, 1, 'imagefolders=*1*');

-- --------------------------------------------------------

-- 
-- Table structure for table `jos_stats_agents`
-- 

CREATE TABLE `jos_stats_agents` (
  `agent` varchar(255) NOT NULL default '',
  `type` tinyint(1) unsigned NOT NULL default '0',
  `hits` int(11) unsigned NOT NULL default '1'
) ENGINE=MyISAM DEFAULT CHARSET=latin1;

-- 
-- Dumping data for table `jos_stats_agents`
-- 

INSERT INTO `jos_stats_agents` (`agent`, `type`, `hits`) VALUES ('Mozilla Firefox 2.0.0.11', 0, 42),
('Windows XP', 1, 1731),
('co', 2, 307),
('MS Internet Explorer 7.0', 0, 628),
('Windows Longhorn', 1, 161),
('Unknown', 2, 1571),
('MS Internet Explorer 6.0', 0, 124),
('Mozilla Firefox 2.0.0.12', 0, 22),
('Mozilla Firefox 2.0.0.9', 0, 1),
('Mac OS X', 1, 18),
('com', 2, 261),
('Mozilla Firefox 2.0.0.13', 0, 17),
('Safari 523.12.2', 0, 1),
('Safari 525.13', 0, 7),
('MS Internet Explorer 5.5', 0, 4),
('Opera 9.27', 0, 1),
('Mozilla Firefox 2.0.0.14', 0, 244),
('Safari 525.13.3', 0, 1),
('Mozilla Firefox 2.0.0.6', 0, 1),
('Mozilla Firefox 2.0', 0, 3),
('Unknown', 0, 146),
('Unknown', 1, 329),
('Mozilla 5.0', 0, 181),
('Windows 2003', 1, 26),
('sc', 2, 36),
('Safari 525.17', 0, 5),
('es', 2, 10),
('Mozilla Firefox 1.5.0.7', 0, 4),
('Linux', 1, 48),
('Netscape 6.01', 0, 1),
('Windows 98', 1, 4),
('uy', 2, 2),
('MS Internet Explorer 3.0', 0, 3),
('net', 2, 95),
('Mozilla Firefox 1.0', 0, 6),
('Mozilla Firefox 1.0.7', 0, 27),
('Windows 2000', 1, 4),
('gbl', 2, 2),
('Mozilla Firefox 3.0', 0, 62),
('Safari 525.20', 0, 1),
('ar', 2, 3),
('Mozilla Firefox 2.0.0.15', 0, 82),
('gt', 2, 1),
('ru', 2, 4),
('Safari 523.10', 0, 1),
('Mozilla Firefox 2.0.0.16', 0, 108),
('Mozilla Firefox 2.0.0.4', 0, 1),
('Mozilla Firefox 3.0.1', 0, 177),
('in', 2, 2),
('pl', 2, 3),
('lb', 2, 3),
('ee', 2, 4),
('org', 2, 1),
('Safari 525.20.1', 0, 4),
('Wget 1.10.2', 0, 1),
('cn', 2, 1),
('au', 2, 1),
('ua', 2, 2),
('Mozilla Firefox 3.0.2', 0, 6),
('ca', 2, 1),
('ec', 2, 6),
('de', 2, 1),
('mx', 2, 1),
('Mozilla Firefox 3.0.3', 0, 130),
('Mozilla Firefox 2.0.0.17', 0, 2),
('fi', 2, 1),
('Mozilla Firefox 3.0.4', 0, 91),
('Netscape 5.0', 0, 3),
('Safari 525.27.1', 0, 3),
('Mozilla Firefox', 0, 1),
('Mozilla Firefox 2.0.0.18', 0, 2),
('MS Internet Explorer 8.0', 0, 6),
('Mozilla Firefox 3.0.5', 0, 151),
('Mozilla Firefox 1.5.0.1', 0, 4),
('Mozilla Firefox 2.0.0.20', 0, 2),
('info', 2, 2),
('Mozilla 4.0', 0, 3),
('Mozilla Firefox 3.0.6', 0, 11);

-- --------------------------------------------------------

-- 
-- Table structure for table `jos_template_positions`
-- 

CREATE TABLE `jos_template_positions` (
  `id` int(11) NOT NULL auto_increment,
  `position` varchar(10) NOT NULL default '',
  `description` varchar(255) NOT NULL default '',
  PRIMARY KEY  (`id`)
) ENGINE=MyISAM AUTO_INCREMENT=28 DEFAULT CHARSET=latin1 AUTO_INCREMENT=28 ;

-- 
-- Dumping data for table `jos_template_positions`
-- 

INSERT INTO `jos_template_positions` (`id`, `position`, `description`) VALUES (1, 'left', ''),
(2, 'right', ''),
(3, 'top', ''),
(4, 'bottom', ''),
(5, 'inset', ''),
(6, 'banner', ''),
(7, 'header', ''),
(8, 'footer', ''),
(9, 'newsflash', ''),
(10, 'legals', ''),
(11, 'pathway', ''),
(12, 'toolbar', ''),
(13, 'cpanel', ''),
(14, 'user1', ''),
(15, 'user2', ''),
(16, 'user3', ''),
(17, 'user4', ''),
(18, 'user5', ''),
(19, 'user6', ''),
(20, 'user7', ''),
(21, 'user8', ''),
(22, 'user9', ''),
(23, 'advert1', ''),
(24, 'advert2', ''),
(25, 'advert3', ''),
(26, 'icon', ''),
(27, 'debug', '');

-- --------------------------------------------------------

-- 
-- Table structure for table `jos_templates_menu`
-- 

CREATE TABLE `jos_templates_menu` (
  `template` varchar(50) NOT NULL default '',
  `menuid` int(11) NOT NULL default '0',
  `client_id` tinyint(4) NOT NULL default '0',
  PRIMARY KEY  (`template`,`menuid`)
) ENGINE=MyISAM DEFAULT CHARSET=latin1;

-- 
-- Dumping data for table `jos_templates_menu`
-- 

INSERT INTO `jos_templates_menu` (`template`, `menuid`, `client_id`) VALUES ('madeyourweb', 0, 0),
('joomla_admin', 0, 1);

-- --------------------------------------------------------

-- 
-- Table structure for table `jos_usertypes`
-- 

CREATE TABLE `jos_usertypes` (
  `id` tinyint(3) unsigned NOT NULL default '0',
  `name` varchar(50) NOT NULL default '',
  `mask` varchar(11) NOT NULL default '',
  PRIMARY KEY  (`id`)
) ENGINE=MyISAM DEFAULT CHARSET=latin1;

-- 
-- Dumping data for table `jos_usertypes`
-- 

INSERT INTO `jos_usertypes` (`id`, `name`, `mask`) VALUES (0, 'superadministrator', ''),
(1, 'administrator', ''),
(2, 'editor', ''),
(3, 'user', ''),
(4, 'author', ''),
(5, 'publisher', ''),
(6, 'manager', '');

-- --------------------------------------------------------

-- 
-- Table structure for table `jos_wats_category`
-- 

CREATE TABLE `jos_wats_category` (
  `catid` int(11) NOT NULL auto_increment,
  `name` varchar(50) NOT NULL default '',
  `description` varchar(255) default NULL,
  `image` varchar(255) default NULL,
  PRIMARY KEY  (`catid`),
  UNIQUE KEY `name` (`name`)
) ENGINE=MyISAM AUTO_INCREMENT=5 DEFAULT CHARSET=latin1 AUTO_INCREMENT=5 ;

-- 
-- Dumping data for table `jos_wats_category`
-- 

INSERT INTO `jos_wats_category` (`catid`, `name`, `description`, `image`) VALUES (1, 'Mensajes', '', ''),
(2, 'Cambios Programación', 'Mensajes para solicitud de cambios en la programación', ''),
(3, 'Falla decodificadores', 'Reporte de daños, fallas, y similares en los equipos y decodificadores', ''),
(4, 'Otros', 'Categoría no contemplada', '');

-- --------------------------------------------------------

-- 
-- Table structure for table `jos_wats_groups`
-- 

CREATE TABLE `jos_wats_groups` (
  `grpid` int(10) unsigned NOT NULL auto_increment,
  `name` varchar(50) NOT NULL default '',
  `image` varchar(255) default NULL,
  `userrites` varchar(4) NOT NULL default '----',
  PRIMARY KEY  (`grpid`)
) ENGINE=MyISAM AUTO_INCREMENT=4 DEFAULT CHARSET=latin1 AUTO_INCREMENT=4 ;

-- 
-- Dumping data for table `jos_wats_groups`
-- 

INSERT INTO `jos_wats_groups` (`grpid`, `name`, `image`, `userrites`) VALUES (1, 'user', 'components/com_waticketsystem/images/mdn_userSmall.jpg', '----'),
(2, 'advisor', 'components/com_waticketsystem/images/mdn_userSmallGreen.jpg', '----'),
(3, 'administrator', 'components/com_waticketsystem/images/mdn_userSmallRed.jpg', 'VMED');

-- --------------------------------------------------------

-- 
-- Table structure for table `jos_wats_highlight`
-- 

CREATE TABLE `jos_wats_highlight` (
  `watsid` int(11) NOT NULL default '0',
  `ticketid` int(11) NOT NULL default '0',
  `datetime` timestamp NOT NULL default CURRENT_TIMESTAMP on update CURRENT_TIMESTAMP,
  PRIMARY KEY  (`watsid`,`ticketid`)
) ENGINE=MyISAM DEFAULT CHARSET=latin1;

-- 
-- Dumping data for table `jos_wats_highlight`
-- 

INSERT INTO `jos_wats_highlight` (`watsid`, `ticketid`, `datetime`) VALUES (63, 52, '2009-01-15 14:39:18'),
(63, 66, '2009-01-26 14:51:20'),
(62, 66, '2009-01-23 17:36:49'),
(77, 66, '2009-01-23 10:57:00'),
(63, 67, '2009-01-26 22:03:40'),
(69, 67, '2009-01-26 22:48:42'),
(62, 3, '2008-01-21 17:57:20'),
(63, 3, '2008-07-03 18:40:14'),
(77, 55, '2009-01-15 12:11:54'),
(77, 54, '2009-01-15 11:54:07'),
(77, 53, '2009-01-15 11:52:26'),
(62, 58, '2009-01-15 13:53:05'),
(76, 59, '2009-01-30 19:10:23'),
(63, 65, '2009-01-26 14:53:17'),
(69, 65, '2009-01-23 23:45:49'),
(63, 64, '2009-01-23 21:10:42'),
(63, 54, '2009-01-15 14:40:12'),
(63, 63, '2009-01-26 14:52:24'),
(73, 64, '2009-01-22 14:41:33'),
(77, 52, '2009-01-15 11:51:39'),
(63, 51, '2009-01-13 18:38:49'),
(77, 51, '2009-01-13 18:38:33'),
(63, 50, '2009-01-13 18:14:52'),
(63, 49, '2008-12-30 15:52:03'),
(76, 49, '2009-01-26 21:58:53'),
(76, 48, '2008-12-16 22:47:13'),
(62, 11, '2008-01-24 14:37:14'),
(73, 63, '2009-01-22 14:37:36'),
(63, 60, '2009-01-26 14:52:51'),
(62, 17, '2008-06-05 18:34:56'),
(63, 61, '2009-01-26 16:19:32'),
(73, 62, '2009-01-26 22:49:31'),
(63, 11, '2008-07-03 18:39:27'),
(63, 62, '2009-01-26 15:01:37'),
(73, 60, '2009-01-26 22:28:54'),
(71, 46, '2009-01-26 22:17:07'),
(63, 59, '2009-01-28 22:10:10'),
(63, 46, '2009-01-26 16:20:40'),
(63, 47, '2008-12-15 21:02:24'),
(71, 45, '2008-12-15 21:00:19'),
(63, 41, '2008-12-11 17:56:34'),
(63, 17, '2008-07-03 18:23:26'),
(62, 20, '2008-06-05 18:36:14'),
(73, 47, '2009-01-22 14:43:45'),
(63, 20, '2008-07-03 18:23:01'),
(63, 21, '2008-07-03 18:23:51'),
(63, 45, '2009-02-09 16:38:18'),
(63, 44, '2008-12-15 20:50:32'),
(63, 43, '2008-12-15 20:45:11'),
(63, 40, '2008-12-11 17:56:52'),
(63, 42, '2008-12-11 17:57:10'),
(77, 56, '2009-01-15 13:00:38'),
(63, 27, '2008-07-03 18:21:15'),
(63, 26, '2008-07-03 18:21:43'),
(76, 43, '2008-12-12 16:59:02'),
(73, 44, '2008-12-15 20:50:12'),
(73, 45, '2008-12-15 21:00:07'),
(73, 46, '2009-01-22 09:08:43'),
(73, 61, '2009-01-29 22:34:35'),
(77, 58, '2009-01-15 13:11:31'),
(63, 29, '2008-07-09 00:25:52'),
(77, 42, '2008-12-11 17:30:28'),
(77, 41, '2008-12-11 17:30:41'),
(77, 40, '2008-12-11 16:57:05'),
(63, 30, '2008-07-07 20:47:56'),
(63, 31, '2008-07-07 20:48:05'),
(63, 32, '2008-07-07 20:47:12'),
(62, 33, '2008-07-08 18:12:23'),
(62, 34, '2008-07-08 18:13:23'),
(69, 29, '2008-07-09 00:26:12'),
(63, 38, '2008-11-14 14:12:33'),
(63, 35, '2008-07-09 00:29:50'),
(77, 57, '2009-01-15 13:05:04'),
(63, 36, '2008-07-15 17:52:57'),
(63, 39, '2008-12-10 05:43:03'),
(63, 37, '2008-08-28 18:41:01'),
(76, 68, '2009-01-26 22:06:05'),
(63, 68, '2009-01-26 22:05:11'),
(73, 69, '2009-02-05 15:03:07'),
(73, 70, '2009-02-05 15:10:04'),
(77, 71, '2009-01-30 17:35:00'),
(62, 71, '2009-01-30 17:14:15'),
(63, 70, '2009-02-09 16:36:25'),
(63, 69, '2009-02-04 18:03:15'),
(77, 72, '2009-01-30 17:08:32'),
(63, 71, '2009-01-30 19:03:33'),
(63, 72, '2009-01-30 16:31:16'),
(73, 73, '2009-02-05 15:05:18'),
(73, 74, '2009-02-05 15:11:50'),
(63, 74, '2009-02-05 20:23:00'),
(63, 73, '2009-02-05 19:11:23');

-- --------------------------------------------------------

-- 
-- Table structure for table `jos_wats_msg`
-- 

CREATE TABLE `jos_wats_msg` (
  `msgid` int(11) NOT NULL auto_increment,
  `ticketid` int(11) NOT NULL default '0',
  `watsid` int(11) NOT NULL default '0',
  `msg` text NOT NULL,
  `datetime` timestamp NOT NULL default CURRENT_TIMESTAMP on update CURRENT_TIMESTAMP,
  `attachment` tinytext,
  PRIMARY KEY  (`msgid`)
) ENGINE=MyISAM AUTO_INCREMENT=180 DEFAULT CHARSET=latin1 AUTO_INCREMENT=180 ;

-- 
-- Dumping data for table `jos_wats_msg`
-- 

INSERT INTO `jos_wats_msg` (`msgid`, `ticketid`, `watsid`, `msg`, `datetime`, `attachment`) VALUES (147, 59, 76, 'Buenas tardes y feliz año para todos. Les comparto que en la franja de la mañana y parte de la tarde, estoy escuchando una Música demasiado pasiva, es como Música de los 50s. Es posible que revisemos quépasa o si podemos colocar algo más dinámico. Quedo pendiente.', '2009-01-16 21:23:10', '59-'),
(5, 3, 62, 'Favor poner chill out en las mañanas', '2008-01-21 17:29:43', 'archivo.txt'),
(124, 47, 63, 'Con mucho gusto en el transcurso de la tarde estrán en el correo', '2008-12-15 21:02:23', NULL),
(125, 46, 63, 'Con el cambio de musica navideña adjuntaremos este mensaje.', '2008-12-15 21:03:15', NULL),
(127, 49, 76, 'Hola<br />\r\n<br />\r\nNo tenemos sonido en el centro comercial. Desde el cambio de CPU tenemos problemas con el encendido..su pronta ayuda. Gracias', '2008-12-24 17:02:40', '49-'),
(19, 3, 63, 'fdghkjlh{', '2008-01-15 16:21:02', NULL),
(129, 49, 63, 'Ya se cambio el equipo el día de ayer al medio día y se dejo en perfectas condiciones', '2008-12-30 15:52:02', NULL),
(29, 11, 62, 'Hola Mundo', '2008-01-24 09:55:53', '11-Links de Referencia.txt'),
(30, 11, 62, 'Para responder a sus inquietudes: <br />\r\n<br />\r\n - Ingrese a nuestra página Web.<br />\r\n - Consulte todos nuestros Productos y Servicios.', '2008-01-24 11:08:32', NULL),
(31, 11, 62, 'Una vez consultados llámenos.', '2008-01-24 11:32:05', NULL),
(32, 11, 62, 'La página está en mantenimiento', '2008-01-24 12:12:36', NULL),
(33, 11, 62, 'Me interesa', '2008-01-24 12:31:38', NULL),
(42, 11, 63, 'dsg', '2008-02-25 11:50:35', NULL),
(123, 47, 73, 'Favor enviar a la siguiente dirección de correo electrónico fer_barco@hotmail.com todos los mensajes genericos que estan programados actualmente en los almacenes<br />\r\n<br />\r\nFernando Barco', '2008-12-15 20:59:21', '47-'),
(122, 45, 63, 'Con mucho gusto, el día Miercoles estará lista la Música en todos los almacenes.', '2008-12-15 20:56:21', NULL),
(121, 46, 73, 'Favor programar la Cuña adjunta en el sistema de mensajes para todos los almacenes <br />\r\nEsta deberá sonar desde hoy hasta el 31 de diciembre <br />\r\n<br />\r\nFernando Barco', '2008-12-15 20:55:38', '46-Seq-CENA SIETE.mp3'),
(120, 45, 73, 'Favor programar para todos los almacenes musica navideña, villancicos en versiones modernas.<br />\r\n<br />\r\nFernando Barco', '2008-12-15 20:53:49', '45-'),
(128, 49, 63, 'En las horas de la tarde del 24 estuvo el señor Edgardo Cañas realizando la supervisión y el equipo se encontraba en perfectas condiciones. El día de hoy volvimos por que vamos a reemplazar la cpu para descartar proximas fallas.', '2008-12-29 17:07:37', NULL),
(94, 11, 63, 'ok', '2008-07-03 18:39:26', NULL),
(96, 3, 63, 'ok', '2008-07-03 18:40:13', NULL),
(148, 59, 63, 'Hola Tatiana un feliz año para ti también. Las franjas que en estos momentos tenemos en el centro comercial son las mismas que teníamos en Diciembre sin la Música de Navidad. Si las quieres cambiar con mucho gusto lo hacemos solo dime por cuales.', '2009-01-16 21:42:00', NULL),
(149, 59, 63, 'Estuve revisando las franjas y creo que depronto puede ser el Jazz Clasico donde evidentemente la mayoria de las canciones son de esa época si quieres que suprimamos este género con mucho gusto lo hacemos.', '2009-01-16 21:59:25', NULL),
(150, 60, 73, 'Favor programar el siguiente mensaje desde este fin de semana hasta el día 28 de febrero proximamente estaremos haciendo llegar unos mensajes para programar en el sistema.', '2009-01-22 15:12:51', '60-BBVA Panamericana 30''''.mp3'),
(151, 61, 73, 'Adjuto el nuevo jingle de Panamericana el cual se debe usar para todos los mensajes de la compañia, de igual forma se deben volver a grabar todos los mensajes genericos con este nuevo jingle.', '2009-01-22 15:23:08', '61-jingles Finales.zip'),
(152, 62, 73, 'Adjunto archivo con mensajes genreicos para grabar en el sistema de sonido interno y programar de forma permanente hasta nuevo aviso.', '2009-01-22 15:38:52', '62-Cuñas genericas.doc'),
(153, 60, 63, 'Ok Fernando con mucho gusto pero no tengo en esta solicitud adjunto el mensaje. Voy a revisar el resto.', '2009-01-22 20:14:44', NULL),
(154, 61, 63, 'Perfecto Fernando en esta labor nos alcanzamos a deorar un poco mas por que tenemos que grabar todo nuevamente, pero a penas los tengamos listos haremos el montaje. Reenvía archivo por que no nos llego.', '2009-01-22 20:17:23', NULL),
(175, 71, 77, 'Sí lo es, muchas gracias', '2009-01-30 17:14:48', NULL),
(159, 59, 63, 'Con mucho gusto el día de mañana estará el señor Edgardo Cañas haciendo la eliminación de la Carpeta Jazz Clásico ', '2009-01-26 21:39:43', NULL),
(160, 67, 69, 'Digite aquí su solicitud...para probar si se peude responder', '2009-01-26 21:41:42', '67-'),
(161, 67, 63, 'aqui estoy respondiendo la solicitud<br />\r\n', '2009-01-26 21:42:29', NULL),
(162, 67, 69, 'aca pongo la respuesta', '2009-01-26 21:42:52', NULL),
(174, 71, 62, 'Tal vez esta es mejor?', '2009-01-30 17:14:14', NULL),
(173, 71, 77, 'Es respuesta no me sirve.', '2009-01-30 17:13:45', NULL),
(165, 69, 73, 'favor programar el siguiente mensaje en bogota: Panamericana<br />\r\nte invita este sábado 7 de febrero<br />\r\na la JORNADA de AUTÓGRAFOS <br />\r\ncon DOCTOR KrápULA<br />\r\nen Panamericana Autopista Norte<br />\r\nMundo escolar Panamericana<br />\r\nSin Límites!<br />\r\nVigencia 30 de enero a 7 de febrero', '2009-01-29 22:37:16', '69-'),
(166, 70, 73, 'Buenos días <br />\r\n<br />\r\nfavor programar dentro del sonido interno musica de los siguientes grupos: Jerau, Krápula y Silvestre Dandgon los cuales seran los artistas de nuestro próximo concierto para colegios.<br />\r\nVigencia 30 de enero a marzo 31', '2009-01-29 22:45:12', '70-'),
(167, 71, 77, 'Lokokoasn.', '2009-01-30 16:15:11', '71-'),
(168, 71, 62, 'Respuesta a su solicitud.', '2009-01-30 16:19:20', NULL),
(169, 70, 63, 'Perfecto Fernando empezaremos a realizar la modificación de la Música para este evento cuando hayamos terminado te lo comentare.', '2009-01-30 16:28:38', NULL),
(170, 72, 77, 'asf', '2009-01-30 16:29:39', '72-'),
(171, 69, 63, 'Correcto esta mensajes estará al aire el día Lunes 2 de Febrero al finalizar la tarde.', '2009-01-30 16:30:24', NULL),
(172, 72, 63, 'Estoy respondiendo la solicitud', '2009-01-30 16:31:15', NULL),
(176, 73, 73, 'favor programar el siguiente mensaje en bogota: Panamericana<br />\r\nte invita este viernes 6 de febrero<br />\r\na la JORNADA de AUTÓGRAFOS <br />\r\ncon JERAU<br />\r\nen Panamericana Metropolis de 6 a 7 de la noche <br />\r\nMundo escolar Panamericana<br />\r\nSin Límites!<br />\r\nVigencia 5 y 6 de febrero', '2009-02-05 15:05:18', '73-'),
(177, 74, 73, 'Favor programar el siguiente mensaje para este sábado y domingo:<br />\r\nEn Panamericana estte sábado y domingo aprovecha el 15% de descuento en todos los cuadernos grapados <br />\r\nMundo escolar Panamericana sin límites.<br />\r\n<br />\r\nVigencia 7 y 8 de febrero', '2009-02-05 15:11:49', '74-'),
(178, 73, 63, 'Ok Fernando con mucho gusto grabamos y montamos para estos dos dias.', '2009-02-05 19:11:22', NULL),
(179, 74, 63, 'Con Mucho Fernando. Realizaremos esta transmisición con fecha de terminación Sabado 7 en la mañana.', '2009-02-05 19:17:07', NULL);

-- --------------------------------------------------------

-- 
-- Table structure for table `jos_wats_permissions`
-- 

CREATE TABLE `jos_wats_permissions` (
  `grpid` int(11) NOT NULL default '0',
  `catid` int(11) default '0',
  `type` varchar(8) NOT NULL default '',
  KEY `grpid` (`grpid`,`catid`)
) ENGINE=MyISAM DEFAULT CHARSET=latin1;

-- 
-- Dumping data for table `jos_wats_permissions`
-- 

INSERT INTO `jos_wats_permissions` (`grpid`, `catid`, `type`) VALUES (1, 1, 'vmrc---O'),
(2, 1, 'vmRc--aO'),
(3, 1, 'VmRCDPAO'),
(3, 2, 'VmRCDPAO'),
(2, 2, 'vmRc--aO'),
(1, 2, 'vmrc---O'),
(3, 3, 'VmRCDPAO'),
(2, 3, 'vmRc--aO'),
(1, 3, 'vmrc---O'),
(3, 4, 'VmRCDPAO'),
(2, 4, 'vmRc--aO'),
(1, 4, 'vmrc---O');

-- --------------------------------------------------------

-- 
-- Table structure for table `jos_wats_settings`
-- 

CREATE TABLE `jos_wats_settings` (
  `name` varchar(255) NOT NULL default '',
  `value` varchar(255) default NULL,
  PRIMARY KEY  (`name`)
) ENGINE=MyISAM DEFAULT CHARSET=latin1;

-- 
-- Dumping data for table `jos_wats_settings`
-- 

INSERT INTO `jos_wats_settings` (`name`, `value`) VALUES ('iconset', 'mdn_'),
('notifyemail', ''),
('highlight', 'NUEVO'),
('notifyusers', '0'),
('enhighlight', '1'),
('ticketsfront', '20'),
('ticketssub', '5'),
('sourceemail', ''),
('msgbox', 'none'),
('lang', 'spanish.php'),
('name', 'Sistema de Solicitudes - Sonido Interno'),
('newpostmsg', 'Tiene una nueva solicitud:'),
('newpostmsg1', 'Tiene una nueva solicitud:'),
('newpostmsg2', ''),
('newpostmsg3', ''),
('users', '1'),
('agree', '0'),
('agreei', ''),
('agreelw', 'Debe aceptar los siguientes términos para usar este sistema'),
('agreen', 'Acuerdo'),
('agreela', 'If you have read the terms please continue'),
('agreeb', 'Continuar'),
('view', 'a'),
('msgboxh', '10'),
('msgboxw', '58'),
('msgboxt', '1'),
('dorganisation', 'Digite la organización'),
('copyright', 'Sonido Interno'),
('date', 'j-M-Y (h:i)'),
('defaultmsg', 'Digite aquí su solicitud'),
('dateshort', 'j-M-Y'),
('assignname', 'Assigned Tickets'),
('assigndescription', 'Tickets assigned to you to answer'),
('assignimage', ''),
('versionmajor', '2'),
('versionminor', '0'),
('versionpatch', '7'),
('css', 'enable'),
('versionname', 'stable'),
('upgrade', '0'),
('userdefault', '1'),
('usersimport', '0'),
('debug', '0'),
('debugmessage', 'Continuar &gt;&gt;');

-- --------------------------------------------------------

-- 
-- Table structure for table `jos_wats_ticket`
-- 

CREATE TABLE `jos_wats_ticket` (
  `watsid` int(11) NOT NULL default '0',
  `ticketid` int(11) NOT NULL auto_increment,
  `ticketname` varchar(25) NOT NULL default '',
  `lifecycle` tinyint(1) NOT NULL default '0',
  `datetime` timestamp NOT NULL default CURRENT_TIMESTAMP on update CURRENT_TIMESTAMP,
  `category` int(11) NOT NULL default '0',
  `assign` int(11) default NULL,
  PRIMARY KEY  (`ticketid`)
) ENGINE=MyISAM AUTO_INCREMENT=75 DEFAULT CHARSET=latin1 AUTO_INCREMENT=75 ;

-- 
-- Dumping data for table `jos_wats_ticket`
-- 

INSERT INTO `jos_wats_ticket` (`watsid`, `ticketid`, `ticketname`, `lifecycle`, `datetime`, `category`, `assign`) VALUES (62, 3, 'Cambio de Musica', 3, '2008-07-03 18:40:21', 1, 68),
(77, 71, 'Prueba', 3, '2009-01-30 20:55:38', 1, 62),
(73, 62, 'Mensajes genericos', 1, '2009-01-22 15:38:52', 1, NULL),
(62, 11, 'Solicitud de Ingreso', 3, '2008-07-03 18:39:34', 1, 68),
(73, 69, 'Firma de Krápula', 1, '2009-01-29 22:37:16', 1, NULL),
(73, 70, 'Concierto', 1, '2009-01-29 22:45:12', 2, NULL),
(73, 61, 'Jingle NUEVO PANAMERICANA', 1, '2009-01-22 15:23:08', 1, NULL),
(76, 59, 'Franjas musicales', 1, '2009-01-16 21:23:10', 2, NULL),
(73, 60, 'Cuña BBVA', 1, '2009-01-22 15:12:51', 1, NULL),
(73, 45, 'Cambio de programación', 1, '2008-12-15 20:56:33', 2, 71),
(73, 46, 'Mensaje cena navideña', 1, '2008-12-15 21:10:45', 1, 71),
(73, 47, 'Mensajes genericos', 1, '2008-12-15 20:59:21', 4, NULL),
(76, 49, 'Problemas sonido', 1, '2008-12-24 17:02:40', 4, NULL),
(73, 73, 'Firma JeraÃº', 2, '2009-02-05 13:11:22', 1, NULL),
(73, 74, 'Descuento en cuadernos', 2, '2009-02-05 13:17:07', 1, NULL);

-- --------------------------------------------------------

-- 
-- Table structure for table `jos_wats_users`
-- 

CREATE TABLE `jos_wats_users` (
  `watsid` int(11) NOT NULL default '0',
  `organisation` varchar(25) NOT NULL default '',
  `agree` tinyint(1) NOT NULL default '0',
  `grpid` int(11) NOT NULL default '0',
  `vcode` varchar(10) NOT NULL default '',
  PRIMARY KEY  (`watsid`)
) ENGINE=MyISAM DEFAULT CHARSET=latin1;

-- 
-- Dumping data for table `jos_wats_users`
-- 

INSERT INTO `jos_wats_users` (`watsid`, `organisation`, `agree`, `grpid`, `vcode`) VALUES (62, 'Organización', 0, 3, '1234'),
(63, 'Sonido Interno', 0, 3, '1234'),
(73, 'Panamericana', 0, 1, 'P200801'),
(74, 'Panamericana', 0, 1, 'P200802'),
(71, 'Sonido Interno', 0, 2, '1392'),
(69, 'Sonido Interno', 0, 2, '1234'),
(72, 'Sonido Interno', 0, 2, ''),
(75, 'Panamericana', 0, 1, 'P200803'),
(76, 'El Retiro', 0, 1, 'Re200801'),
(77, 'GFE Colombia S.A.', 0, 1, 'juju57');

-- --------------------------------------------------------

-- 
-- Table structure for table `jos_weblinks`
-- 

CREATE TABLE `jos_weblinks` (
  `id` int(11) unsigned NOT NULL auto_increment,
  `catid` int(11) NOT NULL default '0',
  `sid` int(11) NOT NULL default '0',
  `title` varchar(250) NOT NULL default '',
  `url` varchar(250) NOT NULL default '',
  `description` varchar(250) NOT NULL default '',
  `date` datetime NOT NULL default '0000-00-00 00:00:00',
  `hits` int(11) NOT NULL default '0',
  `published` tinyint(1) NOT NULL default '0',
  `checked_out` int(11) NOT NULL default '0',
  `checked_out_time` datetime NOT NULL default '0000-00-00 00:00:00',
  `ordering` int(11) NOT NULL default '0',
  `archived` tinyint(1) NOT NULL default '0',
  `approved` tinyint(1) NOT NULL default '1',
  `params` text NOT NULL,
  PRIMARY KEY  (`id`),
  KEY `catid` (`catid`,`published`,`archived`)
) ENGINE=MyISAM DEFAULT CHARSET=latin1 AUTO_INCREMENT=1 ;

-- 
-- Dumping data for table `jos_weblinks`
-- 

